{"id":8080,"date":"2019-03-17T18:39:57","date_gmt":"2019-03-17T21:39:57","guid":{"rendered":"http:\/\/mol.icb.usp.br\/?page_id=8080"},"modified":"2019-03-18T14:30:50","modified_gmt":"2019-03-18T17:30:50","slug":"19-17-aparelho-urinario","status":"publish","type":"page","link":"https:\/\/mol.icb.usp.br\/index.php\/19-17-aparelho-urinario\/","title":{"rendered":"19-17 Aparelho urin\u00e1rio"},"content":{"rendered":"<div class=\"su-row\">\n<div class=\"su-column su-column-size-1-1\"><div class=\"su-column-inner su-u-clearfix su-u-trim\"> URETER <\/div><\/div>\n<\/div>\n<div class=\"su-row\">\n<div class=\"su-column su-column-size-1-2\"><div class=\"su-column-inner su-u-clearfix su-u-trim\">\nObserve na parede do ureter:<br \/>\n&#8211; <strong>Mucosa<\/strong> representada por <strong>epit\u00e9lio de transi\u00e7\u00e3o<\/strong> e por uma delgada l\u00e2mina pr\u00f3pria de tecido conjuntivo frouxo. O epit\u00e9lio de transi\u00e7\u00e3o est\u00e1 ressaltado em cor laranja.<br \/>\nEm torno da mucosa h\u00e1 uma camada de <strong>c\u00e9lulas musculares lisas<\/strong> \u2013 ressaltadas em verde.<br \/>\nVeja <strong>tecido conjuntivo<\/strong> em torno da camada de m\u00fasculo liso.<\/p>\n<\/div><\/div>\n  <div class=\"su-column su-column-size-1-2\"><div class=\"su-column-inner su-u-clearfix su-u-trim\"> <\/p>\n<div onclick>\n<div class=\"image-container\">\n<div class=\"extra\">\n<a href=\"javascript:void(0)\"><img decoding=\"async\" src=\" http:\/\/mol.icb.usp.br\/wp-content\/uploads\/19-17.jpg \" onmouseover=\"this.src=' http:\/\/mol.icb.usp.br\/wp-content\/uploads\/19-17-MO.jpg'\" onmouseout=\"this.src=' http:\/\/mol.icb.usp.br\/wp-content\/uploads\/19-17.jpg'\" \/><\/a><\/div>\n<p>Ureter. Colora\u00e7\u00e3o: hematoxilina e eosina. Aumento m\u00e9dio.<br \/>\n<img decoding=\"async\" src=\"http:\/\/mol.icb.usp.br\/wp-content\/uploads\/mouse-1.gif\"\/><\/a><\/p>\n<div onclick=\"\"\n\n\n<\/p>\n<p><strong>Desktops e notebooks<\/strong> &#8211; Coloque o cursor sobre a imagem.<\/p>\n<p><strong>Tablets e telefones celulares &#8211; <\/strong>Clique sobre a figura para acessar outra imagem. Clique fora da figura para voltar \u00e0 primeira imagem.<\/p>\n<p><strong>NAVEGA\u00c7\u00c3O NO MOL:<\/strong><\/p>\n<p><a href=\"http:\/\/mol.icb.usp.br\/index.php\/19-16-aparelho-urinario\/\">ACESSAR P\u00c1GINA ANTERIOR<\/a><\/p>\n<p style=\"font-size: 20px;\"><strong>FIM DO M\u00d3DULO 19 &#8211; APARELHO URIN\u00c1RIO<\/strong><\/p>\n<\/div>\n<\/div>\n<\/div>\n<p><\/body><br \/>\n<\/html> <\/div><\/div>\n<\/div>\n<div class=\"su-row\">\n<div class=\"su-column su-column-size-1-1\"><div class=\"su-column-inner su-u-clearfix su-u-trim\"> URETER <\/div><\/div>\n<\/div>\n<div class=\"su-row\">\n<div class=\"su-column su-column-size-1-2\"><div class=\"su-column-inner su-u-clearfix su-u-trim\">\nObserve na parede do ureter:<br \/>\n&#8211; <strong>Mucosa<\/strong> representada por <strong>epit\u00e9lio de transi\u00e7\u00e3o<\/strong> e por uma delgada l\u00e2mina pr\u00f3pria de tecido conjuntivo frouxo. O epit\u00e9lio de transi\u00e7\u00e3o est\u00e1 ressaltado em cor laranja.<br \/>\nEm torno da mucosa h\u00e1 uma camada de <strong>c\u00e9lulas musculares lisas<\/strong> \u2013 ressaltadas em verde.<br \/>\nVeja <strong>tecido conjuntivo<\/strong> em torno da camada de m\u00fasculo liso.<\/p>\n<\/div><\/div>\n<div class=\"su-column su-column-size-1-2\"><div class=\"su-column-inner su-u-clearfix su-u-trim\">\n<div>\n<div class=\"image-container\">\n<div class=\"extra\"><a><img decoding=\"async\" src=\" http:\/\/mol.icb.usp.br\/wp-content\/uploads\/19-17.jpg \" \/><\/a><\/div>\n<p>Ureter. Colora\u00e7\u00e3o: hematoxilina e eosina. Aumento m\u00e9dio.<\/p>\n<p><img decoding=\"async\" src=\"http:\/\/mol.icb.usp.br\/wp-content\/uploads\/mouse-1.gif\" \/><\/p>\n<div>\n<p><strong>Desktops e notebooks<\/strong> &#8211; Coloque o cursor sobre a imagem.<\/p>\n<p><strong>Tablets e telefones celulares &#8211; <\/strong>Clique sobre a figura para acessar outra imagem. Clique fora da figura para voltar \u00e0 primeira imagem.<\/p>\n<p><strong>NAVEGA\u00c7\u00c3O NO MOL:<\/strong><\/p>\n<p><a href=\"http:\/\/mol.icb.usp.br\/index.php\/19-16-aparelho-urinario\/\">ACESSAR P\u00c1GINA ANTERIOR<\/a><\/p>\n<p style=\"font-size: 20px;\"><strong>FIM DO M\u00d3DULO 19 &#8211; APARELHO URIN\u00c1RIO<\/strong><\/p>\n<\/div>\n<\/div>\n<\/div>\n<\/div><\/div>\n<\/div>\n","protected":false},"excerpt":{"rendered":"","protected":false},"author":2,"featured_media":0,"parent":0,"menu_order":0,"comment_status":"closed","ping_status":"closed","template":"","meta":{"_monsterinsights_skip_tracking":false,"_monsterinsights_sitenote_active":false,"_monsterinsights_sitenote_note":"","_monsterinsights_sitenote_category":0,"footnotes":""},"class_list":["post-8080","page","type-page","status-publish","hentry"],"_links":{"self":[{"href":"https:\/\/mol.icb.usp.br\/index.php\/wp-json\/wp\/v2\/pages\/8080"}],"collection":[{"href":"https:\/\/mol.icb.usp.br\/index.php\/wp-json\/wp\/v2\/pages"}],"about":[{"href":"https:\/\/mol.icb.usp.br\/index.php\/wp-json\/wp\/v2\/types\/page"}],"author":[{"embeddable":true,"href":"https:\/\/mol.icb.usp.br\/index.php\/wp-json\/wp\/v2\/users\/2"}],"replies":[{"embeddable":true,"href":"https:\/\/mol.icb.usp.br\/index.php\/wp-json\/wp\/v2\/comments?post=8080"}],"version-history":[{"count":6,"href":"https:\/\/mol.icb.usp.br\/index.php\/wp-json\/wp\/v2\/pages\/8080\/revisions"}],"predecessor-version":[{"id":8105,"href":"https:\/\/mol.icb.usp.br\/index.php\/wp-json\/wp\/v2\/pages\/8080\/revisions\/8105"}],"wp:attachment":[{"href":"https:\/\/mol.icb.usp.br\/index.php\/wp-json\/wp\/v2\/media?parent=8080"}],"curies":[{"name":"wp","href":"https:\/\/api.w.org\/{rel}","templated":true}]}}