{"id":7807,"date":"2019-02-22T18:11:40","date_gmt":"2019-02-22T21:11:40","guid":{"rendered":"http:\/\/mol.icb.usp.br\/?page_id=7807"},"modified":"2019-05-08T11:28:37","modified_gmt":"2019-05-08T14:28:37","slug":"18-6-sistema-respiratorio","status":"publish","type":"page","link":"https:\/\/mol.icb.usp.br\/index.php\/18-6-sistema-respiratorio\/","title":{"rendered":"18-6 Sistema respirat\u00f3rio"},"content":{"rendered":"<div class=\"su-row\">\n<div class=\"su-column su-column-size-1-1\"><div class=\"su-column-inner su-u-clearfix su-u-trim\"> TRAQUEIA \u2013 1 <\/div><\/div>\n<\/div>\n<div class=\"su-row\">\n<div class=\"su-column su-column-size-1-2\"><div class=\"su-column-inner su-u-clearfix su-u-trim\">\nCorte transversal de traqueia<br \/>\nUma das caracter\u00edsticas mais relevantes da traqueia \u00e9 a exist\u00eancia em sua parede de uma s\u00e9rie de an\u00e9is superpostos de <strong>cartilagem hialina em forma de uma letra C<\/strong>.<br \/>\nA por\u00e7\u00e3o aberta destas pe\u00e7as em C est\u00e1 voltada para a regi\u00e3o dorsal do \u00f3rg\u00e3o. Veja na imagem uma destas cartilagens ressaltada em azul claro.<br \/>\nA regi\u00e3o aberta dos an\u00e9is \u00e9 &#8220;tampada&#8221; por feixes de <strong>m\u00fasculo liso<\/strong> que se ancoram nas extremidades dos an\u00e9is cartilaginosos. Observe o m\u00fasculo liso ressaltado em vermelho.<br \/>\nA parede \u00e9 internamente revestida por uma mucosa &#8211; seu epit\u00e9lio de revestimento est\u00e1 ressaltado em cor laranja.<br \/>\nNesta imagem observa-se m\u00fasculo esquel\u00e9tico \u2013 ressaltado em verde claro. Pertence \u00e0 parede do es\u00f4fago, \u00f3rg\u00e3o adjacente \u00e0 traqueia.<\/p>\n<\/div><\/div>\n  <div class=\"su-column su-column-size-1-2\"><div class=\"su-column-inner su-u-clearfix su-u-trim\"> <\/p>\n<div onclick>\n<div class=\"image-container\">\n<div class=\"extra\">\n<a href=\"javascript:void(0)\"><img decoding=\"async\" src=\" http:\/\/mol.icb.usp.br\/wp-content\/uploads\/18-6.jpg \" onmouseover=\"this.src=' http:\/\/mol.icb.usp.br\/wp-content\/uploads\/18-6-MO.jpg'\" onmouseout=\"this.src=' http:\/\/mol.icb.usp.br\/wp-content\/uploads\/18-6.jpg'\" \/><\/a><\/div>\n<p>Traqueia. Colora\u00e7\u00e3o: hematoxilina e eosina. Vista panor\u00e2mica.<\/p>\n<p><img decoding=\"async\" src=\"http:\/\/mol.icb.usp.br\/wp-content\/uploads\/mouse-1.gif\" \/><\/p>\n<div>\n<p><strong>Desktops e notebooks<\/strong> &#8211; Coloque o cursor sobre a imagem.<\/p>\n<p><strong>Tablets e telefones celulares &#8211; <\/strong>Clique sobre a figura para acessar outra imagem. Clique fora da figura para voltar \u00e0 primeira imagem.<\/p>\n<p><strong>NAVEGA\u00c7\u00c3O NO MOL:<\/strong><\/p>\n<p><a href=\"http:\/\/mol.icb.usp.br\/index.php\/18-5-sistema-respiratorio\/\">ACESSAR P\u00c1GINA ANTERIOR<\/a><\/p>\n<p><a href=\"http:\/\/mol.icb.usp.br\/index.php\/18-7-sistema-respiratorio\/\">ACESSAR P\u00c1GINA SEGUINTE<\/a><\/p>\n<\/div>\n<\/div>\n<\/div>\n<\/div><\/div>\n<\/div>\n","protected":false},"excerpt":{"rendered":"","protected":false},"author":2,"featured_media":0,"parent":0,"menu_order":0,"comment_status":"closed","ping_status":"closed","template":"","meta":{"_monsterinsights_skip_tracking":false,"_monsterinsights_sitenote_active":false,"_monsterinsights_sitenote_note":"","_monsterinsights_sitenote_category":0,"footnotes":""},"class_list":["post-7807","page","type-page","status-publish","hentry"],"_links":{"self":[{"href":"https:\/\/mol.icb.usp.br\/index.php\/wp-json\/wp\/v2\/pages\/7807"}],"collection":[{"href":"https:\/\/mol.icb.usp.br\/index.php\/wp-json\/wp\/v2\/pages"}],"about":[{"href":"https:\/\/mol.icb.usp.br\/index.php\/wp-json\/wp\/v2\/types\/page"}],"author":[{"embeddable":true,"href":"https:\/\/mol.icb.usp.br\/index.php\/wp-json\/wp\/v2\/users\/2"}],"replies":[{"embeddable":true,"href":"https:\/\/mol.icb.usp.br\/index.php\/wp-json\/wp\/v2\/comments?post=7807"}],"version-history":[{"count":4,"href":"https:\/\/mol.icb.usp.br\/index.php\/wp-json\/wp\/v2\/pages\/7807\/revisions"}],"predecessor-version":[{"id":8601,"href":"https:\/\/mol.icb.usp.br\/index.php\/wp-json\/wp\/v2\/pages\/7807\/revisions\/8601"}],"wp:attachment":[{"href":"https:\/\/mol.icb.usp.br\/index.php\/wp-json\/wp\/v2\/media?parent=7807"}],"curies":[{"name":"wp","href":"https:\/\/api.w.org\/{rel}","templated":true}]}}