{"id":6783,"date":"2018-12-23T21:23:09","date_gmt":"2018-12-23T23:23:09","guid":{"rendered":"http:\/\/mol.icb.usp.br\/?page_id=6783"},"modified":"2018-12-28T22:26:14","modified_gmt":"2018-12-29T00:26:14","slug":"14-12-glandulas-endocrinas","status":"publish","type":"page","link":"https:\/\/mol.icb.usp.br\/index.php\/14-12-glandulas-endocrinas\/","title":{"rendered":"14-12 Gl\u00e2ndulas end\u00f3crinas"},"content":{"rendered":"<div class=\"su-row\">\n  <div class=\"su-column su-column-size-1-1\"><div class=\"su-column-inner su-u-clearfix su-u-trim\"> TIREOIDE &#8211; 1<\/div><\/div>\n<\/div>\n<div class=\"su-row\">\n  <div class=\"su-column su-column-size-1-2\"><div class=\"su-column-inner su-u-clearfix su-u-trim\"> A gl\u00e2ndula tireoide \u00e9 uma <strong>gl\u00e2ndula end\u00f3crina do tipo folicular<\/strong> ao contr\u00e1rio das outras gl\u00e2ndulas end\u00f3crinas, que s\u00e3o do tipo cordonal.<br \/>\nAs c\u00e9lulas secretoras de horm\u00f4nios da tireoide (tamb\u00e9m chamadas tir\u00f3citos) constituem pequenas esferas de di\u00e2metros variados de 100 a 800 \u00b5m (0,1 a 0,8 mm) denominados <strong>fol\u00edculos tireoidianos<\/strong>.<br \/>\nAs c\u00e9lulas formam a parede dos fol\u00edculos sob forma de um <strong>epit\u00e9lio simples<\/strong> que geralmente \u00e9 c\u00fabico. No entanto, dependendo do estado de atividade do fol\u00edculo ou de situa\u00e7\u00f5es patol\u00f3gicas, o epit\u00e9lio pode variar de plano a colunar.<br \/>\nO interior do fol\u00edculo \u00e9 ocupado por uma subst\u00e2ncia secretada pelas c\u00e9lulas foliculares, denominada <strong>coloide<\/strong>.<br \/>\nA imagem mostra em pequeno aumento:<br \/>\n1 \u2013 uma pequena regi\u00e3o da tireoide (ressaltada em vermelho ap\u00f3s clicar).<br \/>\n2 \u2013 um trecho de uma gl\u00e2ndula paratireoide. Estas gl\u00e2ndulas (geralmente em n\u00famero de quatro) est\u00e3o inseridas na tireoide.<br \/>\n3 \u2013 uma veia, ressaltada em cor de rosa.<\/p>\n<\/div><\/div>\n  <div class=\"su-column su-column-size-1-2\"><div class=\"su-column-inner su-u-clearfix su-u-trim\"> <\/p>\n<div onclick>\n<div class=\"image-container\">\n<div class=\"extra\">\n<a href=\"javascript:void(0)\"><img decoding=\"async\" src=\" http:\/\/mol.icb.usp.br\/wp-content\/uploads\/14-12.jpg \" onmouseover=\"this.src=' http:\/\/mol.icb.usp.br\/wp-content\/uploads\/14-12-MO.jpg'\" onmouseout=\"this.src=' http:\/\/mol.icb.usp.br\/wp-content\/uploads\/14-12.jpg'\" \/><\/a><\/div>\n<p>Tireoide. Colora\u00e7\u00e3o: hematoxilina e eosina. Aumento vista panor\u00e2mica.<\/p>\n<p><img decoding=\"async\" src=\"http:\/\/mol.icb.usp.br\/wp-content\/uploads\/mouse-1.gif\"\/><\/a><\/p>\n<div onclick=\"\"><strong>Tablets e telefones celulares:<\/strong><br \/>\nClique sobre a figura para acessar outra imagem. Clique fora da figura para voltar \u00e0 primeira imagem.<\/p>\n<p>Para navegar no MOL, use os links ACESSAR P\u00c1GINA ANTERIOR e ACESSAR P\u00c1GINA SEGUINTE situados abaixo da figura.<\/p>\n<p><strong>NAVEGA\u00c7\u00c3O NO MOL:<\/strong><\/p>\n<p><a href=\"http:\/\/mol.icb.usp.br\/index.php\/14-11-glandulas-endocrinas\/\">ACESSAR P\u00c1GINA ANTERIOR<\/a><\/p>\n<p><a href=\"http:\/\/mol.icb.usp.br\/index.php\/14-13-glandulas-endocrinas\/\">ACESSAR P\u00c1GINA SEGUINTE\n<\/div>\n<\/div>\n<\/div>\n<p><\/body><br \/>\n<\/html> <\/div><\/div>\n<\/div>\n<div class=\"su-row\">\n  <\/div>\n<div class=\"su-row\">\n  <\/div>\n<div class=\"su-row\">\n  <\/div>\n<div class=\"su-row\">\n  <\/div>\n","protected":false},"excerpt":{"rendered":"","protected":false},"author":2,"featured_media":0,"parent":0,"menu_order":0,"comment_status":"closed","ping_status":"closed","template":"","meta":{"_monsterinsights_skip_tracking":false,"_monsterinsights_sitenote_active":false,"_monsterinsights_sitenote_note":"","_monsterinsights_sitenote_category":0,"footnotes":""},"class_list":["post-6783","page","type-page","status-publish","hentry"],"_links":{"self":[{"href":"https:\/\/mol.icb.usp.br\/index.php\/wp-json\/wp\/v2\/pages\/6783"}],"collection":[{"href":"https:\/\/mol.icb.usp.br\/index.php\/wp-json\/wp\/v2\/pages"}],"about":[{"href":"https:\/\/mol.icb.usp.br\/index.php\/wp-json\/wp\/v2\/types\/page"}],"author":[{"embeddable":true,"href":"https:\/\/mol.icb.usp.br\/index.php\/wp-json\/wp\/v2\/users\/2"}],"replies":[{"embeddable":true,"href":"https:\/\/mol.icb.usp.br\/index.php\/wp-json\/wp\/v2\/comments?post=6783"}],"version-history":[{"count":4,"href":"https:\/\/mol.icb.usp.br\/index.php\/wp-json\/wp\/v2\/pages\/6783\/revisions"}],"predecessor-version":[{"id":6786,"href":"https:\/\/mol.icb.usp.br\/index.php\/wp-json\/wp\/v2\/pages\/6783\/revisions\/6786"}],"wp:attachment":[{"href":"https:\/\/mol.icb.usp.br\/index.php\/wp-json\/wp\/v2\/media?parent=6783"}],"curies":[{"name":"wp","href":"https:\/\/api.w.org\/{rel}","templated":true}]}}