{"id":6696,"date":"2018-12-16T09:39:08","date_gmt":"2018-12-16T11:39:08","guid":{"rendered":"http:\/\/mol.icb.usp.br\/?page_id=6696"},"modified":"2019-03-21T16:49:30","modified_gmt":"2019-03-21T19:49:30","slug":"14-6-glandulas-endocrinas","status":"publish","type":"page","link":"https:\/\/mol.icb.usp.br\/index.php\/14-6-glandulas-endocrinas\/","title":{"rendered":"14-6 Gl\u00e2ndulas end\u00f3crinas"},"content":{"rendered":"<div class=\"su-row\">\n  <div class=\"su-column su-column-size-1-1\"><div class=\"su-column-inner su-u-clearfix su-u-trim\"> <strong>HIP\u00d3FISE \u2013 5<\/strong> <\/div><\/div>\n<\/div>\n<div class=\"su-row\">\n  <div class=\"su-column su-column-size-1-2\"><div class=\"su-column-inner su-u-clearfix su-u-trim\"> Limite da neuro-hip\u00f3fise com a adeno-hip\u00f3fise<\/p>\n<p>Na imagem superior, em aumento pequeno, se observa uma por\u00e7\u00e3o da <em><strong>pars distalis<\/strong><\/em> (j\u00e1 vista anteriormente), uma por\u00e7\u00e3o da <em><strong>pars nervosa<\/strong><\/em> da neuro-hip\u00f3fise e entre essas duas situa-se a <em><strong>pars intermedia<\/strong><\/em> da adeno-hip\u00f3fise.<br \/>\nA <em>pars intermedia<\/em> \u00e9, pelo menos parcialmente, uma <strong>gl\u00e2ndula end\u00f3crina folicular<\/strong>. Pequenos <strong>fol\u00edculos glandulares<\/strong>  ficam ressaltados em verde claro ao passar o cursor ou clicar. <\/p>\n<p>A imagem inferior, em aumento m\u00e9dio, \u00e9 de uma pequena por\u00e7\u00e3o da <em><strong>pars nervosa<\/strong><\/em> da neuro-hip\u00f3fise. \u00c9 formada por fibras nervosas provenientes do hipot\u00e1lamo, pitu\u00edcitos (c\u00e9lulas da neuroglia) e por capilares sangu\u00edneos. N\u00e3o h\u00e1 neur\u00f4nios na <em>pars nervosa<\/em>.<br \/>\nA maioria dos n\u00facleos observados na figura pertence a pitu\u00edcitos.  <\/p>\n<\/div><\/div>\n  <div class=\"su-column su-column-size-1-2\"><div class=\"su-column-inner su-u-clearfix su-u-trim\"> <\/p>\n<div onclick>\n<div class=\"image-container\">\n<div class=\"extra\">\n<a href=\"javascript:void(0)\"><img decoding=\"async\" src=\" http:\/\/mol.icb.usp.br\/wp-content\/uploads\/14-6-A.jpg \" onmouseover=\"this.src=' http:\/\/mol.icb.usp.br\/wp-content\/uploads\/14-6-A-MO.jpg'\" onmouseout=\"this.src=' http:\/\/mol.icb.usp.br\/wp-content\/uploads\/14-6-A.jpg'\" \/><\/a><\/div>\n<p>Hip\u00f3fise. Colora\u00e7\u00e3o: hematoxilina e eosina. Aumento: pequeno.<\/p>\n<p><img decoding=\"async\" src=\"http:\/\/mol.icb.usp.br\/wp-content\/uploads\/mouse-1.gif\"\/><\/a><\/p>\n<div class=\"extra\">\n<img decoding=\"async\" src=\" http:\/\/mol.icb.usp.br\/wp-content\/uploads\/14-6-B.jpg \" \/><\/p>\n<p>Hip\u00f3fise. Colora\u00e7\u00e3o: hematoxilina e eosina. Aumento: m\u00e9dio.<\/p>\n<div onclick=\"\"><strong>Tablets e telefones celulares:<\/strong><br \/>\nClique sobre a figura para acessar outra imagem. Clique fora da figura para voltar \u00e0 primeira imagem.<\/p>\n<p>Para navegar no MOL, use os links ACESSAR P\u00c1GINA ANTERIOR e ACESSAR P\u00c1GINA SEGUINTE situados abaixo da figura.<\/p>\n<p><strong>NAVEGA\u00c7\u00c3O NO MOL:<\/strong><\/p>\n<p><a href=\"http:\/\/mol.icb.usp.br\/index.php\/14-5-glandulas-endocrinas\/\">ACESSAR P\u00c1GINA ANTERIOR<\/a><\/p>\n<p><a href=\"http:\/\/mol.icb.usp.br\/index.php\/14-7-glandulas-endocrinas\/\">ACESSAR P\u00c1GINA SEGUINTE<\/a>\n<\/div>\n<\/div>\n<\/div>\n<p><\/body><br \/>\n<\/html> <\/div><\/div>\n<\/div>\n","protected":false},"excerpt":{"rendered":"","protected":false},"author":2,"featured_media":0,"parent":0,"menu_order":0,"comment_status":"closed","ping_status":"closed","template":"","meta":{"_monsterinsights_skip_tracking":false,"_monsterinsights_sitenote_active":false,"_monsterinsights_sitenote_note":"","_monsterinsights_sitenote_category":0,"footnotes":""},"class_list":["post-6696","page","type-page","status-publish","hentry"],"_links":{"self":[{"href":"https:\/\/mol.icb.usp.br\/index.php\/wp-json\/wp\/v2\/pages\/6696"}],"collection":[{"href":"https:\/\/mol.icb.usp.br\/index.php\/wp-json\/wp\/v2\/pages"}],"about":[{"href":"https:\/\/mol.icb.usp.br\/index.php\/wp-json\/wp\/v2\/types\/page"}],"author":[{"embeddable":true,"href":"https:\/\/mol.icb.usp.br\/index.php\/wp-json\/wp\/v2\/users\/2"}],"replies":[{"embeddable":true,"href":"https:\/\/mol.icb.usp.br\/index.php\/wp-json\/wp\/v2\/comments?post=6696"}],"version-history":[{"count":8,"href":"https:\/\/mol.icb.usp.br\/index.php\/wp-json\/wp\/v2\/pages\/6696\/revisions"}],"predecessor-version":[{"id":8118,"href":"https:\/\/mol.icb.usp.br\/index.php\/wp-json\/wp\/v2\/pages\/6696\/revisions\/8118"}],"wp:attachment":[{"href":"https:\/\/mol.icb.usp.br\/index.php\/wp-json\/wp\/v2\/media?parent=6696"}],"curies":[{"name":"wp","href":"https:\/\/api.w.org\/{rel}","templated":true}]}}