{"id":4843,"date":"2018-01-16T20:17:00","date_gmt":"2018-01-16T22:17:00","guid":{"rendered":"http:\/\/mol.icb.usp.br\/?page_id=4843"},"modified":"2018-03-15T12:10:39","modified_gmt":"2018-03-15T15:10:39","slug":"12-31-orgaos-linfoides","status":"publish","type":"page","link":"https:\/\/mol.icb.usp.br\/index.php\/12-31-orgaos-linfoides\/","title":{"rendered":"12-31 \u00d3rg\u00e3os linfoides"},"content":{"rendered":"<div class=\"su-row\">\n<div class=\"su-column su-column-size-1-1\"><div class=\"su-column-inner su-u-clearfix su-u-trim\"><strong>MALT &#8211; 2<br \/>\nTONSILA PALATINA &#8211; 1<\/strong><\/div><\/div>\n<\/div>\n<div class=\"su-row\">\n<div class=\"su-column su-column-size-1-2\"><div class=\"su-column-inner su-u-clearfix su-u-trim\">\n<p>As v\u00e1rias tonsilas (palatinas, far\u00edngianas, linguais) s\u00e3o componentes do MALT. Caracteristicamente todas possuem na sua mucosa aglomerados de fol\u00edculos linfoides situados no tecido conjuntivo localizado abaixo do seu revestimento epitelial.<br \/>\nAs tonsilas palatinas se distinguem das outras tonsilas por:<br \/>\n1 \u2013 serem revestidas por <strong>epit\u00e9lio estratificado pavimentoso<\/strong>, cont\u00ednuo com o epit\u00e9lio que reveste a cavidade oral \u2013 ressaltado em verde.<br \/>\n2 \u2013 possu\u00edrem de 10 a 15 invagina\u00e7\u00f5es denominadas <strong>criptas tonsilares<\/strong>, revestidas pelo epit\u00e9lio mencionado \u2013 ressaltada em cor de rosa.<br \/>\n3 \u2013 apresentarem ac\u00famulos de <strong>fol\u00edculos linfoides ao redor das criptas<\/strong> &#8211; ressaltados em azul claro.<br \/>\nA tonsila palatina \u00e9 envolvida internamente por tecido conjuntivo denso e nas proximidades do \u00f3rg\u00e3o podem ser vistas gl\u00e2ndulas salivares &#8211; veja \u00e0 esquerda da figura. <\/p>\n<\/div><\/div>\n<div class=\"su-column su-column-size-1-2\"><div class=\"su-column-inner su-u-clearfix su-u-trim\">\n<div>\n<div class=\"image-container\">\n<a href=\"javascript:void(0)\"><img decoding=\"async\" src=\" http:\/\/mol.icb.usp.br\/wp-content\/uploads\/12-31.jpg \" onmouseover=\"this.src=' http:\/\/mol.icb.usp.br\/wp-content\/uploads\/12-31-MO.jpg'\" onmouseout=\"this.src=' http:\/\/mol.icb.usp.br\/wp-content\/uploads\/12-31.jpg'\" \/><\/a><\/div>\n<p>Tonsuila palatina. Colora\u00e7\u00e3o: HE. Vista panor\u00e2mica.<\/p>\n<p><img decoding=\"async\" src=\"http:\/\/mol.icb.usp.br\/wp-content\/uploads\/mouse-1.gif\" \/><\/p>\n<div>\n<p><strong>NAVEGA\u00c7\u00c3O NO MOL:<\/strong><\/p>\n<\/p>\n<p><a href=\"http:\/\/mol.icb.usp.br\/index.php\/12-30-orgaos-linfoides\/\">ACESSAR P\u00c1GINA ANTERIOR<\/a><\/p>\n<p><a href=\"http:\/\/mol.icb.usp.br\/index.php\/12-32-orgaos-linfoides\/\">ACESSAR P\u00c1GINA SEGUINTE<\/a><\/p>\n<\/div>\n<\/div>\n<\/div>\n<\/div><\/div>\n<\/div>\n","protected":false},"excerpt":{"rendered":"","protected":false},"author":2,"featured_media":0,"parent":0,"menu_order":0,"comment_status":"closed","ping_status":"closed","template":"","meta":{"_monsterinsights_skip_tracking":false,"_monsterinsights_sitenote_active":false,"_monsterinsights_sitenote_note":"","_monsterinsights_sitenote_category":0,"footnotes":""},"class_list":["post-4843","page","type-page","status-publish","hentry"],"_links":{"self":[{"href":"https:\/\/mol.icb.usp.br\/index.php\/wp-json\/wp\/v2\/pages\/4843"}],"collection":[{"href":"https:\/\/mol.icb.usp.br\/index.php\/wp-json\/wp\/v2\/pages"}],"about":[{"href":"https:\/\/mol.icb.usp.br\/index.php\/wp-json\/wp\/v2\/types\/page"}],"author":[{"embeddable":true,"href":"https:\/\/mol.icb.usp.br\/index.php\/wp-json\/wp\/v2\/users\/2"}],"replies":[{"embeddable":true,"href":"https:\/\/mol.icb.usp.br\/index.php\/wp-json\/wp\/v2\/comments?post=4843"}],"version-history":[{"count":4,"href":"https:\/\/mol.icb.usp.br\/index.php\/wp-json\/wp\/v2\/pages\/4843\/revisions"}],"predecessor-version":[{"id":4847,"href":"https:\/\/mol.icb.usp.br\/index.php\/wp-json\/wp\/v2\/pages\/4843\/revisions\/4847"}],"wp:attachment":[{"href":"https:\/\/mol.icb.usp.br\/index.php\/wp-json\/wp\/v2\/media?parent=4843"}],"curies":[{"name":"wp","href":"https:\/\/api.w.org\/{rel}","templated":true}]}}