{"id":4831,"date":"2018-01-16T20:05:45","date_gmt":"2018-01-16T22:05:45","guid":{"rendered":"http:\/\/mol.icb.usp.br\/?page_id=4831"},"modified":"2019-02-08T15:23:03","modified_gmt":"2019-02-08T17:23:03","slug":"12-30-orgaos-linfoides","status":"publish","type":"page","link":"https:\/\/mol.icb.usp.br\/index.php\/12-30-orgaos-linfoides\/","title":{"rendered":"12-30 \u00d3rg\u00e3os linfoides"},"content":{"rendered":"<div class=\"su-row\">\n  <div class=\"su-column su-column-size-1-1\"><div class=\"su-column-inner su-u-clearfix su-u-trim\"> MALT &#8211; 1<br \/>\nAP\u00caNDICE CECAL<\/div><\/div>\n<\/div>\n<div class=\"su-row\">\n  <div class=\"su-column su-column-size-1-2\"><div class=\"su-column-inner su-u-clearfix su-u-trim\"> <\/p>\n<p>O ap\u00eandice cecal \u00e9 um curto e delgado prolongamento do ceco. Sua estrutura histol\u00f3gica \u00e9 semelhante \u00e0 encontrada no restante do intestino grosso e segue a <a href=\"http:\/\/mol.icb.usp.br\/index.php\/16-1-tubo-digestivo\/\" rel=\"noopener\" target=\"_blank\">estrutura geral do tubo digestivo<\/a>.<br \/>\nCaracter\u00edstica relevante de sua parede \u00e9 um ac\u00famulo de <strong>fol\u00edculos linfoides<\/strong> que fazem parte do tecido linfoide associado \u00e0s mucosas (MALT). O tecido linfoide associado ao tubo digestivo tamb\u00e9m recebe a denomina\u00e7\u00e3o de GALT, em sua sigla em ingl\u00eas.<br \/>\nObserve ac\u00famulo de fol\u00edculos linfoides ressaltados em azul claro na camada submucosa do ap\u00eandice.<\/p>\n<\/div><\/div>\n  <div class=\"su-column su-column-size-1-2\"><div class=\"su-column-inner su-u-clearfix su-u-trim\"> <\/p>\n<div onclick>\n<div class=\"image-container\">\n<div class=\"extra\">\n<a href=\"javascript:void(0)\"><img decoding=\"async\" src=\" http:\/\/mol.icb.usp.br\/wp-content\/uploads\/12-30.jpg \" onmouseover=\"this.src=' http:\/\/mol.icb.usp.br\/wp-content\/uploads\/12-30-MO.jpg'\" onmouseout=\"this.src=' http:\/\/mol.icb.usp.br\/wp-content\/uploads\/12-30.jpg'\" \/><\/a><\/div>\n<p>Ap\u00eandice cecal. Colora\u00e7\u00e3o: hematoxilina e eosina. Vista panor\u00e2mica.<\/p>\n<p><img decoding=\"async\" src=\"http:\/\/mol.icb.usp.br\/wp-content\/uploads\/mouse-1.gif\"\/><\/a><\/p>\n<div onclick=\"\"\n\n\n<\/p>\n<p><strong>Desktops e notebooks<\/strong> &#8211; Coloque o cursor sobre a imagem.<\/p>\n<p><strong>Tablets e telefones celulares &#8211; <\/strong>Clique sobre a figura para acessar outra imagem. Clique fora da figura para voltar \u00e0 primeira imagem.<\/p>\n<p><strong>NAVEGA\u00c7\u00c3O NO MOL:<\/strong><\/p>\n<p><a href=\"http:\/\/mol.icb.usp.br\/index.php\/12-29-orgaos-linfoides\/\">ACESSAR P\u00c1GINA ANTERIOR<\/a><\/p>\n<p><a href=\"http:\/\/mol.icb.usp.br\/index.php\/12-31-orgaos-linfoides\/\">ACESSAR P\u00c1GINA SEGUINTE<\/a><\/p>\n<\/div>\n<\/div>\n<\/div><\/div>\n<\/div>\n","protected":false},"excerpt":{"rendered":"","protected":false},"author":2,"featured_media":0,"parent":0,"menu_order":0,"comment_status":"closed","ping_status":"closed","template":"","meta":{"_monsterinsights_skip_tracking":false,"_monsterinsights_sitenote_active":false,"_monsterinsights_sitenote_note":"","_monsterinsights_sitenote_category":0,"footnotes":""},"class_list":["post-4831","page","type-page","status-publish","hentry"],"_links":{"self":[{"href":"https:\/\/mol.icb.usp.br\/index.php\/wp-json\/wp\/v2\/pages\/4831"}],"collection":[{"href":"https:\/\/mol.icb.usp.br\/index.php\/wp-json\/wp\/v2\/pages"}],"about":[{"href":"https:\/\/mol.icb.usp.br\/index.php\/wp-json\/wp\/v2\/types\/page"}],"author":[{"embeddable":true,"href":"https:\/\/mol.icb.usp.br\/index.php\/wp-json\/wp\/v2\/users\/2"}],"replies":[{"embeddable":true,"href":"https:\/\/mol.icb.usp.br\/index.php\/wp-json\/wp\/v2\/comments?post=4831"}],"version-history":[{"count":14,"href":"https:\/\/mol.icb.usp.br\/index.php\/wp-json\/wp\/v2\/pages\/4831\/revisions"}],"predecessor-version":[{"id":7329,"href":"https:\/\/mol.icb.usp.br\/index.php\/wp-json\/wp\/v2\/pages\/4831\/revisions\/7329"}],"wp:attachment":[{"href":"https:\/\/mol.icb.usp.br\/index.php\/wp-json\/wp\/v2\/media?parent=4831"}],"curies":[{"name":"wp","href":"https:\/\/api.w.org\/{rel}","templated":true}]}}