{"id":4766,"date":"2018-01-16T17:36:51","date_gmt":"2018-01-16T19:36:51","guid":{"rendered":"http:\/\/mol.icb.usp.br\/?page_id=4766"},"modified":"2018-01-21T10:58:54","modified_gmt":"2018-01-21T12:58:54","slug":"12-25-orgaos-linfoides","status":"publish","type":"page","link":"https:\/\/mol.icb.usp.br\/index.php\/12-25-orgaos-linfoides\/","title":{"rendered":"12-25 \u00d3rg\u00e3os linfoides"},"content":{"rendered":"<div class=\"su-row\">\n<div class=\"su-column su-column-size-1-1\"><div class=\"su-column-inner su-u-clearfix su-u-trim\"> <strong>BA\u00c7O- 6 <\/strong><\/div><\/div>\n<\/div>\n<div class=\"su-row\">\n<div class=\"su-column su-column-size-1-2\"><div class=\"su-column-inner su-u-clearfix su-u-trim\">\nO bom entendimento da estrutura e a fun\u00e7\u00e3o do ba\u00e7o e de seus componentes \u00e9 facilitado se acompanharmos a <strong>circula\u00e7\u00e3o sangu\u00ednea<\/strong> neste \u00f3rg\u00e3o.<\/p>\n<p>1 &#8211; A <strong>art\u00e9ria espl\u00eanica<\/strong> chega \u00e0 c\u00e1psula e seus ramos passam para o interior de espessas trab\u00e9culas de tecido conjuntivo onde se ramificam e s\u00e3o distribu\u00eddos pelo \u00f3rg\u00e3o. Vasos sangu\u00edneos no interior de trab\u00e9culas j\u00e1 foram vistos em corte mostrado em p\u00e1gina anterior.<br \/>\nVeja na figura abaixo a disposi\u00e7\u00e3o dos vasos acima descritos.<\/p>\n<p><img decoding=\"async\" src=\" http:\/\/mol.icb.usp.br\/wp-content\/uploads\/12-25-A.jpg \" \/><\/p>\n<p>2 &#8211; Ap\u00f3s se ramificarem v\u00e1rias vezes, os ramos da art\u00e9ria espl\u00eanica gradativamente diminuem de calibre e em determinado ponto de seu trajeto  os ramos abandonam a trab\u00e9cula de tecido conjuntivo e penetram no par\u00eanquima espl\u00eanico.<br \/>\nA partir deste momento estas pequenas art\u00e9rias e arter\u00edolas s\u00e3o envolvidas por uma bainha de linf\u00f3citos, denominada bainha linfocit\u00e1ria periarteriolar (<strong>PALS \u2013 <em>periarteriolar lymphocyte sheat<\/em><\/strong>). Conforme j\u00e1 mencionado, a bainha periarterolar \u00e9 um dos componentes da polpa branca.<br \/>\nVeja um detalhe da bainha abaixo no desenho menor.<\/p>\n<p><img decoding=\"async\" src=\" http:\/\/mol.icb.usp.br\/wp-content\/uploads\/12-25-B.jpg \" \/><br \/>\n3 &#8211; Em alguns pontos ao longo do seu trajeto pelo par\u00eanquima, a bainha periarterial \u00e9 envolvida por uma quantidade bem maior de linf\u00f3citos, organizados em forma esf\u00e9rica ou ovoide em torno da arter\u00edola e que se organizam em <strong>fol\u00edculos linfoides<\/strong>.<br \/>\nOs fol\u00edculos linfoides s\u00e3o o segundo componente importante da polpa branca.<br \/>\nDiferente dos fol\u00edculos linfoides de outros locais do corpo os do ba\u00e7o t\u00eam no seu interior uma ou mais arter\u00edolas, denominadas <strong>arter\u00edolas centrais do fol\u00edculo<\/strong>.<br \/>\nAp\u00f3s seu trajeto pelo fol\u00edculo linf\u00e1tico as arter\u00edolas continuam a ser revestidas por uma bainha de linf\u00f3citos, a bainha periarteriolar (PALS).<br \/>\n<img decoding=\"async\" src=\" http:\/\/mol.icb.usp.br\/wp-content\/uploads\/12-25-C.jpg \" \/><\/p>\n<p>Para navegar no MOL, use os links ACESSAR P\u00c1GINA ANTERIOR e ACESSAR P\u00c1GINA SEGUINTE situados abaixo da figura.<\/p>\n<p><strong>NAVEGA\u00c7\u00c3O NO MOL:<\/strong><\/p>\n<p><a href=\"http:\/\/mol.icb.usp.br\/index.php\/12-24-orgaos-linfoides\/\">ACESSAR P\u00c1GINA ANTERIOR<\/a><\/p>\n<p><a href=\"http:\/\/mol.icb.usp.br\/index.php\/12-26-orgaos-linfoides\/\">ACESSAR P\u00c1GINA SEGUINTE<\/a><\/p>\n<\/div><\/div>\n<div class=\"su-column su-column-size-1-2\"><div class=\"su-column-inner su-u-clearfix su-u-trim\">\n<\/div><\/div>\n<\/div>\n","protected":false},"excerpt":{"rendered":"","protected":false},"author":2,"featured_media":0,"parent":0,"menu_order":0,"comment_status":"closed","ping_status":"closed","template":"","meta":{"_monsterinsights_skip_tracking":false,"_monsterinsights_sitenote_active":false,"_monsterinsights_sitenote_note":"","_monsterinsights_sitenote_category":0,"footnotes":""},"class_list":["post-4766","page","type-page","status-publish","hentry"],"_links":{"self":[{"href":"https:\/\/mol.icb.usp.br\/index.php\/wp-json\/wp\/v2\/pages\/4766"}],"collection":[{"href":"https:\/\/mol.icb.usp.br\/index.php\/wp-json\/wp\/v2\/pages"}],"about":[{"href":"https:\/\/mol.icb.usp.br\/index.php\/wp-json\/wp\/v2\/types\/page"}],"author":[{"embeddable":true,"href":"https:\/\/mol.icb.usp.br\/index.php\/wp-json\/wp\/v2\/users\/2"}],"replies":[{"embeddable":true,"href":"https:\/\/mol.icb.usp.br\/index.php\/wp-json\/wp\/v2\/comments?post=4766"}],"version-history":[{"count":5,"href":"https:\/\/mol.icb.usp.br\/index.php\/wp-json\/wp\/v2\/pages\/4766\/revisions"}],"predecessor-version":[{"id":5103,"href":"https:\/\/mol.icb.usp.br\/index.php\/wp-json\/wp\/v2\/pages\/4766\/revisions\/5103"}],"wp:attachment":[{"href":"https:\/\/mol.icb.usp.br\/index.php\/wp-json\/wp\/v2\/media?parent=4766"}],"curies":[{"name":"wp","href":"https:\/\/api.w.org\/{rel}","templated":true}]}}