{"id":4643,"date":"2018-01-16T14:35:23","date_gmt":"2018-01-16T16:35:23","guid":{"rendered":"http:\/\/mol.icb.usp.br\/?page_id=4643"},"modified":"2018-03-15T11:30:41","modified_gmt":"2018-03-15T14:30:41","slug":"12-12-orgaos-linfoides","status":"publish","type":"page","link":"https:\/\/mol.icb.usp.br\/index.php\/12-12-orgaos-linfoides\/","title":{"rendered":"12-12 \u00d3rg\u00e3os linfoides"},"content":{"rendered":"<div class=\"su-row\">\n<div class=\"su-column su-column-size-1-1\"><div class=\"su-column-inner su-u-clearfix su-u-trim\"><strong>LINFONODO \u2013 6<\/strong><\/div><\/div>\n<\/div>\n<div class=\"su-row\">\n<div class=\"su-column su-column-size-1-2\"><div class=\"su-column-inner su-u-clearfix su-u-trim\">\n<strong>Regi\u00e3o cortical<\/strong><br \/>\nObserve novamente a cortical superficial e a paracortical ou cortical profunda. O limite entre ambas foi desenhado somente para fins did\u00e1ticos.<br \/>\nNote que na regi\u00e3o cortical h\u00e1 dois fol\u00edculos linfoides e parte de um terceiro. Todos possuem uma regi\u00e3o mais clara no seu centro, denominada centro germinativo.<\/p>\n<p><strong>Regi\u00e3o medular<\/strong><br \/>\nEsta regi\u00e3o apresenta dois componentes chamados <strong>cord\u00f5es medulares<\/strong> e <strong>seios medulares<\/strong>.<br \/>\n<strong>Cord\u00f5es medulares<\/strong><br \/>\nS\u00e3o as estruturas mais coradas da regi\u00e3o medular, de aspecto filamentoso, alongado.<br \/>\nS\u00e3o mais coradas por que possuem grande concentra\u00e7\u00e3o de c\u00e9lulas, principalmente <strong>linf\u00f3citos<\/strong>, cujos n\u00facleos se coram fortemente pela hematoxilina. <strong>Plasm\u00f3citos<\/strong> s\u00e3o tamb\u00e9m frequentemente observados no interior dos cord\u00f5es.<br \/>\nTodas estas c\u00e9lulas est\u00e3o organizadas formando <strong>cord\u00f5es celulares<\/strong>. Os cord\u00f5es t\u00eam formatos irregulares e se ramificam ou se fundem com cord\u00f5es vizinhos.<br \/>\nNote que os cord\u00f5es s\u00e3o expans\u00f5es da superf\u00edcie interna da regi\u00e3o paracortical, de onde parecem \u201cnascer\u201d, dirigindo-se em dire\u00e7\u00e3o da superf\u00edcie c\u00f4ncava ou mais achatada do linfonodo.<br \/>\n<strong>Seios medulares <\/strong><br \/>\nOs seios medulares s\u00e3o espa\u00e7os em forma de t\u00faneis situados entre os cord\u00f5es medulares. Nos seios medulares a concentra\u00e7\u00e3o de c\u00e9lulas \u00e9 menor que nos cord\u00f5es medulares. Por esta raz\u00e3o s\u00e3o menos corados.<br \/>\nA popula\u00e7\u00e3o celular nos seios medulares \u00e9 representada principalmente por <strong>linf\u00f3citos<\/strong>, <strong>macr\u00f3fagos<\/strong> e por <strong>c\u00e9lulas reticulares<\/strong>, al\u00e9m de propor\u00e7\u00f5es menores de outros tipos celulares, principalmente migrat\u00f3rios.<br \/>\nPelo fato de serem locais com menor concentra\u00e7\u00e3o de c\u00e9lulas, os seios medulares s\u00e3o locais preferenciais para o fluxo de linfa no interior do linfonodo (outras informa\u00e7\u00f5es sobre isso mais adiante).<\/p>\n<\/div><\/div>\n<div class=\"su-column su-column-size-1-2\"><div class=\"su-column-inner su-u-clearfix su-u-trim\">\n<div>\n<div class=\"image-container\">\n<a href=\"javascript:void(0)\"><img decoding=\"async\" src=\" http:\/\/mol.icb.usp.br\/wp-content\/uploads\/12-12.jpg \" onmouseover=\"this.src=' http:\/\/mol.icb.usp.br\/wp-content\/uploads\/12-12-MO.jpg'\" onmouseout=\"this.src=' http:\/\/mol.icb.usp.br\/wp-content\/uploads\/12-12.jpg'\" \/><\/a><\/div>\n<p>Linfonodo. Colora\u00e7\u00e3o: HE. Aumento pequeno.<\/p>\n<p><img decoding=\"async\" src=\"http:\/\/mol.icb.usp.br\/wp-content\/uploads\/mouse-1.gif\" \/><\/p>\n<div>\n<p><strong>NAVEGA\u00c7\u00c3O NO MOL:<\/strong><\/p>\n<\/p>\n<p><a href=\"http:\/\/mol.icb.usp.br\/index.php\/12-11-orgaos-linfoides\/\">ACESSAR P\u00c1GINA ANTERIOR<\/a><\/p>\n<p><a href=\"http:\/\/mol.icb.usp.br\/index.php\/12-13-orgaos-linfoides\/\">ACESSAR P\u00c1GINA SEGUINTE<\/a><\/p>\n<\/div>\n<\/div>\n<\/div>\n<\/div><\/div>\n<\/div>\n","protected":false},"excerpt":{"rendered":"","protected":false},"author":2,"featured_media":0,"parent":0,"menu_order":0,"comment_status":"closed","ping_status":"closed","template":"","meta":{"_monsterinsights_skip_tracking":false,"_monsterinsights_sitenote_active":false,"_monsterinsights_sitenote_note":"","_monsterinsights_sitenote_category":0,"footnotes":""},"class_list":["post-4643","page","type-page","status-publish","hentry"],"_links":{"self":[{"href":"https:\/\/mol.icb.usp.br\/index.php\/wp-json\/wp\/v2\/pages\/4643"}],"collection":[{"href":"https:\/\/mol.icb.usp.br\/index.php\/wp-json\/wp\/v2\/pages"}],"about":[{"href":"https:\/\/mol.icb.usp.br\/index.php\/wp-json\/wp\/v2\/types\/page"}],"author":[{"embeddable":true,"href":"https:\/\/mol.icb.usp.br\/index.php\/wp-json\/wp\/v2\/users\/2"}],"replies":[{"embeddable":true,"href":"https:\/\/mol.icb.usp.br\/index.php\/wp-json\/wp\/v2\/comments?post=4643"}],"version-history":[{"count":6,"href":"https:\/\/mol.icb.usp.br\/index.php\/wp-json\/wp\/v2\/pages\/4643\/revisions"}],"predecessor-version":[{"id":6094,"href":"https:\/\/mol.icb.usp.br\/index.php\/wp-json\/wp\/v2\/pages\/4643\/revisions\/6094"}],"wp:attachment":[{"href":"https:\/\/mol.icb.usp.br\/index.php\/wp-json\/wp\/v2\/media?parent=4643"}],"curies":[{"name":"wp","href":"https:\/\/api.w.org\/{rel}","templated":true}]}}