{"id":4424,"date":"2018-01-10T16:26:53","date_gmt":"2018-01-10T18:26:53","guid":{"rendered":"http:\/\/mol.icb.usp.br\/?page_id=4424"},"modified":"2018-01-10T16:28:53","modified_gmt":"2018-01-10T18:28:53","slug":"11-20-resposta","status":"publish","type":"page","link":"https:\/\/mol.icb.usp.br\/index.php\/11-20-resposta\/","title":{"rendered":"11-20 Resposta"},"content":{"rendered":"<div class=\"su-row\">\n  <div class=\"su-column su-column-size-1-1\"><div class=\"su-column-inner su-u-clearfix su-u-trim\"> <strong>DIAGN\u00d3STICO TESTE P\u00c1GINA 11-20 <\/strong><\/div><\/div>\n<\/div>\n<div class=\"su-row\">\n  <div class=\"su-column su-column-size-1-2\"><div class=\"su-column-inner su-u-clearfix su-u-trim\">\nImagem em aumento pequeno \u2013 n\u00facleos pequenos. Observe tamb\u00e9m o di\u00e2metro das hem\u00e1cias. Al\u00e9m disso, h\u00e1 v\u00e1rias estruturas presentes no campo. Se fosse um aumento m\u00e9dio ou grande n\u00e3o caberiam tantas estruturas no campo microsc\u00f3pico.<\/p>\n<p>A \u2013 vaso sangu\u00edneo com l\u00famen amplo, paredes relativamente delgadas em rela\u00e7\u00e3o ao di\u00e2metro externo e ao di\u00e2metro do l\u00famen. M\u00e9dia com c\u00e9lulas musculares lisas, advent\u00edcia muito delgada, inexistente em certos locais. Art\u00e9ria de pequeno calibre.<\/p>\n<p>B \u2013 vaso com l\u00famen amplo e de forma um pouco irregular; parede bastante delgada. Veia de pequeno calibre.<\/p>\n<p>C, D, E \u2013 vasos de di\u00e2metro muito pequeno e parede delgada. Capilares sangu\u00edneos. <\/p>\n<\/div><\/div>\n  <div class=\"su-column su-column-size-1-2\"><div class=\"su-column-inner su-u-clearfix su-u-trim\"> <\/p>\n<p><img decoding=\"async\" src=\" http:\/\/mol.icb.usp.br\/wp-content\/uploads\/11-20-teste1.jpg \" \/><\/a><\/p>\n<p>Vasos sangu\u00edneos. Colora\u00e7\u00e3o: HE. Aumento: pequeno.<\/p>\n<\/div><\/div>\n<\/div>\n","protected":false},"excerpt":{"rendered":"","protected":false},"author":2,"featured_media":0,"parent":0,"menu_order":0,"comment_status":"closed","ping_status":"closed","template":"","meta":{"_monsterinsights_skip_tracking":false,"_monsterinsights_sitenote_active":false,"_monsterinsights_sitenote_note":"","_monsterinsights_sitenote_category":0,"footnotes":""},"class_list":["post-4424","page","type-page","status-publish","hentry"],"_links":{"self":[{"href":"https:\/\/mol.icb.usp.br\/index.php\/wp-json\/wp\/v2\/pages\/4424"}],"collection":[{"href":"https:\/\/mol.icb.usp.br\/index.php\/wp-json\/wp\/v2\/pages"}],"about":[{"href":"https:\/\/mol.icb.usp.br\/index.php\/wp-json\/wp\/v2\/types\/page"}],"author":[{"embeddable":true,"href":"https:\/\/mol.icb.usp.br\/index.php\/wp-json\/wp\/v2\/users\/2"}],"replies":[{"embeddable":true,"href":"https:\/\/mol.icb.usp.br\/index.php\/wp-json\/wp\/v2\/comments?post=4424"}],"version-history":[{"count":4,"href":"https:\/\/mol.icb.usp.br\/index.php\/wp-json\/wp\/v2\/pages\/4424\/revisions"}],"predecessor-version":[{"id":4435,"href":"https:\/\/mol.icb.usp.br\/index.php\/wp-json\/wp\/v2\/pages\/4424\/revisions\/4435"}],"wp:attachment":[{"href":"https:\/\/mol.icb.usp.br\/index.php\/wp-json\/wp\/v2\/media?parent=4424"}],"curies":[{"name":"wp","href":"https:\/\/api.w.org\/{rel}","templated":true}]}}