{"id":4272,"date":"2018-01-07T12:33:30","date_gmt":"2018-01-07T14:33:30","guid":{"rendered":"http:\/\/mol.icb.usp.br\/?page_id=4272"},"modified":"2018-03-14T16:42:18","modified_gmt":"2018-03-14T19:42:18","slug":"11-7-sistema-circulatorio","status":"publish","type":"page","link":"https:\/\/mol.icb.usp.br\/index.php\/11-7-sistema-circulatorio\/","title":{"rendered":"11-7 Sistema circulat\u00f3rio"},"content":{"rendered":"<div class=\"su-row\">\n  <div class=\"su-column su-column-size-1-1\"><div class=\"su-column-inner su-u-clearfix su-u-trim\"> <strong>VEIA DE GRANDE CALIBRE &#8211; 1<\/strong> <\/div><\/div>\n<\/div>\n<div class=\"su-row\">\n  <div class=\"su-column su-column-size-1-2\"><div class=\"su-column-inner su-u-clearfix su-u-trim\"> <\/p>\n<p>As veias de grande calibre seguem o padr\u00e3o habitual dos vasos sangu\u00edneos e das veias em particular:<br \/>\n&#8211; <strong>tr\u00eas t\u00fanicas<\/strong>, sendo que <strong>a t\u00fanica advent\u00edcia \u00e9 a mais espessa<\/strong>, caracter\u00edstica encontrada na maioria das veias.<br \/>\n&#8211; seu l\u00famen \u00e9 relativamente amplo para uma parede relativamente delgada, principalmente em compara\u00e7\u00e3o com uma art\u00e9ria do mesmo calibre. Em cortes histol\u00f3gicos as veias frequentemente cont\u00eam sangue em seu l\u00famen &#8211; veja sangue na imagem. Isto n\u00e3o \u00e9 t\u00e3o comum nas art\u00e9rias.<br \/>\nColoque o cursor ou clique sobre a imagem para destacar sua parede.<br \/>\nEm cortes transversais o <strong>l\u00famen <\/strong>das veias \u00e9 frequentemente <strong>mais irregular<\/strong> que o das art\u00e9rias. Isto resulta do fato de suas paredes serem mais delgadas. <\/p>\n<\/div><\/div>\n  <div class=\"su-column su-column-size-1-2\"><div class=\"su-column-inner su-u-clearfix su-u-trim\"> <\/p>\n<div onclick>\n<div class=\"image-container\">\n<div class=\"extra\">\n<a href=\"javascript:void(0)\"><img decoding=\"async\" src=\" http:\/\/mol.icb.usp.br\/wp-content\/uploads\/11-7.jpg \" onmouseover=\"this.src=' http:\/\/mol.icb.usp.br\/wp-content\/uploads\/11-7-MO.jpg'\" onmouseout=\"this.src=' http:\/\/mol.icb.usp.br\/wp-content\/uploads\/11-7.jpg'\" \/><\/a><\/div>\n<p>Veia. Colora\u00e7\u00e3o: HE. Aumento: pequeno.<\/p>\n<p><img decoding=\"async\" src=\"http:\/\/mol.icb.usp.br\/wp-content\/uploads\/mouse-1.gif\"\/><\/a><\/p>\n<p><strong>NAVEGA\u00c7\u00c3O NO MOL:<\/strong><\/p>\n<p><a href=\"http:\/\/mol.icb.usp.br\/index.php\/11-6-sistema-circulatorio\/\">ACESSAR P\u00c1GINA ANTERIOR<\/a><\/p>\n<p><a href=\"http:\/\/mol.icb.usp.br\/index.php\/11-8-sistema-circulatorio\/\">ACESSAR P\u00c1GINA SEGUINTE<\/a>\n<\/div>\n<\/div>\n<\/div>\n<p><\/body><br \/>\n<\/html> <\/div><\/div>\n<\/div>\n","protected":false},"excerpt":{"rendered":"","protected":false},"author":2,"featured_media":0,"parent":0,"menu_order":0,"comment_status":"closed","ping_status":"closed","template":"","meta":{"_monsterinsights_skip_tracking":false,"_monsterinsights_sitenote_active":false,"_monsterinsights_sitenote_note":"","_monsterinsights_sitenote_category":0,"footnotes":""},"class_list":["post-4272","page","type-page","status-publish","hentry"],"_links":{"self":[{"href":"https:\/\/mol.icb.usp.br\/index.php\/wp-json\/wp\/v2\/pages\/4272"}],"collection":[{"href":"https:\/\/mol.icb.usp.br\/index.php\/wp-json\/wp\/v2\/pages"}],"about":[{"href":"https:\/\/mol.icb.usp.br\/index.php\/wp-json\/wp\/v2\/types\/page"}],"author":[{"embeddable":true,"href":"https:\/\/mol.icb.usp.br\/index.php\/wp-json\/wp\/v2\/users\/2"}],"replies":[{"embeddable":true,"href":"https:\/\/mol.icb.usp.br\/index.php\/wp-json\/wp\/v2\/comments?post=4272"}],"version-history":[{"count":5,"href":"https:\/\/mol.icb.usp.br\/index.php\/wp-json\/wp\/v2\/pages\/4272\/revisions"}],"predecessor-version":[{"id":6056,"href":"https:\/\/mol.icb.usp.br\/index.php\/wp-json\/wp\/v2\/pages\/4272\/revisions\/6056"}],"wp:attachment":[{"href":"https:\/\/mol.icb.usp.br\/index.php\/wp-json\/wp\/v2\/media?parent=4272"}],"curies":[{"name":"wp","href":"https:\/\/api.w.org\/{rel}","templated":true}]}}