{"id":4253,"date":"2018-01-07T11:55:02","date_gmt":"2018-01-07T13:55:02","guid":{"rendered":"http:\/\/mol.icb.usp.br\/?page_id=4253"},"modified":"2018-03-14T16:39:33","modified_gmt":"2018-03-14T19:39:33","slug":"11-6-sistema-circulatorio","status":"publish","type":"page","link":"https:\/\/mol.icb.usp.br\/index.php\/11-6-sistema-circulatorio\/","title":{"rendered":"11-6 Sistema circulat\u00f3rio"},"content":{"rendered":"<div class=\"su-row\">\n  <div class=\"su-column su-column-size-1-1\"><div class=\"su-column-inner su-u-clearfix su-u-trim\"> <strong>ART\u00c9RIAS EL\u00c1STICAS<br \/>\nAORTA &#8211; 2 <\/strong><\/div><\/div>\n<\/div>\n<div class=\"su-row\">\n  <div class=\"su-column su-column-size-1-2\"><div class=\"su-column-inner su-u-clearfix su-u-trim\"> <\/p>\n<p>As figuras mostram tr\u00eas aumentos microsc\u00f3picos de um segmento da parede da aorta, em corte transversal.<br \/>\nOs cortes foram corados por uma t\u00e9cnica que demonstra material el\u00e1stico. <a href=\"http:\/\/mol.icb.usp.br\/index.php\/4-5-tecido-conjuntivo\/\"><a href=\"http:\/\/mol.icb.usp.br\/index.php\/4-5-tecido-conjuntivo\/\" rel=\"noopener\" target=\"_blank\">Clique aqui se quiser recordar fibras el\u00e1sticas do tecido conjuntivo.<\/a><\/a><br \/>\n\u00c0 primeira impress\u00e3o pode-se pensar que as linhas s\u00e3o fibras, mas sabe-se que s\u00e3o <strong>placas conc\u00eantricas de material el\u00e1stico<\/strong>, cortadas transversalmente. As placas existem em grande quantidade na t\u00fanica m\u00e9dia deste tipo de vaso. Na t\u00fanica advent\u00edcia h\u00e1 material el\u00e1stico, por\u00e9m sob forma de <strong>fibras el\u00e1sticas<\/strong>.<\/p>\n<p>Lembra-se que j\u00e1 foi explicada a import\u00e2ncia de haver este ac\u00famulo de placas el\u00e1sticas na parede da aorta e das outras art\u00e9rias el\u00e1sticas?<br \/>\n<a href=\"http:\/\/mol.icb.usp.br\/index.php\/4-8-tecido-conjuntivo\/\" rel=\"noopener\" target=\"_blank\">Clique aqui para saber a resposta.<\/a><\/p>\n<\/div><\/div>\n  <div class=\"su-column su-column-size-1-2\"><div class=\"su-column-inner su-u-clearfix su-u-trim\"> <\/p>\n<p><img decoding=\"async\" src=\" http:\/\/mol.icb.usp.br\/wp-content\/uploads\/11-6-A.jpg \" \/><\/a><\/p>\n<p>Aorta. Colora\u00e7\u00e3o: Weigert. Aumento: pequeno.<\/p>\n<p><img decoding=\"async\" src=\" http:\/\/mol.icb.usp.br\/wp-content\/uploads\/11-6-B.jpg \" \/><\/a><\/p>\n<p>Aorta. Colora\u00e7\u00e3o: Weigert. Aumento: m\u00e9dio. Imagem insertada: aumento grande<\/p>\n<p>Para navegar no MOL, use os links ACESSAR P\u00c1GINA ANTERIOR e ACESSAR P\u00c1GINA SEGUINTE situados abaixo da figura.<\/p>\n<p><strong>NAVEGA\u00c7\u00c3O NO MOL:<\/strong><\/p>\n<p><a href=\"http:\/\/mol.icb.usp.br\/index.php\/11-5-sistema-circulatorio\/\">ACESSAR P\u00c1GINA ANTERIOR<\/a><\/p>\n<p><a href=\"http:\/\/mol.icb.usp.br\/index.php\/11-7-sistema-circulatorio\/\">ACESSAR P\u00c1GINA SEGUINTE<\/a><br \/>\n<\/div><\/div>\n<\/div>\n","protected":false},"excerpt":{"rendered":"","protected":false},"author":2,"featured_media":0,"parent":0,"menu_order":0,"comment_status":"closed","ping_status":"closed","template":"","meta":{"_monsterinsights_skip_tracking":false,"_monsterinsights_sitenote_active":false,"_monsterinsights_sitenote_note":"","_monsterinsights_sitenote_category":0,"footnotes":""},"class_list":["post-4253","page","type-page","status-publish","hentry"],"_links":{"self":[{"href":"https:\/\/mol.icb.usp.br\/index.php\/wp-json\/wp\/v2\/pages\/4253"}],"collection":[{"href":"https:\/\/mol.icb.usp.br\/index.php\/wp-json\/wp\/v2\/pages"}],"about":[{"href":"https:\/\/mol.icb.usp.br\/index.php\/wp-json\/wp\/v2\/types\/page"}],"author":[{"embeddable":true,"href":"https:\/\/mol.icb.usp.br\/index.php\/wp-json\/wp\/v2\/users\/2"}],"replies":[{"embeddable":true,"href":"https:\/\/mol.icb.usp.br\/index.php\/wp-json\/wp\/v2\/comments?post=4253"}],"version-history":[{"count":8,"href":"https:\/\/mol.icb.usp.br\/index.php\/wp-json\/wp\/v2\/pages\/4253\/revisions"}],"predecessor-version":[{"id":6054,"href":"https:\/\/mol.icb.usp.br\/index.php\/wp-json\/wp\/v2\/pages\/4253\/revisions\/6054"}],"wp:attachment":[{"href":"https:\/\/mol.icb.usp.br\/index.php\/wp-json\/wp\/v2\/media?parent=4253"}],"curies":[{"name":"wp","href":"https:\/\/api.w.org\/{rel}","templated":true}]}}