{"id":4146,"date":"2018-01-02T22:48:32","date_gmt":"2018-01-03T00:48:32","guid":{"rendered":"http:\/\/mol.icb.usp.br\/?page_id=4146"},"modified":"2018-03-14T16:20:09","modified_gmt":"2018-03-14T19:20:09","slug":"10-20-sangue-e-hemocitopoese","status":"publish","type":"page","link":"https:\/\/mol.icb.usp.br\/index.php\/10-20-sangue-e-hemocitopoese\/","title":{"rendered":"10-20 Sangue e hemocitopoese"},"content":{"rendered":"<div class=\"su-row\">\n<div class=\"su-column su-column-size-1-1\"><div class=\"su-column-inner su-u-clearfix su-u-trim\"> <strong>HEMOCITOPOESE<br \/>\nC\u00c9LULAS DAS LINHAGENS ERITROC\u00cdTICA E GRANULOC\u00cdTICA <\/strong><\/div><\/div>\n<\/div>\n<div class=\"su-row\">\n<div class=\"su-column su-column-size-1-2\"><div class=\"su-column-inner su-u-clearfix su-u-trim\">\n<strong>Linhagem eritroc\u00edtica<\/strong><\/p>\n<p><strong><img loading=\"lazy\" decoding=\"async\" class=\"alignnone size-full wp-image-4090\" src=\"http:\/\/mol.icb.usp.br\/wp-content\/uploads\/flecha-azul-claro.jpg\" alt=\"\" width=\"31\" height=\"19\" \/>Eritroblasto bas\u00f3filo<\/strong><br \/>\nC\u00e9lula um pouco maior que hem\u00e1cias, n\u00facleo de cromatina densa e citoplasma bas\u00f3filo sem gr\u00e2nulos.<\/p>\n<p><strong><img loading=\"lazy\" decoding=\"async\" class=\"alignnone size-full wp-image-4091\" src=\"http:\/\/mol.icb.usp.br\/wp-content\/uploads\/flecha-azul-escuro.jpg\" alt=\"\" width=\"31\" height=\"19\" \/>Eritroblasto policromat\u00f3filo<\/strong><br \/>\nC\u00e9lula pequena, n\u00facleo de cromatina densa, citoplasma de cor misturada entre cor de rosa e azul.<\/p>\n<p><strong>Linhagem granuloc\u00edtica<\/strong><\/p>\n<p><strong><img loading=\"lazy\" decoding=\"async\" class=\"alignnone size-full wp-image-4093\" src=\"http:\/\/mol.icb.usp.br\/wp-content\/uploads\/flecha-verde.jpg\" alt=\"\" width=\"31\" height=\"19\" \/>Miel\u00f3cito<\/strong><br \/>\nC\u00e9lula grande, citoplasma levemente bas\u00f3filo, n\u00facleo levemente indentado contendo n\u00facleolos (setas pequenas). A cromatina \u00e9 bastante delicada, sinal de que se trata de uma c\u00e9lula pouco diferenciada em sua linhagem.<\/p>\n<p><strong><img loading=\"lazy\" decoding=\"async\" class=\"alignnone size-full wp-image-4092\" src=\"http:\/\/mol.icb.usp.br\/wp-content\/uploads\/flecha-laranja.jpg\" alt=\"\" width=\"31\" height=\"19\" \/>Metamiel\u00f3cito eosin\u00f3filo<\/strong><br \/>\nC\u00e9lula pequena, n\u00facleo em forma de bast\u00e3o grosso retorcido, com gr\u00e2nulos eosin\u00f3filos no citoplasma.<\/p>\n<p><strong><img loading=\"lazy\" decoding=\"async\" class=\"alignnone size-full wp-image-4094\" src=\"http:\/\/mol.icb.usp.br\/wp-content\/uploads\/flecha-vermelha.jpg\" alt=\"\" width=\"31\" height=\"19\" \/>Metamiel\u00f3cito neutr\u00f3filo<\/strong><br \/>\nC\u00e9lula pequena, n\u00facleo em forma de bast\u00e3o grosso, citoplasma pouco corado, com gr\u00e2nulos neutr\u00f3filos.<\/p>\n<p>Observe tamb\u00e9m alguns <strong>neutr\u00f3filos maduros segmentados<\/strong> (n\u00e3o indicados por setas).<\/p>\n<\/div><\/div>\n<div class=\"su-column su-column-size-1-2\"><div class=\"su-column-inner su-u-clearfix su-u-trim\">\n<p><img decoding=\"async\" src=\" http:\/\/mol.icb.usp.br\/wp-content\/uploads\/10-20.jpg \" \/><\/p>\n<p> Esfrega\u00e7o de medula \u00f3ssea hematog\u00eanica. Colora\u00e7\u00e3o: Leishman. Aumento: grande.<\/p>\n<p>Para navegar no MOL, use os links ACESSAR P\u00c1GINA ANTERIOR e ACESSAR P\u00c1GINA SEGUINTE situados abaixo da figura.<\/p>\n<p><strong>NAVEGA\u00c7\u00c3O NO MOL:<\/strong><\/p>\n<p><a href=\"http:\/\/mol.icb.usp.br\/index.php\/10-19-sangue-e-hemocitopoese\/\">ACESSAR P\u00c1GINA ANTERIOR<\/a><\/p>\n<p><a href=\"http:\/\/mol.icb.usp.br\/index.php\/10-21-sangue-e-hemocitopoese\/\">ACESSAR P\u00c1GINA SEGUINTE<\/a><br \/>\n<\/div><\/div>\n<\/div>\n","protected":false},"excerpt":{"rendered":"","protected":false},"author":2,"featured_media":0,"parent":0,"menu_order":0,"comment_status":"closed","ping_status":"closed","template":"","meta":{"_monsterinsights_skip_tracking":false,"_monsterinsights_sitenote_active":false,"_monsterinsights_sitenote_note":"","_monsterinsights_sitenote_category":0,"footnotes":""},"class_list":["post-4146","page","type-page","status-publish","hentry"],"_links":{"self":[{"href":"https:\/\/mol.icb.usp.br\/index.php\/wp-json\/wp\/v2\/pages\/4146"}],"collection":[{"href":"https:\/\/mol.icb.usp.br\/index.php\/wp-json\/wp\/v2\/pages"}],"about":[{"href":"https:\/\/mol.icb.usp.br\/index.php\/wp-json\/wp\/v2\/types\/page"}],"author":[{"embeddable":true,"href":"https:\/\/mol.icb.usp.br\/index.php\/wp-json\/wp\/v2\/users\/2"}],"replies":[{"embeddable":true,"href":"https:\/\/mol.icb.usp.br\/index.php\/wp-json\/wp\/v2\/comments?post=4146"}],"version-history":[{"count":9,"href":"https:\/\/mol.icb.usp.br\/index.php\/wp-json\/wp\/v2\/pages\/4146\/revisions"}],"predecessor-version":[{"id":4164,"href":"https:\/\/mol.icb.usp.br\/index.php\/wp-json\/wp\/v2\/pages\/4146\/revisions\/4164"}],"wp:attachment":[{"href":"https:\/\/mol.icb.usp.br\/index.php\/wp-json\/wp\/v2\/media?parent=4146"}],"curies":[{"name":"wp","href":"https:\/\/api.w.org\/{rel}","templated":true}]}}