{"id":3967,"date":"2017-12-28T15:49:41","date_gmt":"2017-12-28T17:49:41","guid":{"rendered":"http:\/\/mol.icb.usp.br\/?page_id=3967"},"modified":"2018-03-11T20:30:23","modified_gmt":"2018-03-11T23:30:23","slug":"9-0-tecido-nervoso","status":"publish","type":"page","link":"https:\/\/mol.icb.usp.br\/index.php\/9-0-tecido-nervoso\/","title":{"rendered":"9-0 Tecido nervoso"},"content":{"rendered":"<p><strong>TECIDO NERVOSO<\/strong><\/p>\n<p>OBJETIVOS DESTE M\u00d3DULO:<\/p>\n<p>Reconhecer neur\u00f4nios.<br \/>\nReconhecer c\u00e9lulas da neur\u00f3glia.<br \/>\nEstudar as caracter\u00edsticas histol\u00f3gicas do c\u00e9rebro e de suas  principais regi\u00f5es.<br \/>\nEstudar as caracter\u00edsticas histol\u00f3gicas do cerebelo e de suas  principais regi\u00f5es.<br \/>\nEstudar as caracter\u00edsticas histol\u00f3gicas da medula espinhal.<br \/>\nEstudar as caracter\u00edsticas histol\u00f3gicas dos nervos.<br \/>\nEstudar as caracter\u00edsticas histol\u00f3gicas dos g\u00e2nglios.<\/p>\n<p>Este m\u00f3dulo \u00e9 composto de 36 p\u00e1ginas.<\/p>\n<p><a href=\"http:\/\/mol.icb.usp.br\/index.php\/9-1-tecido-nervoso\/\">ENTRE NO IN\u00cdCIO DO M\u00d3DULO 1<\/a><br \/>\nou<br \/>\nCLIQUE NOS LINKS PARA ABRIR OS T\u00d3PICOS PRINCIPAIS:<\/p>\n<p><a href=\"http:\/\/mol.icb.usp.br\/index.php\/9-1-tecido-nervoso\/\">Principais caracter\u00edsticas do tecido nervoso.<\/a><br \/>\n<a href=\"http:\/\/mol.icb.usp.br\/index.php\/9-2-tecido-nervoso\/\">Neur\u00f4nios.<\/a><br \/>\n<a href=\"http:\/\/mol.icb.usp.br\/index.php\/9-7-tecido-nervoso\/\">C\u00e9lulas da neur\u00f3glia.<\/a><br \/>\n<a href=\"http:\/\/mol.icb.usp.br\/index.php\/9-15-tecido-nervoso\/\">C\u00e9rebro.<\/a><br \/>\n<a href=\"http:\/\/mol.icb.usp.br\/index.php\/9-18-tecido-nervoso\/\">Cerebelo.<\/a><br \/>\n<a href=\"http:\/\/mol.icb.usp.br\/index.php\/9-22-tecido-nervoso\/\">Plexo cori\u00f3ide.<\/a><br \/>\n<a href=\"http:\/\/mol.icb.usp.br\/index.php\/9-23-tecido-nervoso\/\">Medula espinhal.<\/a><br \/>\n<a href=\"http:\/\/mol.icb.usp.br\/index.php\/9-27-tecido-nervoso\/\">Nervos.<\/a><br \/>\n<a href=\"http:\/\/mol.icb.usp.br\/index.php\/9-36-tecido-nervoso\/\">G\u00e2nglio.<\/a><\/p>\n","protected":false},"excerpt":{"rendered":"<p>TECIDO NERVOSO OBJETIVOS DESTE M\u00d3DULO: Reconhecer neur\u00f4nios. Reconhecer c\u00e9lulas da neur\u00f3glia. Estudar as caracter\u00edsticas histol\u00f3gicas do c\u00e9rebro e de suas principais regi\u00f5es. Estudar as caracter\u00edsticas histol\u00f3gicas do cerebelo e de suas principais regi\u00f5es. Estudar as caracter\u00edsticas histol\u00f3gicas da medula espinhal. Estudar as caracter\u00edsticas histol\u00f3gicas dos nervos. Estudar as caracter\u00edsticas histol\u00f3gicas dos g\u00e2nglios. Este m\u00f3dulo \u00e9 [&hellip;]<\/p>\n","protected":false},"author":2,"featured_media":0,"parent":0,"menu_order":0,"comment_status":"closed","ping_status":"closed","template":"","meta":{"_monsterinsights_skip_tracking":false,"_monsterinsights_sitenote_active":false,"_monsterinsights_sitenote_note":"","_monsterinsights_sitenote_category":0,"footnotes":""},"class_list":["post-3967","page","type-page","status-publish","hentry"],"_links":{"self":[{"href":"https:\/\/mol.icb.usp.br\/index.php\/wp-json\/wp\/v2\/pages\/3967"}],"collection":[{"href":"https:\/\/mol.icb.usp.br\/index.php\/wp-json\/wp\/v2\/pages"}],"about":[{"href":"https:\/\/mol.icb.usp.br\/index.php\/wp-json\/wp\/v2\/types\/page"}],"author":[{"embeddable":true,"href":"https:\/\/mol.icb.usp.br\/index.php\/wp-json\/wp\/v2\/users\/2"}],"replies":[{"embeddable":true,"href":"https:\/\/mol.icb.usp.br\/index.php\/wp-json\/wp\/v2\/comments?post=3967"}],"version-history":[{"count":4,"href":"https:\/\/mol.icb.usp.br\/index.php\/wp-json\/wp\/v2\/pages\/3967\/revisions"}],"predecessor-version":[{"id":5946,"href":"https:\/\/mol.icb.usp.br\/index.php\/wp-json\/wp\/v2\/pages\/3967\/revisions\/5946"}],"wp:attachment":[{"href":"https:\/\/mol.icb.usp.br\/index.php\/wp-json\/wp\/v2\/media?parent=3967"}],"curies":[{"name":"wp","href":"https:\/\/api.w.org\/{rel}","templated":true}]}}