{"id":3933,"date":"2017-12-28T12:23:32","date_gmt":"2017-12-28T14:23:32","guid":{"rendered":"http:\/\/mol.icb.usp.br\/?page_id=3933"},"modified":"2017-12-28T12:31:34","modified_gmt":"2017-12-28T14:31:34","slug":"9-31-tecido-nervoso","status":"publish","type":"page","link":"https:\/\/mol.icb.usp.br\/index.php\/9-31-tecido-nervoso\/","title":{"rendered":"9-31 Tecido nervoso"},"content":{"rendered":"<div class=\"su-row\">\n  <div class=\"su-column su-column-size-1-1\"><div class=\"su-column-inner su-u-clearfix su-u-trim\"> <strong>ESTRUTURA DO TECIDO NERVOSO<br \/>\nSISTEMA NERVOSO PERIF\u00c9RICO<br \/>\nNERVOS \u2013 5<br \/>\n<\/strong> <\/div><\/div>\n<\/div>\n<div class=\"su-row\">\n  <div class=\"su-column su-column-size-1-2\"><div class=\"su-column-inner su-u-clearfix su-u-trim\"> Como j\u00e1 foi mencionado na p\u00e1gina anterior, todas ou quase todas fibras que comp\u00f5em este nervo s\u00e3o <strong>fibras miel\u00ednicas<\/strong>.<br \/>\nIsto \u00e9 evidente por que o interior de cada fibra mostra um grande espa\u00e7o &#8220;vazio&#8221;, correspondente \u00e0 mielina que foi dissolvida durante a feitura deste preparado.<br \/>\nA regi\u00e3o \u201cvazia\u201d de cada fibra nervosa, que continha mielina, fica ressaltada em azul claro ao passar o cursor ou clicar sobre a imagem.<\/p>\n<p>No interior de quase todas as fibras nervosas \u00e9 poss\u00edvel observar um pequeno c\u00edrculo bastante corado: \u00e9 o <strong>ax\u00f4nio<\/strong> seccionado transversalmente e que \u00e9 ressaltado em azul escuro ao usar o cursor. O ax\u00f4nio deveria estar aproximadamente no centro da bainha de mielina, por\u00e9m em muitos casos se deslocou durante a prepara\u00e7\u00e3o do tecido.<\/p>\n<p>Ainda examinando as fibras nervosas, \u00e9 poss\u00edvel notar uma delgada faixa bastante corada que delimita cada fibra: \u00e9 o citoplasma da c\u00e9lula que envolve os ax\u00f4nios. No sistema nervoso perif\u00e9rico est\u00e1 fun\u00e7\u00e3o \u00e9 exercida pelas <strong>c\u00e9lulas de Schwann<\/strong>, que envolve trechos dos ax\u00f4nio e que cont\u00e9m a mielina. Este envolt\u00f3rio fica ressaltado em amarelo.<\/p>\n<\/div><\/div>\n  <div class=\"su-column su-column-size-1-2\"><div class=\"su-column-inner su-u-clearfix su-u-trim\"> <\/p>\n<div onclick>\n<div class=\"image-container\">\n<div class=\"extra\">\n<a href=\"javascript:void(0)\"><img decoding=\"async\" src=\" http:\/\/mol.icb.usp.br\/wp-content\/uploads\/9-30.jpg \" onmouseover=\"this.src=' http:\/\/mol.icb.usp.br\/wp-content\/uploads\/9-31-MO.jpg'\" onmouseout=\"this.src=' http:\/\/mol.icb.usp.br\/wp-content\/uploads\/9-30.jpg'\" \/><\/a><\/div>\n<p>Nervo (corte transversal). Colora\u00e7\u00e3o: HE. Aumento: grande.<\/p>\n<p><img decoding=\"async\" src=\"http:\/\/mol.icb.usp.br\/wp-content\/uploads\/mouse-1.gif\"\/><\/a><\/p>\n<p><strong>NAVEGA\u00c7\u00c3O NO MOL:<\/strong><\/p>\n<p><a href=\"http:\/\/mol.icb.usp.br\/index.php\/9-30-tecido-nervoso\/\">ACESSAR P\u00c1GINA ANTERIOR<\/a><\/p>\n<p><a href=\"http:\/\/mol.icb.usp.br\/index.php\/9-32-tecido-nervoso\/\">ACESSAR P\u00c1GINA SEGUINTE<\/a>\n<\/div>\n<\/div>\n<\/div>\n<p><\/body><br \/>\n<\/html> <\/div><\/div>\n<\/div>\n","protected":false},"excerpt":{"rendered":"","protected":false},"author":2,"featured_media":0,"parent":0,"menu_order":0,"comment_status":"closed","ping_status":"closed","template":"","meta":{"_monsterinsights_skip_tracking":false,"_monsterinsights_sitenote_active":false,"_monsterinsights_sitenote_note":"","_monsterinsights_sitenote_category":0,"footnotes":""},"class_list":["post-3933","page","type-page","status-publish","hentry"],"_links":{"self":[{"href":"https:\/\/mol.icb.usp.br\/index.php\/wp-json\/wp\/v2\/pages\/3933"}],"collection":[{"href":"https:\/\/mol.icb.usp.br\/index.php\/wp-json\/wp\/v2\/pages"}],"about":[{"href":"https:\/\/mol.icb.usp.br\/index.php\/wp-json\/wp\/v2\/types\/page"}],"author":[{"embeddable":true,"href":"https:\/\/mol.icb.usp.br\/index.php\/wp-json\/wp\/v2\/users\/2"}],"replies":[{"embeddable":true,"href":"https:\/\/mol.icb.usp.br\/index.php\/wp-json\/wp\/v2\/comments?post=3933"}],"version-history":[{"count":4,"href":"https:\/\/mol.icb.usp.br\/index.php\/wp-json\/wp\/v2\/pages\/3933\/revisions"}],"predecessor-version":[{"id":3945,"href":"https:\/\/mol.icb.usp.br\/index.php\/wp-json\/wp\/v2\/pages\/3933\/revisions\/3945"}],"wp:attachment":[{"href":"https:\/\/mol.icb.usp.br\/index.php\/wp-json\/wp\/v2\/media?parent=3933"}],"curies":[{"name":"wp","href":"https:\/\/api.w.org\/{rel}","templated":true}]}}