{"id":3890,"date":"2017-12-28T11:22:50","date_gmt":"2017-12-28T13:22:50","guid":{"rendered":"http:\/\/mol.icb.usp.br\/?page_id=3890"},"modified":"2017-12-28T11:56:29","modified_gmt":"2017-12-28T13:56:29","slug":"9-26-tecido-nervoso","status":"publish","type":"page","link":"https:\/\/mol.icb.usp.br\/index.php\/9-26-tecido-nervoso\/","title":{"rendered":"9-26 Tecido nervoso"},"content":{"rendered":"<div class=\"su-row\">\n  <div class=\"su-column su-column-size-1-1\"><div class=\"su-column-inner su-u-clearfix su-u-trim\"> <strong>ESTRUTURA DO TECIDO NERVOSO<br \/>\nMEDULA ESPINHAL-4<br \/>\n<\/strong> <\/div><\/div>\n<\/div>\n<div class=\"su-row\">\n  <div class=\"su-column su-column-size-1-2\"><div class=\"su-column-inner su-u-clearfix su-u-trim\"> A imagem evidencia a interface entre a subst\u00e2ncia cinzenta da medula espinhal (\u00e0 direita) e a subst\u00e2ncia branca (\u00e0 esquerda).<br \/>\nNa <strong>subst\u00e2ncia cinzenta<\/strong> podem ser observados alguns corpos celulares de neur\u00f4nios (ressaltados em verde). <\/p>\n<p>A <strong>substancia branca<\/strong> \u00e9 ocupada quase que totalmente por conjuntos de feixes de fibras nervosas. Como estas fibras est\u00e3o colocadas ao longo da medula, est\u00e3o em sua maioria seccionadas transversalmente.<br \/>\nAs fibras nervosas consistem no conjunto de ax\u00f4nio + a c\u00e9lula que o envolve. A subst\u00e2ncia branca tem um aspecto rendilhado, devido \u00e0 aus\u00eancia da mielina que foi dissolvida durante a feitura deste preparado histol\u00f3gico. Os espa\u00e7os anteriormente ocupados por mielina ficam ressaltados em azul claro.<br \/>\nNo interior do espa\u00e7o claro em que havia mielina se observam estruturas escuras (ressaltadas em azul escuro) que s\u00e3o ax\u00f4nios seccionados transversalmente.<\/p>\n<\/div><\/div>\n  <div class=\"su-column su-column-size-1-2\"><div class=\"su-column-inner su-u-clearfix su-u-trim\"> <\/p>\n<div onclick>\n<div class=\"image-container\">\n<div class=\"extra\">\n<a href=\"javascript:void(0)\"><img decoding=\"async\" src=\" http:\/\/mol.icb.usp.br\/wp-content\/uploads\/9-26.jpg \" onmouseover=\"this.src=' http:\/\/mol.icb.usp.br\/wp-content\/uploads\/9-26-MO.jpg'\" onmouseout=\"this.src=' http:\/\/mol.icb.usp.br\/wp-content\/uploads\/9-26.jpg'\" \/><\/a><\/div>\n<p>Medula Espinhal. Colora\u00e7\u00e3o: HE. Aumento: m\u00e9dio.<\/p>\n<p><img decoding=\"async\" src=\"http:\/\/mol.icb.usp.br\/wp-content\/uploads\/mouse-1.gif\"\/><\/a><\/p>\n<p><strong>NAVEGA\u00c7\u00c3O NO MOL:<\/strong><\/p>\n<p><a href=\"http:\/\/mol.icb.usp.br\/index.php\/9-25-tecido-nervoso\/\">ACESSAR P\u00c1GINA ANTERIOR<\/a><\/p>\n<p><a href=\"http:\/\/mol.icb.usp.br\/index.php\/9-27-tecido-nervoso\/\">ACESSAR P\u00c1GINA SEGUINTE<\/a>\n<\/div>\n<\/div>\n<\/div>\n<p><\/body><br \/>\n<\/html> <\/div><\/div>\n<\/div>\n","protected":false},"excerpt":{"rendered":"","protected":false},"author":2,"featured_media":0,"parent":0,"menu_order":0,"comment_status":"closed","ping_status":"closed","template":"","meta":{"_monsterinsights_skip_tracking":false,"_monsterinsights_sitenote_active":false,"_monsterinsights_sitenote_note":"","_monsterinsights_sitenote_category":0,"footnotes":""},"class_list":["post-3890","page","type-page","status-publish","hentry"],"_links":{"self":[{"href":"https:\/\/mol.icb.usp.br\/index.php\/wp-json\/wp\/v2\/pages\/3890"}],"collection":[{"href":"https:\/\/mol.icb.usp.br\/index.php\/wp-json\/wp\/v2\/pages"}],"about":[{"href":"https:\/\/mol.icb.usp.br\/index.php\/wp-json\/wp\/v2\/types\/page"}],"author":[{"embeddable":true,"href":"https:\/\/mol.icb.usp.br\/index.php\/wp-json\/wp\/v2\/users\/2"}],"replies":[{"embeddable":true,"href":"https:\/\/mol.icb.usp.br\/index.php\/wp-json\/wp\/v2\/comments?post=3890"}],"version-history":[{"count":3,"href":"https:\/\/mol.icb.usp.br\/index.php\/wp-json\/wp\/v2\/pages\/3890\/revisions"}],"predecessor-version":[{"id":3913,"href":"https:\/\/mol.icb.usp.br\/index.php\/wp-json\/wp\/v2\/pages\/3890\/revisions\/3913"}],"wp:attachment":[{"href":"https:\/\/mol.icb.usp.br\/index.php\/wp-json\/wp\/v2\/media?parent=3890"}],"curies":[{"name":"wp","href":"https:\/\/api.w.org\/{rel}","templated":true}]}}