{"id":3889,"date":"2017-12-28T11:10:28","date_gmt":"2017-12-28T13:10:28","guid":{"rendered":"http:\/\/mol.icb.usp.br\/?page_id=3889"},"modified":"2018-03-13T21:53:59","modified_gmt":"2018-03-14T00:53:59","slug":"9-25-tecido-nervoso","status":"publish","type":"page","link":"https:\/\/mol.icb.usp.br\/index.php\/9-25-tecido-nervoso\/","title":{"rendered":"9-25-Tecido nervoso"},"content":{"rendered":"<div class=\"su-row\">\n  <div class=\"su-column su-column-size-1-1\"><div class=\"su-column-inner su-u-clearfix su-u-trim\"> <strong>ESTRUTURA DO TECIDO NERVOSO<br \/>\nMEDULA ESPINHAL-3<br \/>\n<\/strong> <\/div><\/div>\n<\/div>\n<div class=\"su-row\">\n  <div class=\"su-column su-column-size-1-2\"><div class=\"su-column-inner su-u-clearfix su-u-trim\"> A imagem apresenta parte de um corte transversal de uma medula espinal. \u00c9 um aumento maior em rela\u00e7\u00e3o \u00e0 figura da p\u00e1gina anterior e sua finalidade \u00e9 identificar subst\u00e2ncia cinzenta e subst\u00e2ncia branca da medula espinhal. <\/p>\n<p>A <strong>subst\u00e2ncia cinzenta<\/strong> ocupa o centro da medula. \u00c9 mais corada que a subst\u00e2ncia branca por que possui grande quantidade de corpos celulares dos neur\u00f4nios e de c\u00e9lulas da glia, al\u00e9m de grande quantidade de ax\u00f4nios n\u00e3o mielinizados e de prolongamentos das c\u00e9lulas da glia. <\/p>\n<p>A <strong>subst\u00e2ncia branca<\/strong> \u00e9 menos corada e tem um aspecto rendilhado. A maioria de suas fibras \u00e9 mielinizada e est\u00e1 seccionada transversalmente. A mielina, que recobre os ax\u00f4nios, \u00e9 uma mistura de lip\u00eddios complexos. Os lip\u00eddios costumam ser dissolvidos durante a prepara\u00e7\u00e3o de cortes histol\u00f3gicos por t\u00e9cnicas rotineiras, devido ao uso de etanol e solventes org\u00e2nicos (xilol, benzol, toluol). Desta maneira, onde havia mielina existem agora espa\u00e7os claros. <\/p>\n<\/div><\/div>\n  <div class=\"su-column su-column-size-1-2\"><div class=\"su-column-inner su-u-clearfix su-u-trim\"> <\/p>\n<div onclick>\n<div class=\"image-container\">\n<div class=\"extra\">\n<a href=\"javascript:void(0)\"><img decoding=\"async\" src=\" http:\/\/mol.icb.usp.br\/wp-content\/uploads\/9-25.jpg \" onmouseover=\"this.src=' http:\/\/mol.icb.usp.br\/wp-content\/uploads\/9-25-MO.jpg'\" onmouseout=\"this.src=' http:\/\/mol.icb.usp.br\/wp-content\/uploads\/9-25.jpg'\" \/><\/a><\/div>\n<p>Medula espinhal. Colora\u00e7\u00e3o: HE. Aumento: pequeno.<\/p>\n<p><img decoding=\"async\" src=\"http:\/\/mol.icb.usp.br\/wp-content\/uploads\/mouse-1.gif\"\/><\/a><\/p>\n<p><strong>NAVEGA\u00c7\u00c3O NO MOL:<\/strong><\/p>\n<p><a href=\"http:\/\/mol.icb.usp.br\/index.php\/9-24-tecido-nervoso\/\">ACESSAR P\u00c1GINA ANTERIOR<\/a><\/p>\n<p><a href=\"http:\/\/mol.icb.usp.br\/index.php\/9-26-tecido-nervoso\/\">ACESSAR P\u00c1GINA SEGUINTE<\/a>\n<\/div>\n<\/div>\n<\/div>\n<p><\/body><br \/>\n<\/html> <\/div><\/div>\n<\/div>\n","protected":false},"excerpt":{"rendered":"","protected":false},"author":2,"featured_media":0,"parent":0,"menu_order":0,"comment_status":"closed","ping_status":"closed","template":"","meta":{"_monsterinsights_skip_tracking":false,"_monsterinsights_sitenote_active":false,"_monsterinsights_sitenote_note":"","_monsterinsights_sitenote_category":0,"footnotes":""},"class_list":["post-3889","page","type-page","status-publish","hentry"],"_links":{"self":[{"href":"https:\/\/mol.icb.usp.br\/index.php\/wp-json\/wp\/v2\/pages\/3889"}],"collection":[{"href":"https:\/\/mol.icb.usp.br\/index.php\/wp-json\/wp\/v2\/pages"}],"about":[{"href":"https:\/\/mol.icb.usp.br\/index.php\/wp-json\/wp\/v2\/types\/page"}],"author":[{"embeddable":true,"href":"https:\/\/mol.icb.usp.br\/index.php\/wp-json\/wp\/v2\/users\/2"}],"replies":[{"embeddable":true,"href":"https:\/\/mol.icb.usp.br\/index.php\/wp-json\/wp\/v2\/comments?post=3889"}],"version-history":[{"count":4,"href":"https:\/\/mol.icb.usp.br\/index.php\/wp-json\/wp\/v2\/pages\/3889\/revisions"}],"predecessor-version":[{"id":5981,"href":"https:\/\/mol.icb.usp.br\/index.php\/wp-json\/wp\/v2\/pages\/3889\/revisions\/5981"}],"wp:attachment":[{"href":"https:\/\/mol.icb.usp.br\/index.php\/wp-json\/wp\/v2\/media?parent=3889"}],"curies":[{"name":"wp","href":"https:\/\/api.w.org\/{rel}","templated":true}]}}