{"id":3887,"date":"2017-12-28T10:42:53","date_gmt":"2017-12-28T12:42:53","guid":{"rendered":"http:\/\/mol.icb.usp.br\/?page_id=3887"},"modified":"2018-03-13T21:50:04","modified_gmt":"2018-03-14T00:50:04","slug":"9-23-tecido-nervoso","status":"publish","type":"page","link":"https:\/\/mol.icb.usp.br\/index.php\/9-23-tecido-nervoso\/","title":{"rendered":"9-23 Tecido nervoso"},"content":{"rendered":"<div class=\"su-row\">\n  <div class=\"su-column su-column-size-1-1\"><div class=\"su-column-inner su-u-clearfix su-u-trim\"> <strong>ESTRUTURA DO TECIDO NERVOSO<br \/>\nMEDULA ESPINHAL-1<br \/>\n <\/strong><\/div><\/div>\n<\/div>\n<div class=\"su-row\">\n  <div class=\"su-column su-column-size-1-2\"><div class=\"su-column-inner su-u-clearfix su-u-trim\">\nA medula espinal ou espinhal \u00e9 uma por\u00e7\u00e3o alongada do sistema nervoso central que se continua com o tronco cerebral. A medula espinhal fica alojada no canal vertebral, localiza\u00e7\u00e3o onde \u00e9 bastante protegida.<br \/>\nNa medula espinhal, a distribui\u00e7\u00e3o da subst\u00e2ncia branca e cinzenta \u00e9 inversa \u00e0 distribui\u00e7\u00e3o no c\u00e9rebro e cerebelo, anteriormente estudados. A subst\u00e2ncia branca se situa na periferia e a subst\u00e2ncia cinzenta no centro.<\/p>\n<p>Cortes transversais da medula espinhal revelam que os detalhes da sua anatomia variam de acordo com a altura em que s\u00e3o cortados. De modo geral, em cortes transversais a subst\u00e2ncia cinzenta tem um aspecto que lembra uma borboleta com suas asas abertas.<\/p>\n<p>A medula espinhal \u00e9 um importante \u00f3rg\u00e3o de comunica\u00e7\u00e3o entre o enc\u00e9falo e os membros e tronco. Pela subst\u00e2ncia branca da medula passam importantes conjuntos de <strong>feixes de ax\u00f4nios<\/strong> transmitindo informa\u00e7\u00f5es do enc\u00e9falo assim como para o enc\u00e9falo<br \/>\nNa <strong>subst\u00e2ncia cinzenta<\/strong> da medula h\u00e1 <strong>neur\u00f4nios motores<\/strong> e tamb\u00e9m muitos <strong>interneur\u00f4nios<\/strong>. Os neur\u00f4nios motores comandam fun\u00e7\u00f5es importantes do corpo, tais como contra\u00e7\u00e3o de m\u00fasculo liso e esquel\u00e9tico, secre\u00e7\u00e3o de gl\u00e2ndulas.<br \/>\nNeur\u00f4nios motores situados na por\u00e7\u00e3o ventral da medula espinhal controlam a contra\u00e7\u00e3o de m\u00fasculos esquel\u00e9ticos dos v\u00e1rios segmentos do corpo. Os ax\u00f4nios destes neur\u00f4nios saem da medula na sua por\u00e7\u00e3o ventral contribuindo para a constitui\u00e7\u00e3o dos <strong>nervos raquidianos<\/strong> que se dirigem aos m\u00fasculos esquel\u00e9ticos.<br \/>\nNeur\u00f4nios motores da medula tamb\u00e9m podem controlar a atividade de gl\u00e2ndulas, m\u00fasculo liso e m\u00fasculo card\u00edaco. Estas atividades s\u00e3o realizadas ap\u00f3s seus ax\u00f4nios estabelecerem sinapses em neur\u00f4nios de g\u00e2nglios do <strong>sistema nervoso vegetativo<\/strong>. Estes neur\u00f4nios emitem ax\u00f4nios que ir\u00e3o inervar as estruturas citadas acima.<br \/>\nPelos mesmos nervos raquidianos chegam ax\u00f4nios de v\u00e1rios locais do corpo trazendo <strong>informa\u00e7\u00f5es sensoriais<\/strong>. Estes ax\u00f4nios t\u00eam extremidades na periferia e trazem informa\u00e7\u00e3o aos g\u00e2nglios sensitivos situados pr\u00f3ximos \u00e0 medula, formando <strong>duas cadeias de g\u00e2nglios<\/strong> (uma de cada lado) ao longo de toda medula.<br \/>\nEstes g\u00e2nglios cont\u00eam <strong>neur\u00f4nios pseudounipolares<\/strong> dos quais saem os ax\u00f4nios que trazem informa\u00e7\u00e3o sensorial do corpo. Estes ax\u00f4nios continuam seu trajeto, saem do g\u00e2nglio e entram da medula espinal por sua face dorsal. Ali estabelecem sinapses com outros neur\u00f4nios e a informa\u00e7\u00e3o \u00e9 enviada para os centros superiores ou para os neur\u00f4nios motores pr\u00f3ximos formando um arco reflexo.<\/p>\n<\/div><\/div>\n  <div class=\"su-column su-column-size-1-2\"><div class=\"su-column-inner su-u-clearfix su-u-trim\"> <\/p>\n<p><img decoding=\"async\" src=\" http:\/\/mol.icb.usp.br\/wp-content\/uploads\/9-23-A.jpg \" \/><\/a><\/p>\n<p><img decoding=\"async\" src=\" http:\/\/mol.icb.usp.br\/wp-content\/uploads\/9-23-B.jpg \" \/><\/a><\/p>\n<\/p>\n<p>Para navegar no MOL, use os links ACESSAR P\u00c1GINA ANTERIOR e ACESSAR P\u00c1GINA SEGUINTE situados abaixo da figura.<\/p>\n<p><strong>NAVEGA\u00c7\u00c3O NO MOL:<\/strong><\/p>\n<p><a href=\"http:\/\/mol.icb.usp.br\/index.php\/9-22-tecido-nervoso\/\">ACESSAR P\u00c1GINA ANTERIOR<\/a><\/p>\n<p><a href=\"http:\/\/mol.icb.usp.br\/index.php\/9-24-tecido-nervoso\/\">ACESSAR P\u00c1GINA SEGUINTE<\/a><br \/>\n<\/div><\/div>\n<\/div>\n","protected":false},"excerpt":{"rendered":"","protected":false},"author":2,"featured_media":0,"parent":0,"menu_order":0,"comment_status":"closed","ping_status":"closed","template":"","meta":{"_monsterinsights_skip_tracking":false,"_monsterinsights_sitenote_active":false,"_monsterinsights_sitenote_note":"","_monsterinsights_sitenote_category":0,"footnotes":""},"class_list":["post-3887","page","type-page","status-publish","hentry"],"_links":{"self":[{"href":"https:\/\/mol.icb.usp.br\/index.php\/wp-json\/wp\/v2\/pages\/3887"}],"collection":[{"href":"https:\/\/mol.icb.usp.br\/index.php\/wp-json\/wp\/v2\/pages"}],"about":[{"href":"https:\/\/mol.icb.usp.br\/index.php\/wp-json\/wp\/v2\/types\/page"}],"author":[{"embeddable":true,"href":"https:\/\/mol.icb.usp.br\/index.php\/wp-json\/wp\/v2\/users\/2"}],"replies":[{"embeddable":true,"href":"https:\/\/mol.icb.usp.br\/index.php\/wp-json\/wp\/v2\/comments?post=3887"}],"version-history":[{"count":6,"href":"https:\/\/mol.icb.usp.br\/index.php\/wp-json\/wp\/v2\/pages\/3887\/revisions"}],"predecessor-version":[{"id":5977,"href":"https:\/\/mol.icb.usp.br\/index.php\/wp-json\/wp\/v2\/pages\/3887\/revisions\/5977"}],"wp:attachment":[{"href":"https:\/\/mol.icb.usp.br\/index.php\/wp-json\/wp\/v2\/media?parent=3887"}],"curies":[{"name":"wp","href":"https:\/\/api.w.org\/{rel}","templated":true}]}}