{"id":3833,"date":"2017-12-26T17:38:43","date_gmt":"2017-12-26T19:38:43","guid":{"rendered":"http:\/\/mol.icb.usp.br\/?page_id=3833"},"modified":"2020-10-24T10:56:32","modified_gmt":"2020-10-24T13:56:32","slug":"9-18-tecido-nervoso","status":"publish","type":"page","link":"https:\/\/mol.icb.usp.br\/index.php\/9-18-tecido-nervoso\/","title":{"rendered":"9-18 Tecido nervoso"},"content":{"rendered":"<div class=\"su-row\">\n  <div class=\"su-column su-column-size-1-1\"><div class=\"su-column-inner su-u-clearfix su-u-trim\"> <strong>ESTRUTURA DO TECIDO NERVOSO<br \/>\nCEREBELO &#8211; 1<br \/>\n <\/strong><\/div><\/div>\n<\/div>\n<div class=\"su-row\">\n  <div class=\"su-column su-column-size-1-2\"><div class=\"su-column-inner su-u-clearfix su-u-trim\">\nO cerebelo \u00e9 formado por in\u00fameras folhas paralelas constitu\u00eddas de tecido nervoso.<br \/>\nA figura superior apresenta um desenho esquem\u00e1tico de um cerebelo. Na superf\u00edcie do \u00f3rg\u00e3o est\u00e3o evidenciadas as suas folhas. <\/p>\n<p>A figura maior representa um corte de cerebelo. O desenho foi feito de modo que as folhas aparecem seccionadas transversalmente. A linha vermelha indica os limites de uma das folhas. Observe com cuidado a distribui\u00e7\u00e3o da subst\u00e2ncia branca e cinzenta.<br \/>\nCada uma das folhas possui um <strong>eixo central de subst\u00e2ncia branca<\/strong>. Este eixo apresenta pequenas ramifica\u00e7\u00f5es. Al\u00e9m disto h\u00e1 uma grande por\u00e7\u00e3o de subst\u00e2ncia branca na por\u00e7\u00e3o proximal do cerebelo, apontada pela seta. Esta por\u00e7\u00e3o maior se cont\u00ednua com a subst\u00e2ncia branca do interior de cada folha.<br \/>\nA <strong>subst\u00e2ncia cinzenta se situa na periferia de cada folha.<\/strong><\/p>\n<\/div><\/div>\n  <div class=\"su-column su-column-size-1-2\"><div class=\"su-column-inner su-u-clearfix su-u-trim\"> <\/p>\n<p><img decoding=\"async\" src=\" http:\/\/mol.icb.usp.br\/wp-content\/uploads\/9-18.jpg \" \/><\/a><\/p>\n<p>Para navegar no MOL, use os links ACESSAR P\u00c1GINA ANTERIOR e ACESSAR P\u00c1GINA SEGUINTE situados abaixo da figura.<\/p>\n<p><strong>NAVEGA\u00c7\u00c3O NO MOL:<\/strong><\/p>\n<p><a href=\"http:\/\/mol.icb.usp.br\/index.php\/9-17-tecido-nervoso\/\">ACESSAR P\u00c1GINA ANTERIOR<\/a><\/p>\n<p><a href=\"http:\/\/mol.icb.usp.br\/index.php\/9-19-2\/\">ACESSAR P\u00c1GINA SEGUINTE<\/a><br \/>\n<\/div><\/div>\n<\/div>\n","protected":false},"excerpt":{"rendered":"","protected":false},"author":2,"featured_media":0,"parent":0,"menu_order":0,"comment_status":"closed","ping_status":"closed","template":"","meta":{"_monsterinsights_skip_tracking":false,"_monsterinsights_sitenote_active":false,"_monsterinsights_sitenote_note":"","_monsterinsights_sitenote_category":0,"footnotes":""},"class_list":["post-3833","page","type-page","status-publish","hentry"],"_links":{"self":[{"href":"https:\/\/mol.icb.usp.br\/index.php\/wp-json\/wp\/v2\/pages\/3833"}],"collection":[{"href":"https:\/\/mol.icb.usp.br\/index.php\/wp-json\/wp\/v2\/pages"}],"about":[{"href":"https:\/\/mol.icb.usp.br\/index.php\/wp-json\/wp\/v2\/types\/page"}],"author":[{"embeddable":true,"href":"https:\/\/mol.icb.usp.br\/index.php\/wp-json\/wp\/v2\/users\/2"}],"replies":[{"embeddable":true,"href":"https:\/\/mol.icb.usp.br\/index.php\/wp-json\/wp\/v2\/comments?post=3833"}],"version-history":[{"count":6,"href":"https:\/\/mol.icb.usp.br\/index.php\/wp-json\/wp\/v2\/pages\/3833\/revisions"}],"predecessor-version":[{"id":8839,"href":"https:\/\/mol.icb.usp.br\/index.php\/wp-json\/wp\/v2\/pages\/3833\/revisions\/8839"}],"wp:attachment":[{"href":"https:\/\/mol.icb.usp.br\/index.php\/wp-json\/wp\/v2\/media?parent=3833"}],"curies":[{"name":"wp","href":"https:\/\/api.w.org\/{rel}","templated":true}]}}