{"id":3641,"date":"2017-12-04T21:54:14","date_gmt":"2017-12-04T23:54:14","guid":{"rendered":"http:\/\/mol.icb.usp.br\/?page_id=3641"},"modified":"2019-04-28T16:19:30","modified_gmt":"2019-04-28T19:19:30","slug":"8-7-tecido-muscular","status":"publish","type":"page","link":"https:\/\/mol.icb.usp.br\/index.php\/8-7-tecido-muscular\/","title":{"rendered":"8-7 Tecido muscular"},"content":{"rendered":"<div class=\"su-row\">\n<div class=\"su-column su-column-size-1-1\"><div class=\"su-column-inner su-u-clearfix su-u-trim\"> <strong>TECIDO MUSCULAR ESTRIADO CARD\u00cdACO &#8211; 1 <\/strong><\/div><\/div>\n<\/div>\n<div class=\"su-row\">\n<div class=\"su-column su-column-size-1-2\"><div class=\"su-column-inner su-u-clearfix su-u-trim\">\nAo contr\u00e1rio das fibras musculares esquel\u00e9ticas, as fibras musculares estriadas card\u00edacas t\u00eam forma de curtos cilindros cujas extremidades s\u00e3o relativamente achatadas e perpendiculares ao eixo da fibra.<br \/>\nQuando vistas em cortes longitudinais seu citoplasma mostra <strong>estria\u00e7\u00e3o transversal (bandas) <\/strong>semelhante \u00e0 do m\u00fasculo esquel\u00e9tico, por\u00e9m a estria\u00e7\u00e3o nem sempre \u00e9 t\u00e3o facilmente observ\u00e1vel como no m\u00fasculo esquel\u00e9tico.<br \/>\nCada fibra tem um ou eventualmente dois <strong>n\u00facleos situados no centro da fibra<\/strong>, ao contr\u00e1rio das c\u00e9lulas musculares esquel\u00e9ticas cujo n\u00facleo \u00e9 perif\u00e9rico. A posi\u00e7\u00e3o dos n\u00facleos pode ser vista melhor em cortes transversais das fibras.<br \/>\nUma estrutura caracter\u00edstica das fibras musculares card\u00edacas \u00e9 a exist\u00eancia de bandas escuras transversais \u00e0s c\u00e9lulas. S\u00e3o mais espessas e mais fortemente coradas que as bandas da estria\u00e7\u00e3o regular. S\u00e3o complexos juncionais situados nas membranas celulares e que indicam os limites das fibras. S\u00e3o constitu\u00eddas de jun\u00e7\u00f5es de ades\u00e3o e jun\u00e7\u00f5es comunicantes. S\u00e3o denominados <strong>discos intercalares<\/strong>. Infelizmente n\u00e3o s\u00e3o facilmente observados em cortes corados por hematoxilina e eosina, mas s\u00e3o bastante vis\u00edveis por alguns outros corantes.<br \/>\nNo cora\u00e7\u00e3o, as fibras se organizam em feixes de diferentes dire\u00e7\u00f5es. Na figura inferior h\u00e1 feixes de fibras musculares card\u00edacas seccionadas longitudinalmente.<br \/>\nObserve os n\u00facleos &#8211; em forma de charutos &#8211; e <strong>situados no centro das c\u00e9lulas<\/strong>.<\/p>\n<\/div><\/div>\n<div class=\"su-column su-column-size-1-2\"><div class=\"su-column-inner su-u-clearfix su-u-trim\">\n<p><img decoding=\"async\" src=\" http:\/\/mol.icb.usp.br\/wp-content\/uploads\/8-7-A.jpg \" \/><br \/>\nCorte longitudinal<\/p>\n<p><img decoding=\"async\" src=\" http:\/\/mol.icb.usp.br\/wp-content\/uploads\/8-7-B-.jpg \" \/><br \/>\nCorte transversal<\/p>\n<p><img decoding=\"async\" src=\" http:\/\/mol.icb.usp.br\/wp-content\/uploads\/8-7-C.jpg \" \/><\/p>\n<p>M\u00fasculo card\u00edaco. Colora\u00e7\u00e3o: HE. Aumento: pequeno.<\/p>\n<p>Para navegar no MOL, use os links ACESSAR P\u00c1GINA ANTERIOR e ACESSAR P\u00c1GINA SEGUINTE situados abaixo da figura.<\/p>\n<p><strong>NAVEGA\u00c7\u00c3O NO MOL:<\/strong><\/p>\n<p><a href=\"http:\/\/mol.icb.usp.br\/index.php\/8-6-tecido-muscular\/\">ACESSAR P\u00c1GINA ANTERIOR<\/a><\/p>\n<p><a href=\"http:\/\/mol.icb.usp.br\/index.php\/8-8-tecido-muscular\/\">ACESSAR P\u00c1GINA SEGUINTE<\/a><br \/>\n<\/div><\/div>\n<\/div>\n","protected":false},"excerpt":{"rendered":"","protected":false},"author":2,"featured_media":0,"parent":0,"menu_order":0,"comment_status":"closed","ping_status":"closed","template":"","meta":{"_monsterinsights_skip_tracking":false,"_monsterinsights_sitenote_active":false,"_monsterinsights_sitenote_note":"","_monsterinsights_sitenote_category":0,"footnotes":""},"class_list":["post-3641","page","type-page","status-publish","hentry"],"_links":{"self":[{"href":"https:\/\/mol.icb.usp.br\/index.php\/wp-json\/wp\/v2\/pages\/3641"}],"collection":[{"href":"https:\/\/mol.icb.usp.br\/index.php\/wp-json\/wp\/v2\/pages"}],"about":[{"href":"https:\/\/mol.icb.usp.br\/index.php\/wp-json\/wp\/v2\/types\/page"}],"author":[{"embeddable":true,"href":"https:\/\/mol.icb.usp.br\/index.php\/wp-json\/wp\/v2\/users\/2"}],"replies":[{"embeddable":true,"href":"https:\/\/mol.icb.usp.br\/index.php\/wp-json\/wp\/v2\/comments?post=3641"}],"version-history":[{"count":8,"href":"https:\/\/mol.icb.usp.br\/index.php\/wp-json\/wp\/v2\/pages\/3641\/revisions"}],"predecessor-version":[{"id":8598,"href":"https:\/\/mol.icb.usp.br\/index.php\/wp-json\/wp\/v2\/pages\/3641\/revisions\/8598"}],"wp:attachment":[{"href":"https:\/\/mol.icb.usp.br\/index.php\/wp-json\/wp\/v2\/media?parent=3641"}],"curies":[{"name":"wp","href":"https:\/\/api.w.org\/{rel}","templated":true}]}}