{"id":3588,"date":"2017-12-04T18:06:46","date_gmt":"2017-12-04T20:06:46","guid":{"rendered":"http:\/\/mol.icb.usp.br\/?page_id=3588"},"modified":"2018-03-11T18:44:45","modified_gmt":"2018-03-11T21:44:45","slug":"8-1-tecido-muscular","status":"publish","type":"page","link":"https:\/\/mol.icb.usp.br\/index.php\/8-1-tecido-muscular\/","title":{"rendered":"8-1 Tecido muscular"},"content":{"rendered":"<p><strong>CARACTER\u00cdSTICAS DO TECIDO MUSCULAR <\/strong><\/p>\n<p>As c\u00e9lulas que comp\u00f5em o tecido muscular s\u00e3o alongadas e por esta raz\u00e3o s\u00e3o tamb\u00e9m chamadas <strong>fibras musculares<\/strong>.<br \/>\nCuidado para n\u00e3o confundir o termo fibras musculares que s\u00e3o c\u00e9lulas, com as fibras do tecido conjuntivo, que s\u00e3o acelulares, formadas apenas pela associa\u00e7\u00e3o de diversas macromol\u00e9culas.<br \/>\nH\u00e1 tr\u00eas tipos de tecido muscular, formados por fibras musculares que possuem caracter\u00edsticas morfol\u00f3gicas e funcionais pr\u00f3prias. A distribui\u00e7\u00e3o de cada um dos tipos no corpo tamb\u00e9m \u00e9 caracter\u00edstica.<br \/>\nTodas fibras musculares t\u00eam em comum:<br \/>\n&#8211; a presen\u00e7a de grande quantidade de prote\u00ednas contr\u00e1teis, representadas principalmente por miosina e actina. A maneira como estas prote\u00ednas se organizam difere nos v\u00e1rios tipos de tecido muscular.<br \/>\n&#8211; a capacidade de gerar movimento ou tens\u00e3o em consequ\u00eancia da contra\u00e7\u00e3o das c\u00e9lulas.<br \/>\nPelo fato destas c\u00e9lulas serem alongadas elas podem sofrer um grande encurtamento longitudinal, gerando movimento. Se as c\u00e9lulas se contraem sem que seja permitido um encurtamento, elas geram tens\u00e3o (t\u00f4nus).<\/p>\n<p>Devido \u00e0 organiza\u00e7\u00e3o peculiar das prote\u00ednas contr\u00e1teis em  dois dos tipos de fibras musculares, estes s\u00e3o chamados de <strong>tecidos musculares estriados<\/strong>. Por que? Quando as estas fibras s\u00e3o vistas ao microsc\u00f3pio, elas apresentem <strong>estria\u00e7\u00f5es transversais<\/strong> no citoplasma. Estas estria\u00e7\u00f5es s\u00e3o chamadas <strong>bandas<\/strong>.<br \/>\nNo terceiro tipo de fibra muscular o arranjo das prote\u00ednas contr\u00e1teis \u00e9 bastante diferente e as c\u00e9lulas n\u00e3o apresentam estria\u00e7\u00f5es transversais, \u00e9 o <strong>tecido muscular liso<\/strong>.<\/p>\n<p>Tipos de tecido muscular:<br \/>\n&#8211; <strong>tecido muscular estriado esquel\u00e9tico<\/strong> &#8211; de contra\u00e7\u00e3o volunt\u00e1ria, constitui a musculatura do corpo ligada aos ossos, al\u00e9m de alguns m\u00fasculos n\u00e3o ligados a ossos, como por exemplo m\u00fasculos situados na pele (m\u00fasculos da m\u00edmica), orbicular dos olhos e outros.<br \/>\n&#8211; <strong>tecido muscular estriado card\u00edaco <\/strong>&#8211; de contra\u00e7\u00e3o involunt\u00e1ria, comp\u00f5e o m\u00fasculo do cora\u00e7\u00e3o &#8211; o mioc\u00e1rdio &#8211; e \u00e9 encontrado tamb\u00e9m na por\u00e7\u00e3o inicial da aorta.<br \/>\n&#8211; <strong>tecido muscular liso<\/strong> &#8211; de contra\u00e7\u00e3o involunt\u00e1ria, constitui a musculatura das v\u00edsceras e das paredes dos vasos sangu\u00edneos.<\/p>\n<p><strong>NAVEGA\u00c7\u00c3O NO MOL:<\/strong><\/p>\n<p><a href=\"http:\/\/mol.icb.usp.br\/index.php\/8-0-tecido-muscular\/\">ACESSAR P\u00c1GINA ANTERIOR<\/a><\/p>\n<p><a href=\"http:\/\/mol.icb.usp.br\/index.php\/8-2-tecido-muscular\/\">ACESSAR P\u00c1GINA SEGUINTE<\/a><\/p>\n","protected":false},"excerpt":{"rendered":"<p>CARACTER\u00cdSTICAS DO TECIDO MUSCULAR As c\u00e9lulas que comp\u00f5em o tecido muscular s\u00e3o alongadas e por esta raz\u00e3o s\u00e3o tamb\u00e9m chamadas fibras musculares. Cuidado para n\u00e3o confundir o termo fibras musculares que s\u00e3o c\u00e9lulas, com as fibras do tecido conjuntivo, que s\u00e3o acelulares, formadas apenas pela associa\u00e7\u00e3o de diversas macromol\u00e9culas. H\u00e1 tr\u00eas tipos de tecido muscular, [&hellip;]<\/p>\n","protected":false},"author":2,"featured_media":0,"parent":0,"menu_order":0,"comment_status":"closed","ping_status":"closed","template":"","meta":{"_monsterinsights_skip_tracking":false,"_monsterinsights_sitenote_active":false,"_monsterinsights_sitenote_note":"","_monsterinsights_sitenote_category":0,"footnotes":""},"class_list":["post-3588","page","type-page","status-publish","hentry"],"_links":{"self":[{"href":"https:\/\/mol.icb.usp.br\/index.php\/wp-json\/wp\/v2\/pages\/3588"}],"collection":[{"href":"https:\/\/mol.icb.usp.br\/index.php\/wp-json\/wp\/v2\/pages"}],"about":[{"href":"https:\/\/mol.icb.usp.br\/index.php\/wp-json\/wp\/v2\/types\/page"}],"author":[{"embeddable":true,"href":"https:\/\/mol.icb.usp.br\/index.php\/wp-json\/wp\/v2\/users\/2"}],"replies":[{"embeddable":true,"href":"https:\/\/mol.icb.usp.br\/index.php\/wp-json\/wp\/v2\/comments?post=3588"}],"version-history":[{"count":8,"href":"https:\/\/mol.icb.usp.br\/index.php\/wp-json\/wp\/v2\/pages\/3588\/revisions"}],"predecessor-version":[{"id":5915,"href":"https:\/\/mol.icb.usp.br\/index.php\/wp-json\/wp\/v2\/pages\/3588\/revisions\/5915"}],"wp:attachment":[{"href":"https:\/\/mol.icb.usp.br\/index.php\/wp-json\/wp\/v2\/media?parent=3588"}],"curies":[{"name":"wp","href":"https:\/\/api.w.org\/{rel}","templated":true}]}}