{"id":3502,"date":"2017-11-24T22:04:31","date_gmt":"2017-11-25T00:04:31","guid":{"rendered":"http:\/\/mol.icb.usp.br\/?page_id=3502"},"modified":"2018-03-11T18:34:59","modified_gmt":"2018-03-11T21:34:59","slug":"7-40-tecido-osseo","status":"publish","type":"page","link":"https:\/\/mol.icb.usp.br\/index.php\/7-40-tecido-osseo\/","title":{"rendered":"7-40 Tecido \u00f3sseo"},"content":{"rendered":"<div class=\"su-row\">\n  <div class=\"su-column su-column-size-1-1\"><div class=\"su-column-inner su-u-clearfix su-u-trim\"> <strong>OSSIFICA\u00c7\u00c3O ENDOCONDRAL &#8211; 4<\/strong> <\/div><\/div>\n<\/div>\n<div class=\"su-row\">\n  <div class=\"su-column su-column-size-1-2\"><div class=\"su-column-inner su-u-clearfix su-u-trim\"> O ret\u00e2ngulo desenhado na figura superior indica a regi\u00e3o que ser\u00e1 observada na figura inferior.<br \/>\nA figura inferior apresenta um detalhe da regi\u00e3o da cintura da v\u00e9rtebra. Nesta regi\u00e3o h\u00e1 osso formado por duas maneiras diferentes:<br \/>\n1 &#8211; Osso formado por ossifica\u00e7\u00e3o intramembranosa a partir do peri\u00f3steo. Est\u00e1 destacado em vermelho.<br \/>\n2 &#8211; Tecido \u00f3sseo \u00f3sseo formado por ossifica\u00e7\u00e3o endocondral nas zonas de ossifica\u00e7\u00e3o nos discos epifis\u00e1rios. A zona de cartilagem calcificada de um disco epifis\u00e1rio est\u00e1 ressaltada em verde claro. Em verde escuro est\u00e3o ressaltados os tabiques de matriz cartilaginosa da zona de ossifica\u00e7\u00e3o do disco epifis\u00e1rio, sobre os quais est\u00e1 sendo depositado tecido \u00f3sseo.<br \/>\n\u00c0 medida que a v\u00e9rtebra cresce longitudinalmente, a cintura \u00f3ssea se expande em dire\u00e7\u00e3o das ep\u00edfises. <\/p>\n<\/div><\/div>\n  <div class=\"su-column su-column-size-1-2\"><div class=\"su-column-inner su-u-clearfix su-u-trim\"> <\/p>\n<p><img decoding=\"async\" src=\"http:\/\/mol.icb.usp.br\/wp-content\/uploads\/7-40.jpg\"\/><\/a><\/p>\n<div onclick>\n<div class=\"image-container\">\n<div class=\"extra\">\n<a href=\"javascript:void(0)\"><img decoding=\"async\" src=\" http:\/\/mol.icb.usp.br\/wp-content\/uploads\/7-40-B.jpg \" onmouseover=\"this.src=' http:\/\/mol.icb.usp.br\/wp-content\/uploads\/7-40-B-MO.jpg'\" onmouseout=\"this.src=' http:\/\/mol.icb.usp.br\/wp-content\/uploads\/7-40-B.jpg'\" \/><\/a><\/div>\n<p>V\u00e9rtebra da cauda de feto de camundongo. Colora\u00e7\u00e3o: azul de Alcyan + eosina. Aumento: m\u00e9dio.<\/p>\n<\/p>\n<p><img decoding=\"async\" src=\"http:\/\/mol.icb.usp.br\/wp-content\/uploads\/mouse-1.gif\"\/><\/a><\/p>\n<p><strong>NAVEGA\u00c7\u00c3O NO MOL:<\/strong><\/p>\n<p><a href=\"http:\/\/mol.icb.usp.br\/index.php\/2017\/11\/24\/7-39-tecido-osseo\/\">ACESSAR P\u00c1GINA ANTERIOR<\/a><\/p>\n<p><a href=\"http:\/\/mol.icb.usp.br\/index.php\/2017\/11\/24\/7-41-tecido-osseo\/\">ACESSAR P\u00c1GINA SEGUINTE<\/a>\n<\/div>\n<\/div>\n<\/div>\n<p><\/body><br \/>\n<\/html> <\/div><\/div>\n<\/div>\n","protected":false},"excerpt":{"rendered":"","protected":false},"author":2,"featured_media":0,"parent":0,"menu_order":0,"comment_status":"closed","ping_status":"closed","template":"","meta":{"_monsterinsights_skip_tracking":false,"_monsterinsights_sitenote_active":false,"_monsterinsights_sitenote_note":"","_monsterinsights_sitenote_category":0,"footnotes":""},"class_list":["post-3502","page","type-page","status-publish","hentry"],"_links":{"self":[{"href":"https:\/\/mol.icb.usp.br\/index.php\/wp-json\/wp\/v2\/pages\/3502"}],"collection":[{"href":"https:\/\/mol.icb.usp.br\/index.php\/wp-json\/wp\/v2\/pages"}],"about":[{"href":"https:\/\/mol.icb.usp.br\/index.php\/wp-json\/wp\/v2\/types\/page"}],"author":[{"embeddable":true,"href":"https:\/\/mol.icb.usp.br\/index.php\/wp-json\/wp\/v2\/users\/2"}],"replies":[{"embeddable":true,"href":"https:\/\/mol.icb.usp.br\/index.php\/wp-json\/wp\/v2\/comments?post=3502"}],"version-history":[{"count":4,"href":"https:\/\/mol.icb.usp.br\/index.php\/wp-json\/wp\/v2\/pages\/3502\/revisions"}],"predecessor-version":[{"id":5908,"href":"https:\/\/mol.icb.usp.br\/index.php\/wp-json\/wp\/v2\/pages\/3502\/revisions\/5908"}],"wp:attachment":[{"href":"https:\/\/mol.icb.usp.br\/index.php\/wp-json\/wp\/v2\/media?parent=3502"}],"curies":[{"name":"wp","href":"https:\/\/api.w.org\/{rel}","templated":true}]}}