{"id":3432,"date":"2017-11-24T12:12:20","date_gmt":"2017-11-24T14:12:20","guid":{"rendered":"http:\/\/mol.icb.usp.br\/?page_id=3432"},"modified":"2018-03-11T18:07:20","modified_gmt":"2018-03-11T21:07:20","slug":"7-32-tecido-osseo","status":"publish","type":"page","link":"https:\/\/mol.icb.usp.br\/index.php\/7-32-tecido-osseo\/","title":{"rendered":"7-32 Tecido \u00f3sseo"},"content":{"rendered":"<p><strong>HISTOG\u00caNESE \u00d3SSEA OU OSSIFICA\u00c7\u00c3O<\/strong><\/p>\n<p>O termo <strong>&#8220;Histog\u00eanese&#8221;<\/strong> \u00e9 usado para designar a forma\u00e7\u00e3o de um tecido. No caso do tecido \u00f3sseo este processo \u00e9 tamb\u00e9m denominado <strong>osteog\u00eanese<\/strong> ou <strong>ossifica\u00e7\u00e3o<\/strong>. <\/p>\n<p>H\u00e1 dois modos b\u00e1sicos de ossifica\u00e7\u00e3o: ossifica\u00e7\u00e3o intramembranosa e ossifica\u00e7\u00e3o endocondral.<\/p>\n<p>A <strong>ossifica\u00e7\u00e3o intramembranosa<\/strong> ocorre no interior de tecido mesenquimal &#8211; \u00e9 o tecido conjuntivo embrion\u00e1rio. Cont\u00e9m muitas c\u00e9lulas-fonte que podem originar os v\u00e1rios tipos de tecido conjuntivo &#8211; cartilagem, osso, tecido adiposo etc, assim como c\u00e9lulas de vasos sangu\u00edneos.<br \/>\nEm v\u00e1rios locais do corpo este mes\u00eanquima se disp\u00f5e sob forma de uma camada ou membrana. No interior de uma destas camadas pode ocorrer o tipo de ossifica\u00e7\u00e3o denominado ossifica\u00e7\u00e3o intramembranosa.<br \/>\nEste tipo de ossifica\u00e7\u00e3o \u00e9 o que origina principalmente os ossos chatos. \u00c9 respons\u00e1vel, por exemplo, pela forma\u00e7\u00e3o dos ossos chatos do cr\u00e2nio.<\/p>\n<p>O segundo tipo de ossifica\u00e7\u00e3o \u2013 <strong>ossifica\u00e7\u00e3o endocondral<\/strong> &#8211; ocorre sobre um <strong>modelo de cartilagem<\/strong>.<br \/>\nDurante a vida fetal forma-se inicialmente um esqueleto cartilaginoso. As pe\u00e7as cartilaginosas deste esqueleto de cartilagem servem de modelo para a histog\u00eanese de ossos. O tecido \u00f3sseo \u00e9 depositado sobre a matriz cartilaginosa. Terminado o processo de ossifica\u00e7\u00e3o endocondral o esqueleto cartilaginoso gradativamente desaparece e \u00e9 substitu\u00eddo pelo esqueleto \u00f3sseo.<br \/>\nEste tipo de ossifica\u00e7\u00e3o origina os ossos longos e alguns outros tipos de ossos, p. ex., as v\u00e9rtebras. <\/p>\n<p><strong>NAVEGA\u00c7\u00c3O NO MOL:<\/strong><\/p>\n<p><a href=\"http:\/\/mol.icb.usp.br\/index.php\/7-31-tecido-osseo\/\">ACESSAR P\u00c1GINA ANTERIOR<\/a><\/p>\n<p><a href=\"http:\/\/mol.icb.usp.br\/index.php\/7-33-tecido-osseo\/\">ACESSAR P\u00c1GINA SEGUINTE<\/a><\/p>\n","protected":false},"excerpt":{"rendered":"<p>HISTOG\u00caNESE \u00d3SSEA OU OSSIFICA\u00c7\u00c3O O termo &#8220;Histog\u00eanese&#8221; \u00e9 usado para designar a forma\u00e7\u00e3o de um tecido. No caso do tecido \u00f3sseo este processo \u00e9 tamb\u00e9m denominado osteog\u00eanese ou ossifica\u00e7\u00e3o. H\u00e1 dois modos b\u00e1sicos de ossifica\u00e7\u00e3o: ossifica\u00e7\u00e3o intramembranosa e ossifica\u00e7\u00e3o endocondral. A ossifica\u00e7\u00e3o intramembranosa ocorre no interior de tecido mesenquimal &#8211; \u00e9 o tecido conjuntivo embrion\u00e1rio. [&hellip;]<\/p>\n","protected":false},"author":2,"featured_media":0,"parent":0,"menu_order":0,"comment_status":"closed","ping_status":"closed","template":"","meta":{"_monsterinsights_skip_tracking":false,"_monsterinsights_sitenote_active":false,"_monsterinsights_sitenote_note":"","_monsterinsights_sitenote_category":0,"footnotes":""},"class_list":["post-3432","page","type-page","status-publish","hentry"],"_links":{"self":[{"href":"https:\/\/mol.icb.usp.br\/index.php\/wp-json\/wp\/v2\/pages\/3432"}],"collection":[{"href":"https:\/\/mol.icb.usp.br\/index.php\/wp-json\/wp\/v2\/pages"}],"about":[{"href":"https:\/\/mol.icb.usp.br\/index.php\/wp-json\/wp\/v2\/types\/page"}],"author":[{"embeddable":true,"href":"https:\/\/mol.icb.usp.br\/index.php\/wp-json\/wp\/v2\/users\/2"}],"replies":[{"embeddable":true,"href":"https:\/\/mol.icb.usp.br\/index.php\/wp-json\/wp\/v2\/comments?post=3432"}],"version-history":[{"count":4,"href":"https:\/\/mol.icb.usp.br\/index.php\/wp-json\/wp\/v2\/pages\/3432\/revisions"}],"predecessor-version":[{"id":5888,"href":"https:\/\/mol.icb.usp.br\/index.php\/wp-json\/wp\/v2\/pages\/3432\/revisions\/5888"}],"wp:attachment":[{"href":"https:\/\/mol.icb.usp.br\/index.php\/wp-json\/wp\/v2\/media?parent=3432"}],"curies":[{"name":"wp","href":"https:\/\/api.w.org\/{rel}","templated":true}]}}