{"id":3398,"date":"2017-11-23T21:20:03","date_gmt":"2017-11-23T23:20:03","guid":{"rendered":"http:\/\/mol.icb.usp.br\/?page_id=3398"},"modified":"2018-03-10T10:36:35","modified_gmt":"2018-03-10T13:36:35","slug":"7-28-tecido-osseo","status":"publish","type":"page","link":"https:\/\/mol.icb.usp.br\/index.php\/7-28-tecido-osseo\/","title":{"rendered":"7-28 Tecido \u00f3sseo"},"content":{"rendered":"<div class=\"su-row\">\n  <div class=\"su-column su-column-size-1-1\"><div class=\"su-column-inner su-u-clearfix su-u-trim\"> <strong>DISCO EPIFIS\u00c1RIO \u2013 5<\/strong> <\/div><\/div>\n<\/div>\n<div class=\"su-row\">\n  <div class=\"su-column su-column-size-1-2\"><div class=\"su-column-inner su-u-clearfix su-u-trim\"> Ser\u00e3o apresentadas locais do disco que se seguem aos da p\u00e1gina anterior. S\u00e3o as regi\u00f5es de cartilagem seriada e o in\u00edcio da cartilagem hipertr\u00f3fica. A regi\u00e3o a ser observada aparece destacada na imagem superior.<\/p>\n<p>Imagem inferior<br \/>\n<strong>Zona de cartilagem seriada<\/strong><br \/>\n\u00c9 formada por <strong>condr\u00f3citos<\/strong> (ressaltados em vermelho) que se dividem por mitose. As c\u00e9lulas-filhas se disp\u00f5em em forma de pilhas de condr\u00f3citos, como pilhas de moedas. A <strong>matriz extracelular<\/strong> fica destacada em azul claro.<br \/>\n\u00c9 poss\u00edvel observar modifica\u00e7\u00f5es nos condr\u00f3citos mais distais das pilhas de condr\u00f3citos da cartilagem seriada. Na figura, s\u00e3o os condr\u00f3citos situados na por\u00e7\u00e3o inferior de cada pilha. Estes condr\u00f3citos gradativamente aumentam de volume e constituem a zona de cartilagem hipertr\u00f3fica, que ser\u00e1 estudada a seguir.<\/p>\n<p><strong>Zona de cartilagem hipertr\u00f3fica<\/strong><br \/>\n\u00c9 constitu\u00edda de <strong>condr\u00f3citos hipertrofiados<\/strong> (ressaltados em verde). Pode-se notar que \u00e0 medida que os condr\u00f3citos se afastam da zona de cartilagem seriada seu volume \u00e9 cada vez maior.<br \/>\nCom o aumento de tamanho das c\u00e9lulas, a matriz extracelular (ressaltada em azul claro)  que se situa entre as c\u00e9lulas diminui de volume e os condr\u00f3citos ficam separados por <strong> septos de matriz extracelular cartilaginosa<\/strong>.<\/p>\n<\/div><\/div>\n  <div class=\"su-column su-column-size-1-2\"><div class=\"su-column-inner su-u-clearfix su-u-trim\"> <\/p>\n<p><img decoding=\"async\" src=\"http:\/\/mol.icb.usp.br\/wp-content\/uploads\/7-28-A.jpg\"\/><\/a><\/p>\n<div onclick>\n<div class=\"image-container\">\n<div class=\"extra\">\n<a href=\"javascript:void(0)\"><img decoding=\"async\" src=\" http:\/\/mol.icb.usp.br\/wp-content\/uploads\/7-28-B.jpg \" onmouseover=\"this.src=' http:\/\/mol.icb.usp.br\/wp-content\/uploads\/7-28-B-MO.jpg'\" onmouseout=\"this.src=' http:\/\/mol.icb.usp.br\/wp-content\/uploads\/7-28-B.jpg'\" \/><\/a><\/div>\n<p>Disco epifis\u00e1rio. Colora\u00e7\u00e3o: HE. Aumento: m\u00e9dio.<\/p>\n<p><img decoding=\"async\" src=\"http:\/\/mol.icb.usp.br\/wp-content\/uploads\/mouse-1.gif\"\/><\/a><\/p>\n<p><strong>NAVEGA\u00c7\u00c3O NO MOL:<\/strong><\/p>\n<p><a href=\"http:\/\/mol.icb.usp.br\/index.php\/7-27-tecido-osseo\/\">ACESSAR P\u00c1GINA ANTERIOR<\/a><\/p>\n<p><a href=\"http:\/\/mol.icb.usp.br\/index.php\/7-29-tecido-osseo\/\">ACESSAR P\u00c1GINA SEGUINTE<\/a>\n<\/div>\n<\/div>\n<\/div>\n<p><\/body><br \/>\n<\/html> <\/div><\/div>\n<\/div>\n","protected":false},"excerpt":{"rendered":"","protected":false},"author":2,"featured_media":0,"parent":0,"menu_order":0,"comment_status":"closed","ping_status":"closed","template":"","meta":{"_monsterinsights_skip_tracking":false,"_monsterinsights_sitenote_active":false,"_monsterinsights_sitenote_note":"","_monsterinsights_sitenote_category":0,"footnotes":""},"class_list":["post-3398","page","type-page","status-publish","hentry"],"_links":{"self":[{"href":"https:\/\/mol.icb.usp.br\/index.php\/wp-json\/wp\/v2\/pages\/3398"}],"collection":[{"href":"https:\/\/mol.icb.usp.br\/index.php\/wp-json\/wp\/v2\/pages"}],"about":[{"href":"https:\/\/mol.icb.usp.br\/index.php\/wp-json\/wp\/v2\/types\/page"}],"author":[{"embeddable":true,"href":"https:\/\/mol.icb.usp.br\/index.php\/wp-json\/wp\/v2\/users\/2"}],"replies":[{"embeddable":true,"href":"https:\/\/mol.icb.usp.br\/index.php\/wp-json\/wp\/v2\/comments?post=3398"}],"version-history":[{"count":9,"href":"https:\/\/mol.icb.usp.br\/index.php\/wp-json\/wp\/v2\/pages\/3398\/revisions"}],"predecessor-version":[{"id":5865,"href":"https:\/\/mol.icb.usp.br\/index.php\/wp-json\/wp\/v2\/pages\/3398\/revisions\/5865"}],"wp:attachment":[{"href":"https:\/\/mol.icb.usp.br\/index.php\/wp-json\/wp\/v2\/media?parent=3398"}],"curies":[{"name":"wp","href":"https:\/\/api.w.org\/{rel}","templated":true}]}}