{"id":3316,"date":"2017-11-18T20:25:37","date_gmt":"2017-11-18T22:25:37","guid":{"rendered":"http:\/\/mol.icb.usp.br\/?page_id=3316"},"modified":"2024-05-24T17:04:14","modified_gmt":"2024-05-24T20:04:14","slug":"7-22-tecido-osseo","status":"publish","type":"page","link":"https:\/\/mol.icb.usp.br\/index.php\/7-22-tecido-osseo\/","title":{"rendered":"7-22 Tecido \u00f3sseo"},"content":{"rendered":"<div class=\"su-row\">\n  <div class=\"su-column su-column-size-1-1\"><div class=\"su-column-inner su-u-clearfix su-u-trim\"> <strong>PERI\u00d3STEO E END\u00d3STEO<\/strong> <\/div><\/div>\n<\/div>\n<div class=\"su-row\">\n  <div class=\"su-column su-column-size-1-2\"><div class=\"su-column-inner su-u-clearfix su-u-trim\"> Como j\u00e1 foi mencionado no in\u00edcio deste m\u00f3dulo, com raras exce\u00e7\u00f5es, toda superf\u00edcie \u00f3ssea \u00e9 revestida por c\u00e9lulas. Estas c\u00e9lulas podem ser de tr\u00eas tipos: c\u00e9lulas osteoprogenitoras (c\u00e9lulas tronco do tecido \u00f3sseo), osteoblastos ou osteoclastos. Os osteoblastos constituem a maioria das c\u00e9lulas que revestem.<br \/>\nA <strong>superf\u00edcie externa<\/strong> dos ossos \u00e9 revestida por c\u00e9lulas e externamente \u00e0s c\u00e9lulas por uma camada de tecido conjuntivo denso. Este conjunto \u00e9 denominado <strong>peri\u00f3steo<\/strong>.<br \/>\nCom exce\u00e7\u00e3o das superf\u00edcies articulares, toda a superf\u00edcie externa dos ossos \u00e9 envolvida por peri\u00f3steo.<\/p>\n<p>Este \u00e9 constitu\u00eddo por tecido conjuntivo denso modelado que possui fibroblastos e fibras col\u00e1genas dispostas paralelamente entre si e paralelamente \u00e0 superf\u00edcie do osso.<br \/>\nO peri\u00f3steo \u00e9 a regi\u00e3o do osso que cont\u00e9m vasos sangu\u00edneos e nervos que penetram nos ossos por pequenos orif\u00edcios. Os orif\u00edcios maiores s\u00e3o constantes nos v\u00e1rios indiv\u00edduos e possuem nomes anat\u00f4micos.<\/p>\n<p>Na figura h\u00e1 um trecho de <strong>peri\u00f3steo<\/strong> (ressaltado em cor de rosa). Est\u00e1 disposto sobre uma camada de osteoblastos que reveste o osso. Observe no peri\u00f3steo &#8211; tecido conjuntivo denso modelado composto de fibras col\u00e1genas organizadas paralelamente e c\u00e9lulas do tecido conjuntivo, principalmente fibroblastos. <\/p>\n<p>Toda a <strong>superf\u00edcie interna<\/strong> dos ossos \u00e9 revestida por c\u00e9lulas dos mesmos tipos citados anteriormente e que em conjunto constituem uma camada denominada <strong>end\u00f3steo<\/strong> (ressaltada em azul claro).<br \/>\nO end\u00f3steo \u00e9 geralmente uma camada muito delgada, frequentemente formada por uma camada de c\u00e9lulas disposta sobre a matriz \u00f3ssea.<br \/>\nVeja na pr\u00f3xima p\u00e1gina que o end\u00f3steo reveste n\u00e3o somente as grandes cavidades \u00f3sseas (p. ex. os canais medulares), mas todas pequenas cavidades situadas entre trab\u00e9culas do osso esponjoso e at\u00e9 mesmo a parede interna dos canais de Havers.<br \/>\nOste\u00f3citos aparecem ressaltados em verde.<\/p>\n<\/div><\/div>\n  <div class=\"su-column su-column-size-1-2\"><div class=\"su-column-inner su-u-clearfix su-u-trim\"> <\/p>\n<div onclick>\n<div class=\"image-container\">\n<div class=\"extra\">\n<a href=\"javascript:void(0)\"><img decoding=\"async\" src=\" http:\/\/mol.icb.usp.br\/wp-content\/uploads\/7-22.jpg \" onmouseover=\"this.src=' http:\/\/mol.icb.usp.br\/wp-content\/uploads\/7-22-MO.jpg'\" onmouseout=\"this.src=' http:\/\/mol.icb.usp.br\/wp-content\/uploads\/7-22.jpg'\" \/><\/a><\/div>\n<p>Peri\u00f3steo e end\u00f3steo. Colora\u00e7\u00e3o: HE. Aumento: pequeno.<\/p>\n<p><img decoding=\"async\" src=\"http:\/\/mol.icb.usp.br\/wp-content\/uploads\/mouse-1.gif\"\/><\/a><\/p>\n<p><strong>NAVEGA\u00c7\u00c3O NO MOL:<\/strong><\/p>\n<p><a href=\"http:\/\/mol.icb.usp.br\/index.php\/7-21-tecido-osseo\/\">ACESSAR P\u00c1GINA ANTERIOR<\/a><\/p>\n<p><a href=\"http:\/\/mol.icb.usp.br\/index.php\/7-23-tecido-osseo\/\">ACESSAR P\u00c1GINA SEGUINTE<\/a>\n<\/div>\n<\/div>\n<\/div>\n<p><\/body><br \/>\n<\/html> <\/div><\/div>\n<\/div>\n","protected":false},"excerpt":{"rendered":"","protected":false},"author":2,"featured_media":0,"parent":0,"menu_order":0,"comment_status":"closed","ping_status":"closed","template":"","meta":{"_monsterinsights_skip_tracking":false,"_monsterinsights_sitenote_active":false,"_monsterinsights_sitenote_note":"","_monsterinsights_sitenote_category":0,"footnotes":""},"class_list":["post-3316","page","type-page","status-publish","hentry"],"_links":{"self":[{"href":"https:\/\/mol.icb.usp.br\/index.php\/wp-json\/wp\/v2\/pages\/3316"}],"collection":[{"href":"https:\/\/mol.icb.usp.br\/index.php\/wp-json\/wp\/v2\/pages"}],"about":[{"href":"https:\/\/mol.icb.usp.br\/index.php\/wp-json\/wp\/v2\/types\/page"}],"author":[{"embeddable":true,"href":"https:\/\/mol.icb.usp.br\/index.php\/wp-json\/wp\/v2\/users\/2"}],"replies":[{"embeddable":true,"href":"https:\/\/mol.icb.usp.br\/index.php\/wp-json\/wp\/v2\/comments?post=3316"}],"version-history":[{"count":9,"href":"https:\/\/mol.icb.usp.br\/index.php\/wp-json\/wp\/v2\/pages\/3316\/revisions"}],"predecessor-version":[{"id":10499,"href":"https:\/\/mol.icb.usp.br\/index.php\/wp-json\/wp\/v2\/pages\/3316\/revisions\/10499"}],"wp:attachment":[{"href":"https:\/\/mol.icb.usp.br\/index.php\/wp-json\/wp\/v2\/media?parent=3316"}],"curies":[{"name":"wp","href":"https:\/\/api.w.org\/{rel}","templated":true}]}}