{"id":316,"date":"2017-05-15T11:49:44","date_gmt":"2017-05-15T14:49:44","guid":{"rendered":"http:\/\/mol.icb.usp.br\/?page_id=316"},"modified":"2018-01-20T11:33:27","modified_gmt":"2018-01-20T13:33:27","slug":"3-0-tecido-epitelial-glandular","status":"publish","type":"page","link":"https:\/\/mol.icb.usp.br\/index.php\/3-0-tecido-epitelial-glandular\/","title":{"rendered":"3-0 Tecido epitelial glandular"},"content":{"rendered":"<p>TECIDO EPITELIAL GLANDULAR<\/p>\n<p>OBJETIVOS DESTE M\u00d3DULO:<br \/>\nConceituar epit\u00e9lio glandular<br \/>\nAnalisar a classifica\u00e7\u00e3o do epit\u00e9lio glandular por seus v\u00e1rios conceitos<br \/>\nEstudar os v\u00e1rios tipos de gl\u00e2ndulas ex\u00f3crinas<br \/>\nAnalisar a organiza\u00e7\u00e3o das gl\u00e2ndulas ex\u00f3crinas<br \/>\nEstudar os v\u00e1rios tipos de gl\u00e2ndulas end\u00f3crinas<\/p>\n<p>Este m\u00f3dulo \u00e9 composto de 23 p\u00e1ginas.<\/p>\n<p><a href=\"http:\/\/mol.icb.usp.br\/index.php\/3-1-tecido-epitelial-glandular\/\">ENTRE NO IN\u00cdCIO DO M\u00d3DULO 3<\/a><br \/>\nou<br \/>\nCLIQUE NOS LINKS PARA ABRIR OS T\u00d3PICOS PRINCIPAIS<br \/>\n<a href=\"http:\/\/mol.icb.usp.br\/index.php\/3-1-tecido-epitelial-glandular\/\">Conceito e caracter\u00edsticas do epit\u00e9lio glandular<\/a><br \/>\n<a href=\"http:\/\/mol.icb.usp.br\/index.php\/3-3-tecido-epitelial-glandular\/\">Componentes de uma gl\u00e2ndula ex\u00f3crina<\/a><br \/>\n<a href=\"http:\/\/mol.icb.usp.br\/index.php\/3-4-tecido-epitelial-glandular\/\">Tipos de gl\u00e2ndulas ex\u00f3crinas<\/a><br \/>\n<a href=\"http:\/\/mol.icb.usp.br\/index.php\/3-6-tecido-epitelial-glandular\/\">Gl\u00e2ndulas tubulosas<\/a><br \/>\n<a href=\"http:\/\/mol.icb.usp.br\/index.php\/3-7-tecido-epitelial-glandular\/\">T\u00fabulo mucoso<\/a><br \/>\n<a href=\"http:\/\/mol.icb.usp.br\/index.php\/3-11-tecido-epitelial-glandular\/\">\u00c1cino seroso<\/a><br \/>\n<a href=\"http:\/\/mol.icb.usp.br\/index.php\/3-18-tecido-epitelial-glandular\/\">Ductos excretores<\/a><br \/>\n<a href=\"http:\/\/mol.icb.usp.br\/index.php\/3-19-tecido-epitelial-glandular\/\">Conceito de par\u00eanquima e estroma<\/a><br \/>\n<a href=\"http:\/\/mol.icb.usp.br\/index.php\/3-20-tecido-epitelial-glandular\/\">Organiza\u00e7\u00e3o das gl\u00e2ndulas ex\u00f3crinas<\/a><br \/>\n<a href=\"http:\/\/mol.icb.usp.br\/index.php\/3-21-tecido-epitelial-glandular\/\">Gl\u00e2ndulas end\u00f3crinas<\/a><\/p>\n","protected":false},"excerpt":{"rendered":"<p>TECIDO EPITELIAL GLANDULAR OBJETIVOS DESTE M\u00d3DULO: Conceituar epit\u00e9lio glandular Analisar a classifica\u00e7\u00e3o do epit\u00e9lio glandular por seus v\u00e1rios conceitos Estudar os v\u00e1rios tipos de gl\u00e2ndulas ex\u00f3crinas Analisar a organiza\u00e7\u00e3o das gl\u00e2ndulas ex\u00f3crinas Estudar os v\u00e1rios tipos de gl\u00e2ndulas end\u00f3crinas Este m\u00f3dulo \u00e9 composto de 23 p\u00e1ginas. ENTRE NO IN\u00cdCIO DO M\u00d3DULO 3 ou CLIQUE NOS [&hellip;]<\/p>\n","protected":false},"author":2,"featured_media":0,"parent":0,"menu_order":0,"comment_status":"closed","ping_status":"closed","template":"","meta":{"_monsterinsights_skip_tracking":false,"_monsterinsights_sitenote_active":false,"_monsterinsights_sitenote_note":"","_monsterinsights_sitenote_category":0,"footnotes":""},"class_list":["post-316","page","type-page","status-publish","hentry"],"_links":{"self":[{"href":"https:\/\/mol.icb.usp.br\/index.php\/wp-json\/wp\/v2\/pages\/316"}],"collection":[{"href":"https:\/\/mol.icb.usp.br\/index.php\/wp-json\/wp\/v2\/pages"}],"about":[{"href":"https:\/\/mol.icb.usp.br\/index.php\/wp-json\/wp\/v2\/types\/page"}],"author":[{"embeddable":true,"href":"https:\/\/mol.icb.usp.br\/index.php\/wp-json\/wp\/v2\/users\/2"}],"replies":[{"embeddable":true,"href":"https:\/\/mol.icb.usp.br\/index.php\/wp-json\/wp\/v2\/comments?post=316"}],"version-history":[{"count":7,"href":"https:\/\/mol.icb.usp.br\/index.php\/wp-json\/wp\/v2\/pages\/316\/revisions"}],"predecessor-version":[{"id":4977,"href":"https:\/\/mol.icb.usp.br\/index.php\/wp-json\/wp\/v2\/pages\/316\/revisions\/4977"}],"wp:attachment":[{"href":"https:\/\/mol.icb.usp.br\/index.php\/wp-json\/wp\/v2\/media?parent=316"}],"curies":[{"name":"wp","href":"https:\/\/api.w.org\/{rel}","templated":true}]}}