{"id":3143,"date":"2017-11-06T10:48:33","date_gmt":"2017-11-06T12:48:33","guid":{"rendered":"http:\/\/mol.icb.usp.br\/?page_id=3143"},"modified":"2021-03-10T11:52:56","modified_gmt":"2021-03-10T14:52:56","slug":"7-4-tecido-osseo","status":"publish","type":"page","link":"https:\/\/mol.icb.usp.br\/index.php\/7-4-tecido-osseo\/","title":{"rendered":"7-4 Tecido \u00f3sseo"},"content":{"rendered":"<div class=\"su-row\">\n  <div class=\"su-column su-column-size-1-1\"><div class=\"su-column-inner su-u-clearfix su-u-trim\"> <strong>C\u00c9LULAS DO TECIDO \u00d3SSEO \u2013 1<\/strong> <\/div><\/div>\n<\/div>\n<div class=\"su-row\">\n  <div class=\"su-column su-column-size-1-2\"><div class=\"su-column-inner su-u-clearfix su-u-trim\"> Figura superior<br \/>\nObserve os principais componentes desta imagem: a) um segmento de uma trab\u00e9cula \u00f3ssea; b) tecido conjuntivo frouxo em torno da trab\u00e9cula; c) dois vasos sangu\u00edneos no interior do tecido conjuntivo frouxo.<br \/>\nTrata-se de tecido \u00f3sseo \u2013 matriz homog\u00eanea acid\u00f3fila (cor de rosa ap\u00f3s HE), c\u00e9lulas revestindo a trab\u00e9cula \u00f3ssea e c\u00e9lulas no interior da trab\u00e9cula.<\/p>\n<p>H\u00e1 duas linhagens no tecido \u00f3sseo: linhagem osteobl\u00e1stica e linhagem osteocl\u00e1stica.<br \/>\nA linhagem osteobl\u00e1stica \u00e9 composta de tr\u00eas tipos celulares, c\u00e9lulas osteoprogenitoras, osteoblastos e oste\u00f3citos. Os osteoblastos e oste\u00f3citos s\u00e3o facilmente reconhec\u00edveis em cortes histol\u00f3gicos, por\u00e9m n\u00e3o as c\u00e9lulas osteoprogenitoras.<br \/>\nObserve estas c\u00e9lulas na figura inferior:<br \/>\nOs <strong>osteoblastos<\/strong> (em laranja ap\u00f3s clicar) constituem a maioria das c\u00e9lulas que recobrem a matriz \u00f3ssea.<br \/>\nOs <strong>oste\u00f3citos<\/strong> s\u00e3o as c\u00e9lulas situadas no interior do tecido, envolvidas por matriz extracelular \u00f3ssea. Ficam ressaltadas em verde. Dois oste\u00f3citos (ressaltados em verde escuro) est\u00e3o muito pr\u00f3ximos \u00e0 superf\u00edcie da trab\u00e9cula e, provavelmente, representam dois osteoblastos que recentemente foram envolvidos por matriz \u00f3ssea, passando do estado de osteoblastos para oste\u00f3citos.<\/p>\n<p>H\u00e1 um <strong>osteoclasto<\/strong> na superf\u00edcie externa de um local da trab\u00e9cula. \u00c9 uma c\u00e9lula muito grande, de citoplasma bastante acid\u00f3filo e multinucleada. (Fica ressaltada em azul escuro). Osteoclastos pertencem \u00e0 linhagem osteocl\u00e1stica.<\/p>\n<\/div><\/div>\n  <div class=\"su-column su-column-size-1-2\"><div class=\"su-column-inner su-u-clearfix su-u-trim\"> <\/p>\n<div onclick>\n<div class=\"image-container\">\n<div class=\"extra\">\n<a href=\"javascript:void(0)\"><img decoding=\"async\" src=\" http:\/\/mol.icb.usp.br\/wp-content\/uploads\/7-4.jpg \" onmouseover=\"this.src=' http:\/\/mol.icb.usp.br\/wp-content\/uploads\/7-4-A-MO.jpg'\" onmouseout=\"this.src=' http:\/\/mol.icb.usp.br\/wp-content\/uploads\/7-4.jpg'\" \/><\/a><\/div>\n<p>Trab\u00e9cula \u00f3ssea. Colora\u00e7\u00e3o: hematoxilina e eosina. Aumento: m\u00e9dio.<\/p>\n<p><img decoding=\"async\" src=\"http:\/\/mol.icb.usp.br\/wp-content\/uploads\/mouse-1.gif\"\/><\/a><\/p>\n<div class=\"extra\">\n<a href=\"javascript:void(0)\"><img decoding=\"async\" src=\" http:\/\/mol.icb.usp.br\/wp-content\/uploads\/7-4.jpg \" onmouseover=\"this.src=' http:\/\/mol.icb.usp.br\/wp-content\/uploads\/7-4-B-MO.jpg'\" onmouseout=\"this.src=' http:\/\/mol.icb.usp.br\/wp-content\/uploads\/7-4.jpg'\" \/><\/a><\/div>\n<p>Trab\u00e9cula \u00f3ssea. Colora\u00e7\u00e3o: hematoxilina e eosina. Aumento: m\u00e9dio.<\/p>\n<p><img decoding=\"async\" src=\"http:\/\/mol.icb.usp.br\/wp-content\/uploads\/mouse-1.gif\"\/><\/a><\/p>\n<div onclick=\"\"><strong>Tablets e telefones celulares:<\/strong><br \/>\nClique sobre a figura para acessar outra imagem. Clique fora da figura para voltar \u00e0 primeira imagem.<\/p>\n<p>Para navegar no MOL, use os links ACESSAR P\u00c1GINA ANTERIOR e ACESSAR P\u00c1GINA SEGUINTE situados abaixo da figura.<\/p>\n<p><strong>NAVEGA\u00c7\u00c3O NO MOL:<\/strong><\/p>\n<p><a href=\"http:\/\/mol.icb.usp.br\/index.php\/7-3-tecido-osseo\/\">ACESSAR P\u00c1GINA ANTERIOR<\/a><\/p>\n<p><a href=\"http:\/\/mol.icb.usp.br\/index.php\/7-5-tecido-osseo\/\">ACESSAR P\u00c1GINA SEGUINTE<\/a>\n<\/div>\n<\/div>\n<\/div>\n<p><\/body><br \/>\n<\/html> <\/div><\/div>\n<\/div>\n","protected":false},"excerpt":{"rendered":"","protected":false},"author":2,"featured_media":0,"parent":0,"menu_order":0,"comment_status":"closed","ping_status":"closed","template":"","meta":{"_monsterinsights_skip_tracking":false,"_monsterinsights_sitenote_active":false,"_monsterinsights_sitenote_note":"","_monsterinsights_sitenote_category":0,"footnotes":""},"class_list":["post-3143","page","type-page","status-publish","hentry"],"_links":{"self":[{"href":"https:\/\/mol.icb.usp.br\/index.php\/wp-json\/wp\/v2\/pages\/3143"}],"collection":[{"href":"https:\/\/mol.icb.usp.br\/index.php\/wp-json\/wp\/v2\/pages"}],"about":[{"href":"https:\/\/mol.icb.usp.br\/index.php\/wp-json\/wp\/v2\/types\/page"}],"author":[{"embeddable":true,"href":"https:\/\/mol.icb.usp.br\/index.php\/wp-json\/wp\/v2\/users\/2"}],"replies":[{"embeddable":true,"href":"https:\/\/mol.icb.usp.br\/index.php\/wp-json\/wp\/v2\/comments?post=3143"}],"version-history":[{"count":9,"href":"https:\/\/mol.icb.usp.br\/index.php\/wp-json\/wp\/v2\/pages\/3143\/revisions"}],"predecessor-version":[{"id":8929,"href":"https:\/\/mol.icb.usp.br\/index.php\/wp-json\/wp\/v2\/pages\/3143\/revisions\/8929"}],"wp:attachment":[{"href":"https:\/\/mol.icb.usp.br\/index.php\/wp-json\/wp\/v2\/media?parent=3143"}],"curies":[{"name":"wp","href":"https:\/\/api.w.org\/{rel}","templated":true}]}}