{"id":3031,"date":"2017-10-28T11:19:41","date_gmt":"2017-10-28T13:19:41","guid":{"rendered":"http:\/\/mol.icb.usp.br\/?page_id=3031"},"modified":"2018-03-09T15:25:31","modified_gmt":"2018-03-09T18:25:31","slug":"6-4-tecido-cartilaginoso","status":"publish","type":"page","link":"https:\/\/mol.icb.usp.br\/index.php\/6-4-tecido-cartilaginoso\/","title":{"rendered":"6-4 Tecido cartilaginoso"},"content":{"rendered":"<div class=\"su-row\">\n  <div class=\"su-column su-column-size-1-1\"><div class=\"su-column-inner su-u-clearfix su-u-trim\"> <strong>CARTILAGEM HIALINA &#8211; 2<\/strong> <\/div><\/div>\n<\/div>\n<div class=\"su-row\">\n  <div class=\"su-column su-column-size-1-2\"><div class=\"su-column-inner su-u-clearfix su-u-trim\"> As c\u00e9lulas residentes do tecido cartilaginoso &#8211; os <strong>condr\u00f3citos<\/strong> &#8211; s\u00e3o esf\u00e9ricos ou poli\u00e9dricos.<br \/>\nComo a matriz extracelular \u00e9 relativamente r\u00edgida, os condr\u00f3citos se localizam permanentemente em pequenas cavidades da matriz denominadas <strong>lacunas<\/strong> ou <strong>condroplastos<\/strong>.<br \/>\nH\u00e1 um processo retra\u00e7\u00e3o durante a fixa\u00e7\u00e3o dos tecidos e durante a prepara\u00e7\u00e3o de blocos de parafina. A retra\u00e7\u00e3o atinge graus diferentes na matriz extracelular e nos condr\u00f3citos. Os condr\u00f3citos geralmente sofrem mais retra\u00e7\u00e3o que a matriz. Por isto, quando se observam cortes histol\u00f3gicos, parece que eles n\u00e3o ocupam todo o espa\u00e7o da sua lacuna. Quando vivos, no entanto, eles ocupam todo o espa\u00e7o da lacuna.<br \/>\nH\u00e1 muitos <strong>condr\u00f3citos<\/strong> na imagem. Identifique-os. Quando se coloca o cursor sobre a imagem, o citoplasma e o n\u00facleo de alguns condr\u00f3citos s\u00e3o ressaltados respectivamente em vermelho e azul.<br \/>\nDevido \u00e0 retra\u00e7\u00e3o dos condr\u00f3citos observam-se muitas por\u00e7\u00f5es das <strong>lacunas<\/strong> que aparecem vazias, n\u00e3o ocupadas por condr\u00f3citos, e s\u00e3o ressaltadas em cor turquesa.<br \/>\nNote que na matriz extracelular n\u00e3o se observam fibras. <strong>A matriz \u00e9 bas\u00f3fila, de cor azul ou arroxeada<\/strong>, conforme a regi\u00e3o da matriz.<br \/>\nO <strong>peric\u00f4ndrio<\/strong> \u00e9 destacado em verde.<\/p>\n<\/div><\/div>\n  <div class=\"su-column su-column-size-1-2\"><div class=\"su-column-inner su-u-clearfix su-u-trim\"> <\/p>\n<div onclick>\n<div class=\"image-container\">\n<div class=\"extra\">\n<a href=\"javascript:void(0)\"><img decoding=\"async\" src=\" http:\/\/mol.icb.usp.br\/wp-content\/uploads\/6-4.jpg \" onmouseover=\"this.src=' http:\/\/mol.icb.usp.br\/wp-content\/uploads\/6-4-MO.jpg'\" onmouseout=\"this.src=' http:\/\/mol.icb.usp.br\/wp-content\/uploads\/6-4.jpg'\" \/><\/a><\/div>\n<p>Traqueia. Colora\u00e7\u00e3o: HE. Aumento: m\u00e9dio.<\/p>\n<p><img decoding=\"async\" src=\"http:\/\/mol.icb.usp.br\/wp-content\/uploads\/mouse-1.gif\"\/><\/a><\/p>\n<p><strong>NAVEGA\u00c7\u00c3O NO MOL:<\/strong><\/p>\n<p><a href=\"http:\/\/mol.icb.usp.br\/index.php\/6-3-tecido-cartilaginoso\/\">ACESSAR P\u00c1GINA ANTERIOR<\/a><\/p>\n<p><a href=\"http:\/\/mol.icb.usp.br\/index.php\/6-5-tecido-cartilaginoso\/\">ACESSAR P\u00c1GINA SEGUINTE<\/a>\n<\/div>\n<\/div>\n<\/div>\n<p><\/body><br \/>\n<\/html> <\/div><\/div>\n<\/div>\n","protected":false},"excerpt":{"rendered":"","protected":false},"author":2,"featured_media":0,"parent":0,"menu_order":0,"comment_status":"closed","ping_status":"closed","template":"","meta":{"_monsterinsights_skip_tracking":false,"_monsterinsights_sitenote_active":false,"_monsterinsights_sitenote_note":"","_monsterinsights_sitenote_category":0,"footnotes":""},"class_list":["post-3031","page","type-page","status-publish","hentry"],"_links":{"self":[{"href":"https:\/\/mol.icb.usp.br\/index.php\/wp-json\/wp\/v2\/pages\/3031"}],"collection":[{"href":"https:\/\/mol.icb.usp.br\/index.php\/wp-json\/wp\/v2\/pages"}],"about":[{"href":"https:\/\/mol.icb.usp.br\/index.php\/wp-json\/wp\/v2\/types\/page"}],"author":[{"embeddable":true,"href":"https:\/\/mol.icb.usp.br\/index.php\/wp-json\/wp\/v2\/users\/2"}],"replies":[{"embeddable":true,"href":"https:\/\/mol.icb.usp.br\/index.php\/wp-json\/wp\/v2\/comments?post=3031"}],"version-history":[{"count":7,"href":"https:\/\/mol.icb.usp.br\/index.php\/wp-json\/wp\/v2\/pages\/3031\/revisions"}],"predecessor-version":[{"id":5762,"href":"https:\/\/mol.icb.usp.br\/index.php\/wp-json\/wp\/v2\/pages\/3031\/revisions\/5762"}],"wp:attachment":[{"href":"https:\/\/mol.icb.usp.br\/index.php\/wp-json\/wp\/v2\/media?parent=3031"}],"curies":[{"name":"wp","href":"https:\/\/api.w.org\/{rel}","templated":true}]}}