{"id":2804,"date":"2017-09-21T22:33:25","date_gmt":"2017-09-22T01:33:25","guid":{"rendered":"http:\/\/mol.icb.usp.br\/?page_id=2804"},"modified":"2018-03-07T14:49:13","modified_gmt":"2018-03-07T17:49:13","slug":"4-25-tecido-conjuntivo","status":"publish","type":"page","link":"https:\/\/mol.icb.usp.br\/index.php\/4-25-tecido-conjuntivo\/","title":{"rendered":"4-25 Tecido conjuntivo"},"content":{"rendered":"<div class=\"su-row\">\n  <div class=\"su-column su-column-size-1-1\"><div class=\"su-column-inner su-u-clearfix su-u-trim\"> <strong>C\u00c9LULAS TRANSIENTES &#8211; 4<\/strong> <\/div><\/div>\n<\/div>\n<div class=\"su-row\">\n  <div class=\"su-column su-column-size-1-2\"><div class=\"su-column-inner su-u-clearfix su-u-trim\"><strong>Plasm\u00f3citos<\/strong><\/p>\n<p>Os <strong>plasm\u00f3citos<\/strong> s\u00e3o derivados de <strong>linf\u00f3citos do tipo B<\/strong> que durante uma resposta imunit\u00e1ria reconheceram ant\u00edgenos e receberam instru\u00e7\u00f5es para se diferenciarem em plasm\u00f3citos.<br \/>\nS\u00e3o c\u00e9lulas esf\u00e9ricas ou ov\u00f3ides, cujo citoplasma \u00e9 habitualmente bas\u00f3filo em virtude da presen\u00e7a de grande quantidade de <strong>ergastoplasma<\/strong>. O citoplasma est\u00e1 ressaltado em cinza. S\u00e3o c\u00e9lulas que sintetizam e secretam ativamente grandes quantidades de prote\u00ednas &#8211; as <strong>imunoglobulinas<\/strong> de v\u00e1rias classes, tamb\u00e9m chamadas genericamente de <strong>anticorpos<\/strong>.<br \/>\nSeu n\u00facleo \u00e9 esf\u00e9rico e normalmente exc\u00eantrico, isto \u00e9, deslocado do centro da c\u00e9lula. O n\u00facleo frequentemente possui grumos grandes de heterocromatina.<br \/>\n\u00c0s vezes estes grumos se localizam na periferia do n\u00facleo dando a este um aspecto que \u00e9 comparado a <strong>rodas de uma carro\u00e7a<\/strong>. A <strong>seta verde<\/strong> indica um desses n\u00facleos<br \/>\nOutra caracter\u00edstica muito frequentemente observada em plasm\u00f3citos \u00e9 um <strong>halo mais claro entre o n\u00facleo e o restante do citoplasma<\/strong>. Trata-se da <strong>regi\u00e3o do complexo de Golgi<\/strong> que \u00e9 muito desenvolvido nestas c\u00e9lulas devido a sua participa\u00e7\u00e3o importante no processo de secre\u00e7\u00e3o de prote\u00ednas, o qual \u00e9 muito intenso nos plasm\u00f3citos.<br \/>\nComo o aparelho de Golgi n\u00e3o \u00e9 corado pelos corantes usuais, este halo claro \u00e9 denominado <strong>&#8220;imagem negativa do aparelho de Golgi&#8221;<\/strong>. V\u00e1rias das c\u00e9lulas da figura t\u00eam este halo junto ao n\u00facleo, que fica ressaltado em azul escuro ap\u00f3s clicar ou colocar o cursor sobre a imagem.<br \/>\nVeja plasm\u00f3citos e linf\u00f3citos tamb\u00e9m na p\u00e1gina <a href=\"http:\/\/mol.icb.usp.br\/index.php\/12-14-orgaos-linfoides\/\" rel=\"noopener\" target=\"_blank\">12-14<\/a> e nas p\u00e1ginas seguintes a esta.<\/p>\n<\/div><\/div>\n  <div class=\"su-column su-column-size-1-2\"><div class=\"su-column-inner su-u-clearfix su-u-trim\"> <\/p>\n<div onclick>\n<div class=\"image-container\">\n<div class=\"extra\">\n<a href=\"javascript:void(0)\"><img decoding=\"async\" src=\" http:\/\/mol.icb.usp.br\/wp-content\/uploads\/4-25.jpg \" onmouseover=\"this.src=' http:\/\/mol.icb.usp.br\/wp-content\/uploads\/4-25MO.jpg'\" onmouseout=\"this.src=' http:\/\/mol.icb.usp.br\/wp-content\/uploads\/4-25.jpg'\" \/><\/a><\/div>\n<p>Infiltrado inflamat\u00f3rio. Colora\u00e7\u00e3o: HE. Aumento: m\u00e9dio.<\/p>\n<p><img decoding=\"async\" src=\"http:\/\/mol.icb.usp.br\/wp-content\/uploads\/mouse-1.gif\"\/><\/a><\/p>\n<div onclick=\"\"><strong>Tablets e telefones celulares:<\/strong><br \/>\nClique sobre a figura para acessar outra imagem. Clique fora da figura para voltar \u00e0 primeira imagem.<\/p>\n<p>Para navegar no MOL, use os links ACESSAR P\u00c1GINA ANTERIOR e ACESSAR P\u00c1GINA SEGUINTE situados abaixo da figura.<\/p>\n<p><strong>NAVEGA\u00c7\u00c3O NO MOL:<\/strong><\/p>\n<p><a href=\"http:\/\/mol.icb.usp.br\/index.php\/4-24-tecido-conjuntivo\/\">ACESSAR P\u00c1GINA ANTERIOR<\/a><\/p>\n<p><a href=\"http:\/\/mol.icb.usp.br\/index.php\/4-26-tecido-conjuntivo\/\">ACESSAR P\u00c1GINA SEGUINTE<\/a>\n<\/div>\n<\/div>\n<\/div>\n<p><\/body><br \/>\n<\/html> <\/div><\/div>\n<\/div>\n","protected":false},"excerpt":{"rendered":"","protected":false},"author":2,"featured_media":0,"parent":0,"menu_order":0,"comment_status":"closed","ping_status":"closed","template":"","meta":{"_monsterinsights_skip_tracking":false,"_monsterinsights_sitenote_active":false,"_monsterinsights_sitenote_note":"","_monsterinsights_sitenote_category":0,"footnotes":""},"class_list":["post-2804","page","type-page","status-publish","hentry"],"_links":{"self":[{"href":"https:\/\/mol.icb.usp.br\/index.php\/wp-json\/wp\/v2\/pages\/2804"}],"collection":[{"href":"https:\/\/mol.icb.usp.br\/index.php\/wp-json\/wp\/v2\/pages"}],"about":[{"href":"https:\/\/mol.icb.usp.br\/index.php\/wp-json\/wp\/v2\/types\/page"}],"author":[{"embeddable":true,"href":"https:\/\/mol.icb.usp.br\/index.php\/wp-json\/wp\/v2\/users\/2"}],"replies":[{"embeddable":true,"href":"https:\/\/mol.icb.usp.br\/index.php\/wp-json\/wp\/v2\/comments?post=2804"}],"version-history":[{"count":10,"href":"https:\/\/mol.icb.usp.br\/index.php\/wp-json\/wp\/v2\/pages\/2804\/revisions"}],"predecessor-version":[{"id":5718,"href":"https:\/\/mol.icb.usp.br\/index.php\/wp-json\/wp\/v2\/pages\/2804\/revisions\/5718"}],"wp:attachment":[{"href":"https:\/\/mol.icb.usp.br\/index.php\/wp-json\/wp\/v2\/media?parent=2804"}],"curies":[{"name":"wp","href":"https:\/\/api.w.org\/{rel}","templated":true}]}}