{"id":2754,"date":"2017-09-18T20:03:12","date_gmt":"2017-09-18T23:03:12","guid":{"rendered":"http:\/\/mol.icb.usp.br\/?page_id=2754"},"modified":"2025-09-01T16:59:47","modified_gmt":"2025-09-01T19:59:47","slug":"4-20-tecido-conjuntivo","status":"publish","type":"page","link":"https:\/\/mol.icb.usp.br\/index.php\/4-20-tecido-conjuntivo\/","title":{"rendered":"4-20 Tecido conjuntivo"},"content":{"rendered":"<div class=\"su-row\">\n  <div class=\"su-column su-column-size-1-1\"><div class=\"su-column-inner su-u-clearfix su-u-trim\"> <strong>C\u00c9LULAS RESIDENTES- MACR\u00d3FAGOS -2<\/strong> <\/div><\/div>\n<\/div>\n<div class=\"su-row\">\n  <div class=\"su-column su-column-size-1-2\"><div class=\"su-column-inner su-u-clearfix su-u-trim\"> Os <strong>linfonodos<\/strong> s\u00e3o pequenos \u00f3rg\u00e3os espalhados pelo corpo, atrav\u00e9s dos quais passa linfa. Nos linfonodos a linfa \u00e9 &#8220;filtrada&#8221; pelos macr\u00f3fagos, pois estes t\u00eam a oportunidade de encontrar ant\u00edgenos trazidos pela linfa, destruir microrganismos e desencadear uma resposta imunit\u00e1ria.<br \/>\nNa figura, as setas apontam para macr\u00f3fagos situados no interior de um linfonodo.<br \/>\nRepare que o citoplasma de um dos macr\u00f3fagos parece ser &#8220;espumoso&#8221; ou vacuolizado. Isto se deve provavelmente \u00e0 grande quantidade de vac\u00faolos existentes em seu citoplasma.<br \/>\nMaterial fagocitado ser\u00e1 ressaltado em verde ap\u00f3s colocar o cursor ou clicar sobre a figura.<br \/>\nPara ver mais imagens de macr\u00f3fagos clique em: <a href=\"http:\/\/mol.icb.usp.br\/index.php\/12-15-orgaos-linfoides\/\" rel=\"noopener\" target=\"_blank\">p\u00e1gina 12-15<\/a> e <a href=\"http:\/\/mol.icb.usp.br\/index.php\/12-16-orgaos-linfoides\/\" rel=\"noopener\" target=\"_blank\">p\u00e1gina 12-16<\/a>. <\/p>\n<\/div><\/div>\n  <div class=\"su-column su-column-size-1-2\"><div class=\"su-column-inner su-u-clearfix su-u-trim\"> <\/p>\n<div onclick>\n<div class=\"image-container\">\n<div class=\"extra\">\n<a href=\"javascript:void(0)\"><img decoding=\"async\" src=\" http:\/\/mol.icb.usp.br\/wp-content\/uploads\/4-20.jpg \" onmouseover=\"this.src=' http:\/\/mol.icb.usp.br\/wp-content\/uploads\/4-20MO.jpg'\" onmouseout=\"this.src=' http:\/\/mol.icb.usp.br\/wp-content\/uploads\/4-20.jpg'\" \/><\/a><\/div>\n<p>Linfonodo. Colora\u00e7\u00e3o: HE. Aumento: grande.<\/p>\n<p><img decoding=\"async\" src=\"http:\/\/mol.icb.usp.br\/wp-content\/uploads\/mouse-1.gif\"\/><\/a><\/p>\n<div onclick=\"\"><strong>Tablets e telefones celulares:<\/strong><br \/>\n<strong>NAVEGA\u00c7\u00c3O NO MOL:<\/strong><\/p>\n<p><a href=\"http:\/\/mol.icb.usp.br\/index.php\/4-19-tecido-conjuntivo\/\">ACESSAR P\u00c1GINA ANTERIOR<\/a><\/p>\n<p><a href=\"http:\/\/mol.icb.usp.br\/index.php\/4-21-tecido-conjuntivo\/\">ACESSAR P\u00c1GINA SEGUINTE<\/a><\/p>\n<\/div>\n<\/div>\n<p><\/body><br \/>\n<\/html> <\/div><\/div>\n<\/div>\n","protected":false},"excerpt":{"rendered":"","protected":false},"author":2,"featured_media":0,"parent":0,"menu_order":0,"comment_status":"closed","ping_status":"closed","template":"","meta":{"_monsterinsights_skip_tracking":false,"_monsterinsights_sitenote_active":false,"_monsterinsights_sitenote_note":"","_monsterinsights_sitenote_category":0,"footnotes":""},"class_list":["post-2754","page","type-page","status-publish","hentry"],"_links":{"self":[{"href":"https:\/\/mol.icb.usp.br\/index.php\/wp-json\/wp\/v2\/pages\/2754"}],"collection":[{"href":"https:\/\/mol.icb.usp.br\/index.php\/wp-json\/wp\/v2\/pages"}],"about":[{"href":"https:\/\/mol.icb.usp.br\/index.php\/wp-json\/wp\/v2\/types\/page"}],"author":[{"embeddable":true,"href":"https:\/\/mol.icb.usp.br\/index.php\/wp-json\/wp\/v2\/users\/2"}],"replies":[{"embeddable":true,"href":"https:\/\/mol.icb.usp.br\/index.php\/wp-json\/wp\/v2\/comments?post=2754"}],"version-history":[{"count":9,"href":"https:\/\/mol.icb.usp.br\/index.php\/wp-json\/wp\/v2\/pages\/2754\/revisions"}],"predecessor-version":[{"id":10480,"href":"https:\/\/mol.icb.usp.br\/index.php\/wp-json\/wp\/v2\/pages\/2754\/revisions\/10480"}],"wp:attachment":[{"href":"https:\/\/mol.icb.usp.br\/index.php\/wp-json\/wp\/v2\/media?parent=2754"}],"curies":[{"name":"wp","href":"https:\/\/api.w.org\/{rel}","templated":true}]}}