{"id":2581,"date":"2017-09-07T12:24:33","date_gmt":"2017-09-07T15:24:33","guid":{"rendered":"http:\/\/mol.icb.usp.br\/?page_id=2581"},"modified":"2018-03-06T21:53:36","modified_gmt":"2018-03-07T00:53:36","slug":"4-4-tecido-conjuntivo","status":"publish","type":"page","link":"https:\/\/mol.icb.usp.br\/index.php\/4-4-tecido-conjuntivo\/","title":{"rendered":"4-4 Tecido conjuntivo"},"content":{"rendered":"<div class=\"su-row\">\n  <div class=\"su-column su-column-size-1-1\"><div class=\"su-column-inner su-u-clearfix su-u-trim\"> <strong>MATRIZ EXTRACELULAR FIBRILAR<\/strong> <\/div><\/div>\n<\/div>\n<div class=\"su-row\">\n  <div class=\"su-column su-column-size-1-2\"><div class=\"su-column-inner su-u-clearfix su-u-trim\"> <\/p>\n<p>Mesent\u00e9rio<\/p>\n<p>Nas pr\u00f3ximas p\u00e1ginas ser\u00e3o vistas fibras da matriz extracelular do tecido conjuntivo. Do ponto de vista did\u00e1tico, um local muito conveniente para se observar estas fibras \u00e9 o <strong>mesent\u00e9rio<\/strong>.<br \/>\nMesent\u00e9rio \u00e9 uma delgada membrana semi-transparente de tecido conjuntivo revestida por <strong>mesot\u00e9lio<\/strong> em ambas faces. Se n\u00e3o lembrar o que \u00e9 mesot\u00e9lio consulte o <strong>Gloss\u00e1rio<\/strong>, clicando na barra superior do MOL.<br \/>\nO mesent\u00e9rio prende as al\u00e7as intestinais \u00e0 parede da cavidade abdominal e no seu interior passam vasos e nervos. Serve para manter em seu lugar os intestinos, nutri-los e inerv\u00e1-los.<br \/>\nO mesent\u00e9rio \u00e9 rico em fibras e c\u00e9lulas do tecido conjuntivo. \u00c9 poss\u00edvel cortar um pequeno fragmento de mesent\u00e9rio, fix\u00e1-lo com fixador histol\u00f3gico, cor\u00e1-lo e coloc\u00e1-lo sobre uma l\u00e2mina histol\u00f3gica. Veja a figura.<br \/>\nN\u00e3o h\u00e1 necessidade de fazer cortes histol\u00f3gicos deste material, pois, sendo delgado ele \u00e9 transl\u00facido e pode ser observado ao microsc\u00f3pio de luz. Este tipo de preparado em que se coloca um fragmento de \u00f3rg\u00e3o ou tecido sobre a l\u00e2mina de vidro \u00e9 denominado <strong>preparado total<\/strong>.<\/p>\n<\/div><\/div>\n  <div class=\"su-column su-column-size-1-2\"><div class=\"su-column-inner su-u-clearfix su-u-trim\"> <\/p>\n<p><img decoding=\"async\" src=\" http:\/\/mol.icb.usp.br\/wp-content\/uploads\/4-4.jpg \" \/><\/a><\/p>\n<p>Para navegar no MOL, use os links ACESSAR P\u00c1GINA ANTERIOR e ACESSAR P\u00c1GINA SEGUINTE situados abaixo da figura.<\/p>\n<p><strong>NAVEGA\u00c7\u00c3O NO MOL:<\/strong><\/p>\n<p><a href=\"http:\/\/mol.icb.usp.br\/index.php\/4-3-tecido-conjuntivo\/\">ACESSAR P\u00c1GINA ANTERIOR<\/a><\/p>\n<p><a href=\"http:\/\/mol.icb.usp.br\/index.php\/4-5-tecido-conjuntivo\/\">ACESSAR P\u00c1GINA SEGUINTE<\/a><br \/>\n<\/div><\/div>\n<\/div>\n","protected":false},"excerpt":{"rendered":"","protected":false},"author":2,"featured_media":0,"parent":0,"menu_order":0,"comment_status":"closed","ping_status":"closed","template":"","meta":{"_monsterinsights_skip_tracking":false,"_monsterinsights_sitenote_active":false,"_monsterinsights_sitenote_note":"","_monsterinsights_sitenote_category":0,"footnotes":""},"class_list":["post-2581","page","type-page","status-publish","hentry"],"_links":{"self":[{"href":"https:\/\/mol.icb.usp.br\/index.php\/wp-json\/wp\/v2\/pages\/2581"}],"collection":[{"href":"https:\/\/mol.icb.usp.br\/index.php\/wp-json\/wp\/v2\/pages"}],"about":[{"href":"https:\/\/mol.icb.usp.br\/index.php\/wp-json\/wp\/v2\/types\/page"}],"author":[{"embeddable":true,"href":"https:\/\/mol.icb.usp.br\/index.php\/wp-json\/wp\/v2\/users\/2"}],"replies":[{"embeddable":true,"href":"https:\/\/mol.icb.usp.br\/index.php\/wp-json\/wp\/v2\/comments?post=2581"}],"version-history":[{"count":6,"href":"https:\/\/mol.icb.usp.br\/index.php\/wp-json\/wp\/v2\/pages\/2581\/revisions"}],"predecessor-version":[{"id":5653,"href":"https:\/\/mol.icb.usp.br\/index.php\/wp-json\/wp\/v2\/pages\/2581\/revisions\/5653"}],"wp:attachment":[{"href":"https:\/\/mol.icb.usp.br\/index.php\/wp-json\/wp\/v2\/media?parent=2581"}],"curies":[{"name":"wp","href":"https:\/\/api.w.org\/{rel}","templated":true}]}}