{"id":2484,"date":"2017-08-20T18:33:55","date_gmt":"2017-08-20T21:33:55","guid":{"rendered":"http:\/\/mol.icb.usp.br\/?page_id=2484"},"modified":"2018-02-12T15:17:48","modified_gmt":"2018-02-12T17:17:48","slug":"13-3-8-odontogenese","status":"publish","type":"page","link":"https:\/\/mol.icb.usp.br\/index.php\/13-3-8-odontogenese\/","title":{"rendered":"13-3-8 Odontog\u00eanese"},"content":{"rendered":"<div class=\"su-row\">\n  <div class=\"su-column su-column-size-1-1\"><div class=\"su-column-inner su-u-clearfix su-u-trim\"> <strong>DESENVOLVIMENTO &#8211; 8: FASE DE CAMP\u00c2NULA <\/strong> <\/div><\/div>\n<\/div>\n<div class=\"su-row\">\n  <div class=\"su-column su-column-size-1-2\"><div class=\"su-column-inner su-u-clearfix su-u-trim\"> <\/p>\n<div onclick>\n<div class=\"image-container\">\n<div class=\"extra\">\n<a href=\"javascript:void(0)\"><img decoding=\"async\" src=\" http:\/\/mol.icb.usp.br\/wp-content\/uploads\/13-3-8.jpg \" onmouseover=\"this.src=' http:\/\/mol.icb.usp.br\/wp-content\/uploads\/13-3-8-MO.jpg'\" onmouseout=\"this.src=' http:\/\/mol.icb.usp.br\/wp-content\/uploads\/13-3-8.jpg'\" \/><\/a><\/div>\n<p>Cabe\u00e7a de embri\u00e3o. Colora\u00e7\u00e3o: HE. Aumento: m\u00e9dio<\/p>\n<p><img decoding=\"async\" src=\"http:\/\/mol.icb.usp.br\/wp-content\/uploads\/mouse-1.gif\"\/><\/a><\/p>\n<div onclick=\"\">\n<p>Na fase de camp\u00e2nula o \u00f3rg\u00e3o do esmalte possui aspecto de sino e envolve a papila dent\u00e1ria (azul). As c\u00e9lulas do <strong>epit\u00e9lio externo s\u00e3o pavimentosas<\/strong> (vermelho), enquanto as do epit\u00e9lio interno s\u00e3o cil\u00edndricas (amarelo).  Entre o <strong>ret\u00edculo estrelado<\/strong> (roxo)  e o epit\u00e9lio interno observamos o <strong>estrato intermedi\u00e1rio<\/strong> (verde), esse \u00e9 formado c\u00e9lulas pavimentosas .<br \/>\n\tEm \u00edntimo contato com as c\u00e9lulas do epit\u00e9lio interno do \u00f3rg\u00e3o do esmalte ficam as c\u00e9lulas da periferia da papila dent\u00e1ria. Essas c\u00e9lulas aumentam de tamanho em altura, estabilizam jun\u00e7\u00f5es c\u00e9lula-c\u00e9lula, iniciando o processo de diferencia\u00e7\u00e3o em odontoblastos.  A partir desse momento a papila dent\u00e1ria passa a ser designada polpa dent\u00e1ria.  <\/p>\n<\/p>\n<p>Para navegar no MOL, use os links ACESSAR P\u00c1GINA ANTERIOR e ACESSAR P\u00c1GINA SEGUINTE situados abaixo da figura.<\/p>\n<p><strong>NAVEGA\u00c7\u00c3O NO MOL:<\/strong><\/p>\n<p><a href=\"http:\/\/mol.icb.usp.br\/index.php\/13-3-7-odontogenese\/\">ACESSAR P\u00c1GINA ANTERIOR<\/a><\/p>\n<p><a href=\"http:\/\/mol.icb.usp.br\/index.php\/13-3-9-odontogenese\/\">ACESSAR P\u00c1GINA SEGUINTE<\/a>\n<\/div>\n<\/div>\n<\/div>\n<p><\/body><br \/>\n<\/html> <\/div><\/div>\n<\/div>\n","protected":false},"excerpt":{"rendered":"","protected":false},"author":2,"featured_media":0,"parent":0,"menu_order":0,"comment_status":"closed","ping_status":"closed","template":"","meta":{"_monsterinsights_skip_tracking":false,"_monsterinsights_sitenote_active":false,"_monsterinsights_sitenote_note":"","_monsterinsights_sitenote_category":0,"footnotes":""},"class_list":["post-2484","page","type-page","status-publish","hentry"],"_links":{"self":[{"href":"https:\/\/mol.icb.usp.br\/index.php\/wp-json\/wp\/v2\/pages\/2484"}],"collection":[{"href":"https:\/\/mol.icb.usp.br\/index.php\/wp-json\/wp\/v2\/pages"}],"about":[{"href":"https:\/\/mol.icb.usp.br\/index.php\/wp-json\/wp\/v2\/types\/page"}],"author":[{"embeddable":true,"href":"https:\/\/mol.icb.usp.br\/index.php\/wp-json\/wp\/v2\/users\/2"}],"replies":[{"embeddable":true,"href":"https:\/\/mol.icb.usp.br\/index.php\/wp-json\/wp\/v2\/comments?post=2484"}],"version-history":[{"count":5,"href":"https:\/\/mol.icb.usp.br\/index.php\/wp-json\/wp\/v2\/pages\/2484\/revisions"}],"predecessor-version":[{"id":5286,"href":"https:\/\/mol.icb.usp.br\/index.php\/wp-json\/wp\/v2\/pages\/2484\/revisions\/5286"}],"wp:attachment":[{"href":"https:\/\/mol.icb.usp.br\/index.php\/wp-json\/wp\/v2\/media?parent=2484"}],"curies":[{"name":"wp","href":"https:\/\/api.w.org\/{rel}","templated":true}]}}