{"id":1266,"date":"2017-06-24T17:35:13","date_gmt":"2017-06-24T20:35:13","guid":{"rendered":"http:\/\/mol.icb.usp.br\/?page_id=1266"},"modified":"2018-03-06T21:41:31","modified_gmt":"2018-03-07T00:41:31","slug":"3-22-tecido-epitelial-glandular","status":"publish","type":"page","link":"https:\/\/mol.icb.usp.br\/index.php\/3-22-tecido-epitelial-glandular\/","title":{"rendered":"3-22 Tecido epitelial glandular"},"content":{"rendered":"<div class=\"su-row\">\n  <div class=\"su-column su-column-size-1-1\"><div class=\"su-column-inner su-u-clearfix su-u-trim\"> <strong>GL\u00c2NDULAS END\u00d3CRINAS &#8211; 2 <\/strong><\/div><\/div>\n<\/div>\n<div class=\"su-row\">\n  <div class=\"su-column su-column-size-1-2\"><div class=\"su-column-inner su-u-clearfix su-u-trim\"> <strong>Gl\u00e2ndula end\u00f3crina folicular<\/strong><\/p>\n<p>As c\u00e9lulas secretoras deste tipo de gl\u00e2ndula end\u00f3crina formam a parede de pequenas esferas denominadas <strong>fol\u00edculos<\/strong>. As c\u00e9lulas s\u00e3o um epit\u00e9lio simples c\u00fabico. No interior de cada esfera se acumula a secre\u00e7\u00e3o.<br \/>\nA <strong>tiroide<\/strong> \u00e9 o melhor exemplo de gl\u00e2ndula end\u00f3crina do tipo folicular. A secre\u00e7\u00e3o \u00e9 transportada para o interior destes fol\u00edculos onde \u00e9 acumulada. \u00c9 chamada <strong>coloide<\/strong> e cont\u00e9m os precursores dos horm\u00f4nios tiroidianos.<\/p>\n<p>Na figura est\u00e3o ressaltados tr\u00eas fol\u00edculos: suas paredes s\u00e3o formadas por c\u00e9lulas secretoras destacadas em cor azul. Estas c\u00e9lulas formam um epit\u00e9lio simples que forma uma esfera microsc\u00f3pica. A forma das c\u00e9lulas epiteliais varia em fun\u00e7\u00e3o do estado de atividade do fol\u00edculo: pode se pavimentosa, cuboide ou colunar &#8211; nesta imagem s\u00e3o quase todas cuboides. A secre\u00e7\u00e3o acumulada no interior do fol\u00edculo (coloide) est\u00e1 ressaltada em cor de rosa.<\/p>\n<\/div><\/div>\n  <div class=\"su-column su-column-size-1-2\"><div class=\"su-column-inner su-u-clearfix su-u-trim\"> <\/p>\n<div onclick>\n<div class=\"image-container\">\n<div class=\"extra\">\n<a href=\"javascript:void(0)\"><img decoding=\"async\" src=\" http:\/\/mol.icb.usp.br\/wp-content\/uploads\/3-22.jpg \" onmouseover=\"this.src=' http:\/\/mol.icb.usp.br\/wp-content\/uploads\/3-22MO.jpg'\" onmouseout=\"this.src=' http:\/\/mol.icb.usp.br\/wp-content\/uploads\/3-22.jpg'\" \/><\/a><\/div>\n<p>Tiroide. Colora\u00e7\u00e3o: HE. Aumento: m\u00e9dio.<\/p>\n<p><img decoding=\"async\" src=\"http:\/\/mol.icb.usp.br\/wp-content\/uploads\/mouse-1.gif\"\/><\/a><\/p>\n<\/p>\n<p style=\"font-size:20px\"><strong>FIM DO M\u00d3DULO <em>3 &#8211; TECIDO EPITELIAL GLANDULAR<\/em><\/strong> <\/p>\n<div onclick=\"\">\n<p><strong>NAVEGA\u00c7\u00c3O NO MOL:<\/strong><\/p>\n<p><a href=\"http:\/\/mol.icb.usp.br\/index.php\/3-21-tecido-epitelial-glandular\/\">ACESSAR P\u00c1GINA ANTERIOR<\/a><\/p>\n<\/div>\n<\/div>\n<\/div>\n<p><\/body><br \/>\n<\/html> <\/div><\/div>\n<\/div>\n","protected":false},"excerpt":{"rendered":"","protected":false},"author":2,"featured_media":0,"parent":0,"menu_order":0,"comment_status":"closed","ping_status":"closed","template":"","meta":{"_monsterinsights_skip_tracking":false,"_monsterinsights_sitenote_active":false,"_monsterinsights_sitenote_note":"","_monsterinsights_sitenote_category":0,"footnotes":""},"class_list":["post-1266","page","type-page","status-publish","hentry"],"_links":{"self":[{"href":"https:\/\/mol.icb.usp.br\/index.php\/wp-json\/wp\/v2\/pages\/1266"}],"collection":[{"href":"https:\/\/mol.icb.usp.br\/index.php\/wp-json\/wp\/v2\/pages"}],"about":[{"href":"https:\/\/mol.icb.usp.br\/index.php\/wp-json\/wp\/v2\/types\/page"}],"author":[{"embeddable":true,"href":"https:\/\/mol.icb.usp.br\/index.php\/wp-json\/wp\/v2\/users\/2"}],"replies":[{"embeddable":true,"href":"https:\/\/mol.icb.usp.br\/index.php\/wp-json\/wp\/v2\/comments?post=1266"}],"version-history":[{"count":14,"href":"https:\/\/mol.icb.usp.br\/index.php\/wp-json\/wp\/v2\/pages\/1266\/revisions"}],"predecessor-version":[{"id":5641,"href":"https:\/\/mol.icb.usp.br\/index.php\/wp-json\/wp\/v2\/pages\/1266\/revisions\/5641"}],"wp:attachment":[{"href":"https:\/\/mol.icb.usp.br\/index.php\/wp-json\/wp\/v2\/media?parent=1266"}],"curies":[{"name":"wp","href":"https:\/\/api.w.org\/{rel}","templated":true}]}}