{"id":1239,"date":"2017-06-23T21:36:45","date_gmt":"2017-06-24T00:36:45","guid":{"rendered":"http:\/\/mol.icb.usp.br\/?page_id=1239"},"modified":"2019-01-07T01:58:01","modified_gmt":"2019-01-07T03:58:01","slug":"3-20-tecido-epitelial-glandular","status":"publish","type":"page","link":"https:\/\/mol.icb.usp.br\/index.php\/3-20-tecido-epitelial-glandular\/","title":{"rendered":"3-20 Tecido epitelial glandular"},"content":{"rendered":"<div class=\"su-row\">\n  <div class=\"su-column su-column-size-1-1\"><div class=\"su-column-inner su-u-clearfix su-u-trim\"> <strong>ORGANIZA\u00c7\u00c3O DAS GL\u00c2NDULAS EX\u00d3CRINAS <\/strong><\/div><\/div>\n<\/div>\n<div class=\"su-row\">\n  <div class=\"su-column su-column-size-1-2\"><div class=\"su-column-inner su-u-clearfix su-u-trim\"> Repare que este corte de par\u00f3tida tem diferentes regi\u00f5es:<br \/>\nUma regi\u00e3o no canto inferior esquerdo marcada com Tecido conjuntivo. \u00c9 semelhante a outra no canto superior direito, ambas ligadas por uma faixa obl\u00edqua, que forma uma ponte entre as duas. Estas por\u00e7\u00f5es coradas em cor de rosa constituem a maior parte do <strong>estroma da gl\u00e2ndula<\/strong>, composto por <strong>tecido conjuntivo<\/strong>.<br \/>\nH\u00e1 duas regi\u00f5es de colora\u00e7\u00e3o mais intensa, mais bas\u00f3fila que as anteriores, uma no canto inferior direito e a outra ocupa a maior parte da figura. Nestas regi\u00f5es se situa a regi\u00e3o da gl\u00e2ndula encarregada de secre\u00e7\u00e3o. Esta regi\u00e3o \u00e9 constitu\u00edda principalmente pelo <strong>par\u00eanquima da gl\u00e2ndula<\/strong>.<\/p>\n<p>Veja que o par\u00eanquima est\u00e1 dividido em por\u00e7\u00f5es separadas entre si, todas formadas de por\u00e7\u00f5es secretoras. Cada por\u00e7\u00e3o maior da gl\u00e2ndula constitui um <strong>lobo<\/strong>. Neste corte podemos observar dois lobos. Os lobos s\u00e3o separados entre si por uma camada do tecido conjuntivo do estroma.<br \/>\nOs lobos, por sua vez, s\u00e3o constitu\u00eddos de conjuntos menores de por\u00e7\u00f5es secretoras denominados <strong>l\u00f3bulos<\/strong>. Os v\u00e1rios l\u00f3bulos s\u00e3o separados entre si por delicadas faixas de estroma.<br \/>\nTr\u00eas l\u00f3bulos ficam ressaltados em azul escuro ap\u00f3s usar o cursor ou clicar.<\/p>\n<p><strong>O sistema de dutos da gl\u00e2ndula<\/strong><\/p>\n<p>Nas gl\u00e2ndulas salivares principais e p\u00e2ncreas, a secre\u00e7\u00e3o presente na luz de cada unidade secretora \u00e9 lan\u00e7ada inicialmente para um duto muito curto e delgado denominado <strong>duto intercalar<\/strong>, o qual n\u00e3o pode ser visto na imagem ao lado, por se tratar de um aumento muito pequeno.<\/p>\n<p>V\u00e1rios dutos intercalares de um l\u00f3bulo se re\u00fanem para formar <strong>ductos intralobulares<\/strong>. Como seu nome indica, situam-se no interior dos l\u00f3bulos e est\u00e3o marcados em verde claro ap\u00f3s usar o mouse ou clicar.<br \/>\nOs dutos intralobulares se re\u00fanem em dutos mais calibrosos situados entre os l\u00f3bulos. S\u00e3o chamados <strong>dutos extralobulares<\/strong> marcados em verde escuro. S\u00e3o envolvidos por quantidade maior de tecido conjuntivo.<\/p>\n<p>Na por\u00e7\u00e3o superior direira da figura h\u00e1 um duto muito calibroso, de grande di\u00e2metro, que resulta da uni\u00e3o de v\u00e1rios dutos extralobulares. Est\u00e1 envolvido por grande quantidade de tecido conjuntivo. Seu l\u00famen est\u00e1 real\u00e7ado em azul.<\/p>\n<\/div><\/div>\n  <div class=\"su-column su-column-size-1-2\"><div class=\"su-column-inner su-u-clearfix su-u-trim\"> <\/p>\n<div onclick>\n<div class=\"image-container\">\n<div class=\"extra\">\n<a href=\"javascript:void(0)\"><img decoding=\"async\" src=\" http:\/\/mol.icb.usp.br\/wp-content\/uploads\/3-20.jpg \" onmouseover=\"this.src=' http:\/\/mol.icb.usp.br\/wp-content\/uploads\/3-20MO-A.jpg'\" onmouseout=\"this.src=' http:\/\/mol.icb.usp.br\/wp-content\/uploads\/3-20.jpg'\" \/><\/a><\/div>\n<p>Par\u00f3tida. Colora\u00e7\u00e3o: hematoxilina e eosina. Aumento: Vista Panor\u00e2mica. <\/p>\n<p><img decoding=\"async\" src=\"http:\/\/mol.icb.usp.br\/wp-content\/uploads\/mouse-1.gif\"\/><\/a><\/p>\n<div class=\"extra\">\n<a href=\"javascript:void(0)\"><img decoding=\"async\" src=\" http:\/\/mol.icb.usp.br\/wp-content\/uploads\/3-20.jpg \" onmouseover=\"this.src=' http:\/\/mol.icb.usp.br\/wp-content\/uploads\/3-20MO-B.jpg'\" onmouseout=\"this.src=' http:\/\/mol.icb.usp.br\/wp-content\/uploads\/3-20.jpg'\" \/><\/a><\/div>\n<p>Par\u00f3tida. Colora\u00e7\u00e3o: hematoxilina e eosina. Aumento: Vista Panor\u00e2mica.<\/p>\n<p><img decoding=\"async\" src=\"http:\/\/mol.icb.usp.br\/wp-content\/uploads\/mouse-1.gif\"\/><\/a><\/p>\n<div onclick=\"\"><strong>Tablets e telefones celulares:<\/strong><br \/>\nClique sobre a figura para acessar outra imagem. Clique fora da figura para voltar \u00e0 primeira imagem.<\/p>\n<p>Para navegar no MOL, use os links ACESSAR P\u00c1GINA ANTERIOR e ACESSAR P\u00c1GINA SEGUINTE situados abaixo da figura.<\/p>\n<p><strong>NAVEGA\u00c7\u00c3O NO MOL:<\/strong><\/p>\n<p><a href=\"http:\/\/mol.icb.usp.br\/index.php\/3-19-tecido-epitelial-glandular\/\">ACESSAR P\u00c1GINA ANTERIOR<\/a><\/p>\n<p><a href=\"http:\/\/mol.icb.usp.br\/index.php\/3-21-tecido-epitelial-glandular\/\">ACESSAR P\u00c1GINA SEGUINTE<\/a>\n<\/div>\n<\/div>\n<\/div>\n<p><\/body><br \/>\n<\/html> <\/div><\/div>\n<\/div>\n","protected":false},"excerpt":{"rendered":"","protected":false},"author":2,"featured_media":0,"parent":0,"menu_order":0,"comment_status":"closed","ping_status":"closed","template":"","meta":{"_monsterinsights_skip_tracking":false,"_monsterinsights_sitenote_active":false,"_monsterinsights_sitenote_note":"","_monsterinsights_sitenote_category":0,"footnotes":""},"class_list":["post-1239","page","type-page","status-publish","hentry"],"_links":{"self":[{"href":"https:\/\/mol.icb.usp.br\/index.php\/wp-json\/wp\/v2\/pages\/1239"}],"collection":[{"href":"https:\/\/mol.icb.usp.br\/index.php\/wp-json\/wp\/v2\/pages"}],"about":[{"href":"https:\/\/mol.icb.usp.br\/index.php\/wp-json\/wp\/v2\/types\/page"}],"author":[{"embeddable":true,"href":"https:\/\/mol.icb.usp.br\/index.php\/wp-json\/wp\/v2\/users\/2"}],"replies":[{"embeddable":true,"href":"https:\/\/mol.icb.usp.br\/index.php\/wp-json\/wp\/v2\/comments?post=1239"}],"version-history":[{"count":19,"href":"https:\/\/mol.icb.usp.br\/index.php\/wp-json\/wp\/v2\/pages\/1239\/revisions"}],"predecessor-version":[{"id":6864,"href":"https:\/\/mol.icb.usp.br\/index.php\/wp-json\/wp\/v2\/pages\/1239\/revisions\/6864"}],"wp:attachment":[{"href":"https:\/\/mol.icb.usp.br\/index.php\/wp-json\/wp\/v2\/media?parent=1239"}],"curies":[{"name":"wp","href":"https:\/\/api.w.org\/{rel}","templated":true}]}}