{"id":1130,"date":"2017-06-22T19:56:08","date_gmt":"2017-06-22T22:56:08","guid":{"rendered":"http:\/\/mol.icb.usp.br\/?page_id=1130"},"modified":"2018-03-05T22:16:37","modified_gmt":"2018-03-06T01:16:37","slug":"3-15-tecido-epitelial-glandular","status":"publish","type":"page","link":"https:\/\/mol.icb.usp.br\/index.php\/3-15-tecido-epitelial-glandular\/","title":{"rendered":"3-15 Tecido epitelial glandular"},"content":{"rendered":"<div class=\"su-row\">\n  <div class=\"su-column su-column-size-1-1\"><div class=\"su-column-inner su-u-clearfix su-u-trim\"> <strong>\u00c1CINO SEROSO &#8211; 5<\/strong>  <\/div><\/div>\n<\/div>\n<div class=\"su-row\">\n  <div class=\"su-column su-column-size-1-2\"><div class=\"su-column-inner su-u-clearfix su-u-trim\">\nAs c\u00e9lulas dos \u00e1cinos pancre\u00e1ticos produzem muitos tipos de prote\u00ednas diferentes que ser\u00e3o secretadas e, ap\u00f3s serem conduzidas pelo sistema de dutos excretores, ser\u00e3o transportadas para o l\u00famen do intestino delgado. Muitas dessas prote\u00ednas s\u00e3o enzimas digestivas.<br \/>\nPara realizar a fun\u00e7\u00e3o de s\u00edntese de prote\u00ednas, as c\u00e9lulas acinosas  (ou acinares) do p\u00e2ncreas s\u00e3o dotadas de abundante <strong>ergastoplasma<\/strong> (ret\u00edculo endoplasm\u00e1tico granular). Esta organela se situa na <strong>regi\u00e3o basal de cada c\u00e9lula acinar<\/strong>, correspondente ao local da c\u00e9lula pr\u00f3ximo \u00e0 l\u00e2mina basal. O ergastoplasma de algumas c\u00e9lulas aparece real\u00e7ado em azul escuro quando se movimenta o mouse ou clica sobre a imagem.<br \/>\nO ergastoplasma envolve parcialmente os n\u00facleos das c\u00e9lulas acinosas . Estes <strong>n\u00facleos s\u00e3o esf\u00e9ricos<\/strong>, situam-se tamb\u00e9m na regi\u00e3o basal das c\u00e9lulas e alguns deles aparecem destacados em azul claro.  Preste aten\u00e7\u00e3o: muitos desses n\u00facleos cont\u00eam um nucl\u00e9olo.<br \/>\nA secre\u00e7\u00e3o das c\u00e9lulas \u00e9 acumulada em <strong>gr\u00e3os de secre\u00e7\u00e3o<\/strong> situados na regi\u00e3o apical das c\u00e9lulas acinosas. Os gr\u00e3os n\u00e3o s\u00e3o vistos individualmente, mas formam uma regi\u00e3o que aparece destacada em cor bege claro em v\u00e1rias c\u00e9lulas.<br \/>\nAo contr\u00e1rio do ergastoplasma que \u00e9 bas\u00f3filo (azulado, ap\u00f3s colora\u00e7\u00e3o por HE), a regi\u00e3o que cont\u00e9m os gr\u00e3os de secre\u00e7\u00e3o \u00e9 acid\u00f3fila (cora-se em rosa pela eosina).<br \/>\nDevido ao arranjo de suas organelas, este tipo de c\u00e9lula \u00e9 um excelente exemplo de uma <strong>c\u00e9lula polarizada<\/strong>.<br \/>\nUma descri\u00e7\u00e3o das regi\u00f5es das c\u00e9lulas acinosas do p\u00e2ncreas \u00e9 apresentada tamb\u00e9m no M\u00f3dulo 1 &#8211; Conceitos b\u00e1sicos. <a href=\"http:\/\/mol.icb.usp.br\/index.php\/1-25-conceitos-basicos\/\" rel=\"noopener\" target=\"_blank\">Clique aqui para rever aquela descri\u00e7\u00e3o<\/a>.<\/p>\n<p>Repare que:<br \/>\n&#8211; Devido \u00e0  presen\u00e7a de ergastoplasma na regi\u00e3o basal de cada uma das c\u00e9lulas secretoras, o \u00e1cino com um todo mostra uma faixa mais corada em sua periferia, correspondente ao conjunto dos ergastoplasmas de suas c\u00e9lulas.<br \/>\n&#8211; O l\u00famen dos \u00e1cinos \u00e9 muito reduzido e raramente visto em cortes.<\/p>\n<\/div><\/div>\n  <div class=\"su-column su-column-size-1-2\"><div class=\"su-column-inner su-u-clearfix su-u-trim\"> <\/p>\n<div onclick>\n<div class=\"image-container\">\n<div class=\"extra\">\n<a href=\"javascript:void(0)\"><img decoding=\"async\" src=\" http:\/\/mol.icb.usp.br\/wp-content\/uploads\/3-14.jpg \" onmouseover=\"this.src=' http:\/\/mol.icb.usp.br\/wp-content\/uploads\/3-15MO.jpg'\" onmouseout=\"this.src=' http:\/\/mol.icb.usp.br\/wp-content\/uploads\/3-14.jpg'\" \/><\/a><\/div>\n<p>P\u00e2ncreas. Colora\u00e7\u00e3o: HE. Aumento: grande. <\/p>\n<p><img decoding=\"async\" src=\"http:\/\/mol.icb.usp.br\/wp-content\/uploads\/mouse-1.gif\"\/><\/a><\/p>\n<div onclick=\"\">\n<p><strong>NAVEGA\u00c7\u00c3O NO MOL:<\/strong><\/p>\n<p><a href=\"http:\/\/mol.icb.usp.br\/index.php\/3-14-tecido-epitelial-glandular\/\">ACESSAR P\u00c1GINA ANTERIOR<\/a><\/p>\n<p><a href=\"http:\/\/mol.icb.usp.br\/index.php\/3-16-tecido-epitelial-glandular\/\">ACESSAR P\u00c1GINA SEGUINTE<\/a>\n<\/div>\n<\/div>\n<\/div>\n<p><\/body><br \/>\n<\/html> <\/div><\/div>\n<\/div>\n","protected":false},"excerpt":{"rendered":"","protected":false},"author":2,"featured_media":0,"parent":0,"menu_order":0,"comment_status":"closed","ping_status":"closed","template":"","meta":{"_monsterinsights_skip_tracking":false,"_monsterinsights_sitenote_active":false,"_monsterinsights_sitenote_note":"","_monsterinsights_sitenote_category":0,"footnotes":""},"class_list":["post-1130","page","type-page","status-publish","hentry"],"_links":{"self":[{"href":"https:\/\/mol.icb.usp.br\/index.php\/wp-json\/wp\/v2\/pages\/1130"}],"collection":[{"href":"https:\/\/mol.icb.usp.br\/index.php\/wp-json\/wp\/v2\/pages"}],"about":[{"href":"https:\/\/mol.icb.usp.br\/index.php\/wp-json\/wp\/v2\/types\/page"}],"author":[{"embeddable":true,"href":"https:\/\/mol.icb.usp.br\/index.php\/wp-json\/wp\/v2\/users\/2"}],"replies":[{"embeddable":true,"href":"https:\/\/mol.icb.usp.br\/index.php\/wp-json\/wp\/v2\/comments?post=1130"}],"version-history":[{"count":16,"href":"https:\/\/mol.icb.usp.br\/index.php\/wp-json\/wp\/v2\/pages\/1130\/revisions"}],"predecessor-version":[{"id":5615,"href":"https:\/\/mol.icb.usp.br\/index.php\/wp-json\/wp\/v2\/pages\/1130\/revisions\/5615"}],"wp:attachment":[{"href":"https:\/\/mol.icb.usp.br\/index.php\/wp-json\/wp\/v2\/media?parent=1130"}],"curies":[{"name":"wp","href":"https:\/\/api.w.org\/{rel}","templated":true}]}}