{"id":10285,"date":"2024-09-27T14:27:22","date_gmt":"2024-09-27T17:27:22","guid":{"rendered":"https:\/\/mol.icb.usp.br\/?page_id=10285"},"modified":"2024-09-27T14:27:22","modified_gmt":"2024-09-27T17:27:22","slug":"13-histologia-oral-2","status":"publish","type":"page","link":"https:\/\/mol.icb.usp.br\/index.php\/13-histologia-oral-2\/","title":{"rendered":"13 Histologia oral"},"content":{"rendered":"<p>HISTOLOGIA ORAL<\/p>\n<p>Este m\u00f3dulo \u00e9 composto de 30 p\u00e1ginas.<br \/>\n<a href=\"http:\/\/mol-en.icb.usp.br\/index.php\/13-1-1-mucosa-oral\/\">ENTRE NO IN\u00cdCIO DO M\u00d3DULO 13<\/a><br \/>\nou<br \/>\nCLIQUE NOS LINKS PARA ABRIR OS T\u00d3PICOS PRINCIPAIS:<\/p>\n<p><a href=\"http:\/\/mol-en.icb.usp.br\/index.php\/13-1-1-mucosa-oral\/\">Mucosa oral<\/a><br \/>\n<a href=\"http:\/\/mol-en.icb.usp.br\/index.php\/13-2-1-glandulas-salivares-2\/\">Gl\u00e2ndulas salivares<\/a><br \/>\n<a href=\"http:\/\/mol-en.icb.usp.br\/index.php\/13-3-1-odontogenese-2\/\">Odontog\u00eanese<\/a><br \/>\n<a href=\"http:\/\/mol-en.icb.usp.br\/index.php\/13-4-1-complexo-dentina-polpa\/\">Complexo dentina-polpa<\/a><br \/>\n<a href=\"http:\/\/mol-en.icb.usp.br\/index.php\/13-5-1-amelogenese-e-esmalte\/\">Amelog\u00eanese e esmalte<\/a><br \/>\n<a href=\"http:\/\/mol-en.icb.usp.br\/index.php\/13-6-1-periodonto-de-insercao\/\">Periodonto<\/a><br \/>\n<a href=\"http:\/\/mol-en.icb.usp.br\/index.php\/13-7-1-erupcao-reabsorcao-e-esfoliacao-dentaria\/\">Erup\u00e7\u00e3o, reabsor\u00e7\u00e3o e esfolia\u00e7\u00e3o dent\u00e1ria<\/a><br \/>\n<a href=\"http:\/\/mol-en.icb.usp.br\/index.php\/13-8-1-articulacao-temporomandibular\/\">Articula\u00e7\u00e3o temporomandibular<\/a><\/p>\n","protected":false},"excerpt":{"rendered":"<p>HISTOLOGIA ORAL Este m\u00f3dulo \u00e9 composto de 30 p\u00e1ginas. ENTRE NO IN\u00cdCIO DO M\u00d3DULO 13 ou CLIQUE NOS LINKS PARA ABRIR OS T\u00d3PICOS PRINCIPAIS: Mucosa oral Gl\u00e2ndulas salivares Odontog\u00eanese Complexo dentina-polpa Amelog\u00eanese e esmalte Periodonto Erup\u00e7\u00e3o, reabsor\u00e7\u00e3o e esfolia\u00e7\u00e3o dent\u00e1ria Articula\u00e7\u00e3o temporomandibular<\/p>\n","protected":false},"author":2,"featured_media":0,"parent":0,"menu_order":0,"comment_status":"closed","ping_status":"closed","template":"","meta":{"_monsterinsights_skip_tracking":false,"_monsterinsights_sitenote_active":false,"_monsterinsights_sitenote_note":"","_monsterinsights_sitenote_category":0,"footnotes":""},"class_list":["post-10285","page","type-page","status-publish","hentry"],"_links":{"self":[{"href":"https:\/\/mol.icb.usp.br\/index.php\/wp-json\/wp\/v2\/pages\/10285"}],"collection":[{"href":"https:\/\/mol.icb.usp.br\/index.php\/wp-json\/wp\/v2\/pages"}],"about":[{"href":"https:\/\/mol.icb.usp.br\/index.php\/wp-json\/wp\/v2\/types\/page"}],"author":[{"embeddable":true,"href":"https:\/\/mol.icb.usp.br\/index.php\/wp-json\/wp\/v2\/users\/2"}],"replies":[{"embeddable":true,"href":"https:\/\/mol.icb.usp.br\/index.php\/wp-json\/wp\/v2\/comments?post=10285"}],"version-history":[{"count":1,"href":"https:\/\/mol.icb.usp.br\/index.php\/wp-json\/wp\/v2\/pages\/10285\/revisions"}],"predecessor-version":[{"id":10286,"href":"https:\/\/mol.icb.usp.br\/index.php\/wp-json\/wp\/v2\/pages\/10285\/revisions\/10286"}],"wp:attachment":[{"href":"https:\/\/mol.icb.usp.br\/index.php\/wp-json\/wp\/v2\/media?parent=10285"}],"curies":[{"name":"wp","href":"https:\/\/api.w.org\/{rel}","templated":true}]}}